Home  Year:  2020  2019  2018  2017  2016  2015  2014  2013  2012  2011  2010  Month:  Jan  Feb  Mar  Apr  May  June  July  Aug  Sept  Oct  Nov  Dec

Annual Climatological Summary for Weener-Kirchborgum, Germany

                            ANNUAL CLIMATOLOGICAL SUMMARY

NAME: DAVIS  CITY: Weener-Kirchborgum   STATE: Germany  
ELEV:     0 m  LAT:  53 11' 31" N  LONG:   7 23' 59" E

               TEMPERATURE (C), HEAT BASE 18.3, COOL BASE 18.3
                          DEP.  HEAT  COOL                                          
        MEAN  MEAN        FROM  DEG   DEG                        MAX  MAX  MIN  MIN 
 YR MO  MAX   MIN   MEAN  NORM  DAYS  DAYS  HI  DATE  LOW  DATE  >=32 <=0  <=0  <=-18 
------------------------------------------------------------------------------------
 18  1   6.5   2.3   4.5   0.0   429     0  13.7  24  -3.3    8    0    0    7    0
 18  2   4.0  -2.7   0.2   0.0   506     0   8.6  16  -9.3   28    0    1   21    0
 18  3   8.4   0.1   3.9   0.0   447     0  14.5  12  -8.7    2    0    2   11    0
 18  4  18.3   6.7  12.2   0.0   197    16  28.9  19  -0.8    2    0    0    1    0
 18  5  24.1  10.8  17.5   0.0    97    72  32.3  29   2.4    4    1    0    0    0
 18  6  23.1  12.9  17.9   0.0    62    49  30.6   1  10.0   27    0    0    0    0
 18  7  27.7  13.3  20.6   0.0    45   116  36.4  26   8.1    4    7    0    0    0
 18  8  25.9  13.8  19.4   0.0    46    81  36.8   7   8.8   26    4    0    0    0
 18  9  21.5  10.4  15.6   0.0   110    29  29.8  18   4.4   29    0    0    0    0
 18 10  17.2   7.8  12.2   0.0   203    13  27.4  13  -0.7   28    0    0    1    0
 18 11   9.6   3.3   6.5   0.0   355     0  16.6   6  -2.1   18    0    0    5    0
 18 12   8.6   4.1   6.7   0.0   137     0  12.4   2   0.0    5    0    0    1    0
------------------------------------------------------------------------------------
        16.7   7.1  11.8   0.0  2635   377  36.8 AUG  -9.3  FEB   12    3   47    0

                                PRECIPITATION (mm)

               DEP.   MAX        DAYS OF RAIN 
               FROM   OBS.          OVER
 YR MO  TOTAL  NORM   DAY  DATE  .2   2   20
---------------------------------------------
 18  1  87.6    0.0  20.6    3   27   12    1
 18  2   9.8    0.0   3.4   11   13    1    0
 18  3  37.6    0.0  12.2   28   15    7    0
 18  4  55.2    0.0  11.8   30   17    9    0
 18  5  69.8    0.0  30.0   29    9    4    2
 18  6  33.0    0.0   9.8    1   12    3    0
 18  7  17.6    0.0  14.4   28    6    1    0
 18  8  58.2    0.0  26.6    9   17    7    1
 18  9  22.4    0.0   4.8   21   16    4    0
 18 10  18.4    0.0   3.4    1   14    5    0
 18 11  21.2    0.0   5.6   29   16    4    0
 18 12  35.8    0.0  10.0    7   11    5    0
---------------------------------------------
       466.7   0.0  30.0  MAY  173   62    4

                                WIND SPEED (km/hr)
                          DOM
 YR MO   AVG.  HI   DATE  DIR
---------------------------------
 18  1  11.4  85.3    3    SW
 18  2   8.9  49.9   11   ENE
 18  3  11.7  74.0   17     E
 18  4   9.0  61.2    5   ENE
 18  5   6.1  51.5   29   ENE
 18  6   6.3  57.9   21     N
 18  7   5.4  56.3   28     N
 18  8   5.7  59.5   10     N
 18  9   6.6  56.3   21     N
 18 10   7.2  51.5   23     N
 18 11   8.5  54.7   20   ENE
 18 12  10.7  62.8   10     W
---------------------------------
         8.0  85.3  JAN    N