Home  Year:  2020  2019  2018  2017  2016  2015  2014  2013  2012  2011  2010  Month:  Jan  Feb  Mar  Apr  May  June  July  Aug  Sept  Oct  Nov  Dec

Annual Climatological Summary for Weener-Kirchborgum, Germany

                            ANNUAL CLIMATOLOGICAL SUMMARY

NAME: DAVIS  CITY: Weener-Kirchborgum   STATE: Germany  
ELEV:     0 m  LAT:  53 11' 31" N  LONG:   7 23' 59" E

               TEMPERATURE (C), HEAT BASE 18.3, COOL BASE 18.3
                          DEP.  HEAT  COOL                                          
        MEAN  MEAN        FROM  DEG   DEG                        MAX  MAX  MIN  MIN 
 YR MO  MAX   MIN   MEAN  NORM  DAYS  DAYS  HI  DATE  LOW  DATE  >=32 <=0  <=0  <=-18 
------------------------------------------------------------------------------------
 17  1   3.6  -1.3   1.0   0.0   537     0   8.6  28  -8.3   17    0    3   16    0
 17  2   6.7   1.6   4.0   0.0   399     0  12.4  15  -3.6   10    0    2    9    0
 17  3  13.1   3.8   8.2   0.0   315     2  23.7  31  -0.7   25    0    0    1    0
 17  4  13.9   3.4   8.6   0.0   293     1  22.8   9  -2.3   20    0    0    2    0
 17  5  20.9   9.3  15.1   0.0   134    35  29.9  27   0.8    9    0    0    0    0
 17  6  23.7  12.1  17.9   0.0    63    51  33.7  22   5.9    1    1    0    0    0
 17  7  23.6  13.2  18.2   0.0    50    48  29.5  19   9.1    9    0    0    0    0
 17  8  23.6  12.9  17.9   0.0    61    49  29.8  29   8.6   23    0    0    0    0
 17  9  19.3  10.4  14.4   0.0   126     8  24.3   4   6.4   19    0    0    0    0
 17 10  16.3   9.5  12.8   0.0   174     2  23.1  16   4.9   30    0    0    0    0
 17 11   9.5   4.1   6.9   0.0   343     0  14.7   1  -0.5    7    0    0    1    0
 17 12   5.3   2.2   3.6   0.0   160     0   8.5   6  -2.2   11    0    0    4    0
------------------------------------------------------------------------------------
        15.6   7.1  11.2   0.0  2655   196  33.7 JUN  -8.3  JAN    1    5   33    0

                                PRECIPITATION (mm)

               DEP.   MAX        DAYS OF RAIN 
               FROM   OBS.          OVER
 YR MO  TOTAL  NORM   DAY  DATE  .2   2   20
---------------------------------------------
 17  1  47.6    0.0  11.8   13   21    8    0
 17  2  34.8    0.0  10.6   23   13    7    0
 17  3  36.2    0.0  11.0   19   16    6    0
 17  4  26.2    0.0   4.0   12   17    6    0
 17  5  23.6    0.0   6.2   14   13    3    0
 17  6  44.2    0.0   8.8    9   14    9    0
 17  7  92.2    0.0  20.4   23   21   11    1
 17  8  33.4    0.0   6.4   12   15    8    0
 17  9  64.2    0.0  17.0   30   20    6    0
 17 10  54.0    0.0   8.8    5   26   11    0
 17 11  41.6    0.0   6.6   21   24    7    0
 17 12  25.6    0.0   6.8    8    9    4    0
---------------------------------------------
       523.6   0.0  20.4  JUL  209   86    1

                                WIND SPEED (km/hr)
                          DOM
 YR MO   AVG.  HI   DATE  DIR
---------------------------------
 17  1   8.2  66.0   13     S
 17  2  12.7  75.6   23     E
 17  3   9.9  64.4   18    SW
 17  4   9.0  53.1   15     W
 17  5   7.5  46.7    1   ENE
 17  6   7.1  56.3    6     W
 17  7   5.8  59.5   23     W
 17  8   5.5  54.7   19   SSW
 17  9   5.6  74.0   13   SSW
 17 10   9.4  80.5   29    SW
 17 11   8.5  61.2   23    SW
 17 12  10.4  57.9    7   WSW
---------------------------------
         8.1  80.5  OCT   SW