Home  Year 2017  Year 2016  Year 2015  Year 2014  Year 2013  Year 2012  Year 2011  Year 2010  Jan  Feb  Mar  Apr  May  June  July  Aug  Sept  Oct  Nov  Dec

Annual Climatological Summary for Weener-Kirchborgum, Germany

                            ANNUAL CLIMATOLOGICAL SUMMARY

NAME: DAVIS  CITY: Weener-Kirchborgum   STATE: Germany  
ELEV:     0 m  LAT:  53 11' 30" N  LONG:   7 23' 58" E

               TEMPERATURE (C), HEAT BASE 18.3, COOL BASE 18.3
                          DEP.  HEAT  COOL                                          
        MEAN  MEAN        FROM  DEG   DEG                        MAX  MAX  MIN  MIN 
 YR MO  MAX   MIN   MEAN  NORM  DAYS  DAYS  HI  DATE  LOW  DATE  >=32 <=0  <=0  <=-18 
------------------------------------------------------------------------------------
 16  1   4.9  -0.1   2.5   0.0   491     0  12.2  25 -10.8   21    0    4   12    0
 16  2   7.6   1.4   4.3   0.0   407     0  11.8   1  -4.7   17    0    0   11    0
 16  3   9.4   1.8   5.3   0.0   401     0  14.9  26  -4.1    1    0    0    9    0
 16  4  13.8   3.7   8.4   0.0   297     1  20.7   4  -0.5    1    0    0    2    0
 16  5  20.7   9.3  15.0   0.0   135    33  27.2  30   1.3    1    0    0    0    0
 16  6  22.8  13.1  17.7   0.0    61    43  30.7  23   7.7   10    0    0    0    0
 16  7  24.2  14.2  19.0   0.0    41    62  32.3  20   9.4    7    1    0    0    0
 16  8  23.6  13.1  18.1   0.0    59    53  32.6  25   8.4   18    1    0    0    0
 16  9  24.2  12.9  18.0   0.0    61    52  31.8  13   8.2   27    0    0    0    0
 16 10  13.6   6.3   9.9   0.0   261     0  18.4   4   0.5   26    0    0    0    0
 16 11   8.3   1.8   5.1   0.0   396     0  13.5   1  -6.5   29    0    0   10    0
 16 12   7.1   2.4   4.7   0.0   420     0  11.4  26  -7.5    6    0    0    9    0
------------------------------------------------------------------------------------
        15.0   6.7  10.7   0.0  3030   244  32.6 AUG -10.8  JAN    2    4   53    0

                                PRECIPITATION (mm)

               DEP.   MAX        DAYS OF RAIN 
               FROM   OBS.          OVER
 YR MO  TOTAL  NORM   DAY  DATE  .2   2   20
---------------------------------------------
 16  1  77.6    0.0  15.0    8   24   11    0
 16  2  74.6    0.0  17.2    9   25    9    0
 16  3  45.4    0.0   6.8   30   22    8    0
 16  4  71.4    0.0  15.2   25   18   11    0
 16  5  51.4    0.0  13.0   23   15    7    0
 16  6 111.4    0.0  20.0   17   19   14    0
 16  7  60.8    0.0   6.8   31   21   12    0
 16  8  47.0    0.0  17.0   28   18    8    0
 16  9  18.8    0.0  10.2    4    9    2    0
 16 10  18.6    0.0   3.6   21   19    3    0
 16 11  30.8    0.0   4.8    6   20    8    0
 16 12  19.8    0.0   8.4   11   19    2    0
---------------------------------------------
       627.7   0.0  20.0  JUN  229   95    0

                                WIND SPEED (km/hr)
                          DOM
 YR MO   AVG.  HI   DATE  DIR
---------------------------------
 16  1  11.7  67.6   31    SW
 16  2  12.4  85.3   10   WSW
 16  3  10.2  95.0   29   ENE
 16  4   5.5  99.8    4     E
 16  5  10.3 120.7   12   ENE
 16  6   6.2  43.5    1   ENE
 16  7   6.5  54.7   20     W
 16  8   6.4  45.1    8   SSW
 16  9   5.3  54.7   29   ENE
 16 10   5.8  41.8   18   ENE
 16 11   8.4  72.4   20   ENE
 16 12   9.6  69.2   26    SW
---------------------------------
         8.2 120.7  MAY   SW