Home  Year 2017  Year 2016  Year 2015  Year 2014  Year 2013  Year 2012  Year 2011  Year 2010  Jan  Feb  Mar  Apr  May  June  July  Aug  Sept  Oct  Nov  Dec

Annual Climatological Summary for Weener-Kirchborgum, Germany

                            ANNUAL CLIMATOLOGICAL SUMMARY

NAME: DAVIS  CITY: Weener-Kirchborgum   STATE: Germany  
ELEV:     0 m  LAT:  53 11' 30" N  LONG:   7 23' 58" E

               TEMPERATURE (C), HEAT BASE 18.3, COOL BASE 18.3
                          DEP.  HEAT  COOL                                          
        MEAN  MEAN        FROM  DEG   DEG                        MAX  MAX  MIN  MIN 
 YR MO  MAX   MIN   MEAN  NORM  DAYS  DAYS  HI  DATE  LOW  DATE  >=32 <=0  <=0  <=-18 
------------------------------------------------------------------------------------
 15  1   5.9   1.9   3.8   0.0   449     0  12.4  10  -3.3   23    0    1    6    0
 15  2   6.4   0.7   3.3   0.0   421     0  11.1  14  -3.3    7    0    0   12    0
 15  3  10.6   2.6   6.3   0.0   371     0  16.8   8  -1.5   12    0    0    4    0
 15  4  14.8   3.4   8.8   0.0   286     2  21.9  15  -0.8    5    0    0    2    0
 15  5  17.8   7.0  12.1   0.0   197     5  26.8  11   1.4    2    0    0    0    0
 15  6  21.1   9.6  15.5   0.0   112    27  31.6   5   5.8    4    0    0    0    0
 15  7  24.1  13.5  18.7   0.0    55    66  36.7   4   8.8   10    2    0    0    0
 15  8  24.8  13.7  19.0   0.0    46    69  32.1   6   7.2    1    2    0    0    0
 15  9  18.6  10.1  14.0   0.0   132     2  20.6  12   5.7   29    0    0    0    0
 15 10  13.7   6.8  10.0   0.0   257     0  19.2   3   0.5   12    0    0    0    0
 15 11  11.7   6.5   9.2   0.0   273     0  17.3   7  -1.7   23    0    0    1    0
 15 12  11.1   7.0   9.0   0.0   288     0  14.4  26   1.5   13    0    0    0    0
------------------------------------------------------------------------------------
        15.1   6.9  10.9   0.0  2887   171  36.7 JUL  -3.3  JAN    4    1   25    0

                                PRECIPITATION (mm)

               DEP.   MAX        DAYS OF RAIN 
               FROM   OBS.          OVER
 YR MO  TOTAL  NORM   DAY  DATE  .2   2   20
---------------------------------------------
 15  1  95.4    0.0  18.0   13   25   17    0
 15  2  40.6    0.0   8.8   20   22    7    0
 15  3  63.0    0.0  13.8   29   18   10    0
 15  4  26.4    0.0  10.2    1   12    3    0
 15  5  40.6    0.0  10.6    5   22    8    0
 15  6  36.0    0.0   6.0   19   16    7    0
 15  7 122.0    0.0  34.0   27   20   12    1
 15  8  67.2    0.0  14.2   17   14   11    0
 15  9  76.6    0.0  15.4    5   22   13    0
 15 10  29.0    0.0   9.0   16   25    4    0
 15 11 116.3    0.0  24.6   15   25   13    1
 15 12  48.8    0.0  10.2   12   26    6    0
---------------------------------------------
       761.8   0.0  34.0  JUL  247  111    2

                                WIND SPEED (km/hr)
                          DOM
 YR MO   AVG.  HI   DATE  DIR
---------------------------------
 15  1  14.2  91.7    9    SW
 15  2  10.4  59.5   23   SSW
 15  3  12.3  99.8   31     W
 15  4   8.8  69.2   12    NW
 15  5   8.7  59.5    5     W
 15  6   7.0  62.8    5   NNW
 15  7   7.4  72.4   25     W
 15  8   4.9  59.5   24   SSW
 15  9   6.6  56.3    5   SSW
 15 10   3.9  37.0   11   ENE
 15 11  12.2  85.3   30    SW
 15 12  13.0 114.3   31    SW
---------------------------------
         9.1 114.3  DEC   SW