Home  Year 2017  Year 2016  Year 2015  Year 2014  Year 2013  Year 2012  Year 2011  Year 2010  Jan  Feb  Mar  Apr  May  June  July  Aug  Sept  Oct  Nov  Dec

Annual Climatological Summary for Weener-Kirchborgum, Germany

                            ANNUAL CLIMATOLOGICAL SUMMARY

NAME: DAVIS  CITY: Weener-Kirchborgum   STATE: Germany  
ELEV:     0 m  LAT:  53 11' 30" N  LONG:   7 23' 58" E

               TEMPERATURE (C), HEAT BASE 18.3, COOL BASE 18.3
                          DEP.  HEAT  COOL                                          
        MEAN  MEAN        FROM  DEG   DEG                        MAX  MAX  MIN  MIN 
 YR MO  MAX   MIN   MEAN  NORM  DAYS  DAYS  HI  DATE  LOW  DATE  >=32 <=0  <=0  <=-18 
------------------------------------------------------------------------------------
 14  1   6.0   1.7   3.8   0.0   448     0  12.3   6  -6.8   26    0    3    9    0
 14  2   9.5   3.3   6.2   0.0   337     0  14.1  25  -0.3    3    0    0    1    0
 14  3  13.5   3.4   7.8   0.0   326     0  23.1   9  -0.2    8    0    0    1    0
 14  4  17.0   7.1  11.6   0.0   204     4  22.7  29  -0.3   16    0    0    1    0
 14  5  18.1   9.0  13.4   0.0   166    15  28.2  20   2.8   16    0    0    0    0
 14  6  21.1  11.3  16.1   0.0    87    22  29.1  10   8.6    1    0    0    0    0
 14  7  25.7  15.4  20.3   0.0    28    89  33.8  19   9.3    1    1    0    0    0
 14  8  21.7  12.3  16.4   0.0    89    30  28.7   2   7.2   25    0    0    0    0
 14  9  20.9  11.8  16.2   0.0    83    19  24.8   5   7.1   23    0    0    0    0
 14 10  16.5  10.3  13.3   0.0   157     2  22.2  19   5.1   30    0    0    0    0
 14 11  10.4   5.7   7.9   0.0   312     0  18.5   1  -0.2   21    0    0    1    0
 14 12   6.2   1.9   4.2   0.0   436     0  12.4  22  -4.4   28    0    1   10    0
------------------------------------------------------------------------------------
        15.6   7.8  11.5   0.0  2673   181  33.8 JUL  -6.8  JAN    1    4   23    0

                                PRECIPITATION (mm)

               DEP.   MAX        DAYS OF RAIN 
               FROM   OBS.          OVER
 YR MO  TOTAL  NORM   DAY  DATE  .2   2   20
---------------------------------------------
 14  1  62.6    0.0  12.2    3   21   10    0
 14  2  44.3    0.0  14.0    7   17   10    0
 14  3  31.6    0.0  18.6   21   16    3    0
 14  4  77.4    0.0  16.4   27   20   10    0
 14  5 102.1    0.0  15.8   11   20   12    0
 14  6  56.6    0.0  13.6    5   16    7    0
 14  7  98.6    0.0  27.6   21   15    8    2
 14  8 121.8    0.0  18.2   30   23   15    0
 14  9  22.8    0.0   5.6   22   16    4    0
 14 10  44.6    0.0  11.0    7   20    9    0
 14 11  26.6    0.0  11.6   16   13    4    0
 14 12  80.0    0.0  11.4   19   24   15    0
---------------------------------------------
       768.9   0.0  27.6  JUL  221  107    2

                                WIND SPEED (km/hr)
                          DOM
 YR MO   AVG.  HI   DATE  DIR
---------------------------------
 14  1  14.1  67.6    9   ESE
 14  2  13.4  75.6   15   SSW
 14  3  10.1  69.2   15   SSW
 14  4   8.3  74.0    8   ENE
 14  5   7.1  56.3    9    SW
 14  6   6.6  64.4   10    NW
 14  7   5.6  51.5    5   ENE
 14  8   7.1  57.9    9    SW
 14  9   4.5  49.9   22     E
 14 10   8.0  61.2    7   SSW
 14 11   9.0  49.9   28   ESE
 14 12  13.4  77.2   22    SW
---------------------------------
         8.9  77.2  DEC   SW