Home  Year 2017  Year 2016  Year 2015  Year 2014  Year 2013  Year 2012  Year 2011  Year 2010  Jan  Feb  Mar  Apr  May  June  July  Aug  Sept  Oct  Nov  Dec

Annual Climatological Summary for Weener-Kirchborgum, Germany

                            ANNUAL CLIMATOLOGICAL SUMMARY

NAME: DAVIS  CITY: Weener-Kirchborgum   STATE: Germany  
ELEV:     0 m  LAT:  53 11' 30" N  LONG:   7 23' 58" E

               TEMPERATURE (C), HEAT BASE 18.3, COOL BASE 18.3
                          DEP.  HEAT  COOL                                          
        MEAN  MEAN        FROM  DEG   DEG                        MAX  MAX  MIN  MIN 
 YR MO  MAX   MIN   MEAN  NORM  DAYS  DAYS  HI  DATE  LOW  DATE  >=32 <=0  <=0  <=-18 
------------------------------------------------------------------------------------
 13  1   3.7  -0.4   1.8   0.0   510     0  11.9  30  -9.2   23    0    9   15    0
 13  2   3.7  -0.6   1.5   0.0   470     0   8.8   4  -3.8    6    0    0   18    0
 13  3   4.9  -1.9   1.3   0.0   526     0  15.7   5  -6.1   12    0    1   24    0
 13  4  13.6   2.8   8.1   0.0   309     2  22.2  24  -4.2    1    0    0    9    0
 13  5  17.0   7.5  12.0   0.0   199     4  24.0   6   1.3    1    0    0    0    0
 13  6  19.9  10.6  15.2   0.0   113    20  29.1  18   4.9    3    0    0    0    0
 13  7  24.3  13.2  18.7   0.0    50    63  32.1  22   8.2    6    1    0    0    0
 13  8  23.8  12.9  18.2   0.0    56    53  34.5   2   8.4   15    1    0    0    0
 13  9  18.6  10.3  14.1   0.0   137    11  31.3   6   3.3   27    0    0    0    0
 13 10  15.8   8.5  12.0   0.0   195     1  21.3  22   3.6    1    0    0    0    0
 13 11   9.0   4.0   6.6   0.0   352     0  13.6   7  -1.4   25    0    0    4    0
 13 12   7.9   3.5   5.8   0.0   380     0  11.9  24  -1.7    3    0    0    1    0
------------------------------------------------------------------------------------
        13.6   5.9   9.7   0.0  3298   153  34.5 AUG  -9.2  JAN    2   10   71    0

                                PRECIPITATION (mm)

               DEP.   MAX        DAYS OF RAIN 
               FROM   OBS.          OVER
 YR MO  TOTAL  NORM   DAY  DATE  .2   2   20
---------------------------------------------
 13  1  48.8    0.0  10.2   30   19   10    0
 13  2  49.4    0.0  15.8    5   16    8    0
 13  3  26.4    0.0  10.4    9   17    3    0
 13  4  41.7    0.0  15.2   12   14    7    0
 13  5  60.4    0.0  11.2   16   20    9    0
 13  6  78.6    0.0  18.0   21   13   10    0
 13  7  45.4    0.0  13.0   28   10    6    0
 13  8  36.6    0.0   5.8   18   16    7    0
 13  9 102.8    0.0  39.8    6   21    9    2
 13 10  48.9    0.0   8.4   28   26    9    0
 13 11 104.7    0.0  17.8    4   28   11    0
 13 12  67.4    0.0  10.2   24   22   12    0
---------------------------------------------
       711.1   0.0  39.8  SEP  222  101    2

                                WIND SPEED (km/hr)
                          DOM
 YR MO   AVG.  HI   DATE  DIR
---------------------------------
 13  1  11.4  82.1   30   ENE
 13  2  10.0  69.2    4     W
 13  3  14.0  64.4   24   ENE
 13  4  10.6  74.0   18   ENE
 13  5   7.8  59.5   22    SW
 13  6   8.6  64.4   15    SW
 13  7   4.3  61.2   28   NNW
 13  8   5.3  45.1   13     W
 13  9   6.1  51.5   16     W
 13 10   9.2  88.5   28    SW
 13 11   8.3  61.2   29    SW
 13 12  13.6  95.0    5   SSW
---------------------------------
         9.1  95.0  DEC   SW