Home  Year 2017  Year 2016  Year 2015  Year 2014  Year 2013  Year 2012  Year 2011  Year 2010  Jan  Feb  Mar  Apr  May  June  July  Aug  Sept  Oct  Nov  Dec

Annual Climatological Summary for Weener-Kirchborgum, Germany

                            ANNUAL CLIMATOLOGICAL SUMMARY

NAME: DAVIS  CITY: Weener-Kirchborgum   STATE: Germany  
ELEV:     0 m  LAT:  53 11' 30" N  LONG:   7 23' 58" E

               TEMPERATURE (C), HEAT BASE 18.3, COOL BASE 18.3
                          DEP.  HEAT  COOL                                          
        MEAN  MEAN        FROM  DEG   DEG                        MAX  MAX  MIN  MIN 
 YR MO  MAX   MIN   MEAN  NORM  DAYS  DAYS  HI  DATE  LOW  DATE  >=32 <=0  <=0  <=-18 
------------------------------------------------------------------------------------
 12  1   6.1   1.6   3.9   0.0   447     0  12.3   1  -6.9   31    0    2    9    0
 12  2   3.9  -2.4   0.9   0.0   505     0  12.6  23 -14.6    7    0   10   13    0
 12  3  12.0   3.9   7.7   0.0   328     0  17.9  28  -0.3    6    0    0    1    0
 12  4  12.7   4.2   8.1   0.0   306     1  22.4  30  -2.7    6    0    0    5    0
 12  5  19.3   8.8  14.2   0.0   155    28  28.6  23   2.2   13    0    0    0    0
 12  6  19.1  10.5  14.8   0.0   118    15  26.4  28   5.8    5    0    0    0    0
 12  7  22.3  12.7  17.3   0.0    69    37  30.3  27   8.4   22    0    0    0    0
 12  8  23.9  13.5  18.4   0.0    52    55  35.3  19   9.6   31    1    0    0    0
 12  9  18.5  10.1  14.0   0.0   138     9  27.4   9   4.4   23    0    0    0    0
 12 10  13.8   7.2  10.1   0.0   254     1  21.4  19  -1.1   27    0    0    3    0
 12 11   9.4   3.8   6.5   0.0   352     0  12.2  25  -2.5   30    0    0    4    0
 12 12   6.0   1.4   3.7   0.0   452     0  11.9  24  -7.7    8    0    0   13    0
------------------------------------------------------------------------------------
        14.0   6.3  10.0   0.0  3176   145  35.3 AUG -14.6  FEB    1   12   48    0

                                PRECIPITATION (mm)

               DEP.   MAX        DAYS OF RAIN 
               FROM   OBS.          OVER
 YR MO  TOTAL  NORM   DAY  DATE  .2   2   20
---------------------------------------------
 12  1 127.0    0.0  18.8   22   26   13    0
 12  2  16.8    0.0   3.2   18   17    3    0
 12  3  15.0    0.0   7.4    7   12    1    0
 12  4  39.6    0.0   7.4    9   18   10    0
 12  5  49.6    0.0  13.8   31   18    5    0
 12  6  64.4    0.0  15.8   24   17    8    0
 12  7  91.0    0.0  19.0    8   20   12    0
 12  8 129.6    0.0  59.6   31   19    9    1
 12  9  57.2    0.0  16.0   24   18    7    0
 12 10  57.6    0.0   8.6    3   22   10    0
 12 11  46.8    0.0   6.4    5   22   10    0
 12 12  80.4    0.0  14.6    9   28   14    0
---------------------------------------------
       775.2   0.0  59.6  AUG  237  102    1

                                WIND SPEED (km/hr)
                          DOM
 YR MO   AVG.  HI   DATE  DIR
---------------------------------
 12  1  15.2 104.6    5     W
 12  2  11.2  56.3   15     W
 12  3  10.5  64.4   18    NW
 12  4   9.8  53.1    1   SSW
 12  5   6.9  64.4   16   ENE
 12  6   7.5  67.6    8    SW
 12  7   6.4  64.4   19    SW
 12  8   4.7  46.7   22    SW
 12  9   6.9  48.3   24    SW
 12 10   7.0  62.8    5     S
 12 11   8.5  74.0   25    SW
 12 12  11.1  62.8   24    SW
---------------------------------
         8.8 104.6  JAN   SW