Home  Year:  2020  2019  2018  2017  2016  2015  2014  2013  2012  2011  2010  Month:  Jan  Feb  Mar  Apr  May  June  July  Aug  Sept  Oct  Nov  Dec

Annual Climatological Summary for Weener-Kirchborgum, Germany

                            ANNUAL CLIMATOLOGICAL SUMMARY

NAME: DAVIS  CITY: Weener-Kirchborgum   STATE: Germany  
ELEV:     0 m  LAT:  53 11' 30" N  LONG:   7 23' 58" E

               TEMPERATURE (C), HEAT BASE 18.3, COOL BASE 18.3
                          DEP.  HEAT  COOL                                          
        MEAN  MEAN        FROM  DEG   DEG                        MAX  MAX  MIN  MIN 
 YR MO  MAX   MIN   MEAN  NORM  DAYS  DAYS  HI  DATE  LOW  DATE  >=32 <=0  <=0  <=-18 
------------------------------------------------------------------------------------
 11  1   4.7   0.7   2.7   0.0   484     0  12.0  16  -5.8   29    0    2   15    0
 11  2   5.7   1.0   3.3   0.0   421     0  11.3   5  -7.1   22    0    1    9    0
 11  3  10.5   0.9   5.2   0.0   405     0  17.9  30  -4.9   27    0    0   12    0
 11  4  18.8   6.4  12.3   0.0   193    14  25.7  23   1.1   14    0    0    0    0
 11  5  19.9   8.4  14.0   0.0   154    20  27.6  30  -2.1    5    0    0    1    0
 11  6  21.5  11.5  16.5   0.0    85    31  32.0  28   4.8    1    1    0    0    0
 11  7  20.8  12.7  16.4   0.0    80    22  25.0  16   9.8    2    0    0    0    0
 11  8  22.2  13.1  17.3   0.0    66    34  28.1  26   8.9   31    0    0    0    0
 11  9  20.5  11.4  15.6   0.0   100    19  27.7   3   7.6    2    0    0    0    0
 11 10  15.4   6.7  10.8   0.0   238     4  25.3   1   1.8   16    0    0    0    0
 11 11   8.7   3.5   6.0   0.0   368     0  18.7   4  -2.1   21    0    0    6    0
 11 12   7.7   3.6   5.6   0.0   394     0  11.6   1   0.9   19    0    0    0    0
------------------------------------------------------------------------------------
        14.8   6.7  10.5   0.0  2988   144  32.0 JUN  -7.1  FEB    1    3   43    0

                                PRECIPITATION (mm)

               DEP.   MAX        DAYS OF RAIN 
               FROM   OBS.          OVER
 YR MO  TOTAL  NORM   DAY  DATE  .2   2   20
---------------------------------------------
 11  1  48.6    0.0  11.4   14   21    6    0
 11  2  37.8    0.0  10.8    4   16    6    0
 11  3  15.4    0.0   5.4   30   13    4    0
 11  4   9.8    0.0   4.8   12    8    2    0
 11  5  41.2    0.0   9.6   27   15    8    0
 11  6  94.6    0.0  24.8    8   21   10    1
 11  7  70.8    0.0  14.6   13   19    8    0
 11  8  82.4    0.0  14.2   14   25   13    0
 11  9  58.1    0.0  11.8    6   21    9    0
 11 10  68.0    0.0  18.6   11   18    8    0
 11 11   4.9    0.0   1.6   27   15    0    0
 11 12 172.3    0.0  16.0    9   29   21    0
---------------------------------------------
       704.0   0.0  24.8  JUN  221   95    1

                                WIND SPEED (km/hr)
                          DOM
 YR MO   AVG.  HI   DATE  DIR
---------------------------------
 11  1   9.3  62.8   25     W
 11  2  13.5  83.7    7     E
 11  3   8.3  57.9    9    NW
 11  4   9.0  64.4   12   ENE
 11  5   8.2  64.4   26     W
 11  6   6.6  74.0   28     W
 11  7   8.3  54.7   23    NW
 11  8   5.9  54.7    8   WSW
 11  9   6.0  77.2    6   SSW
 11 10   8.0  77.2    6   WSW
 11 11   8.7  77.2   27   ESE
 11 12  13.9  95.0    7   WSW
---------------------------------
         8.8  95.0  DEC  WSW