Home  Year 2017  Year 2016  Year 2015  Year 2014  Year 2013  Year 2012  Year 2011  Year 2010  Jan  Feb  Mar  Apr  May  June  July  Aug  Sept  Oct  Nov  Dec

Annual Climatological Summary for Weener-Kirchborgum, Germany

                            ANNUAL CLIMATOLOGICAL SUMMARY

NAME: DAVIS  CITY: Weener-Kirchborgum   STATE: Germany  
ELEV:     0 m  LAT:  53 11' 30" N  LONG:   7 23' 58" E

               TEMPERATURE (C), HEAT BASE 18.3, COOL BASE 18.3
                          DEP.  HEAT  COOL                                          
        MEAN  MEAN        FROM  DEG   DEG                        MAX  MAX  MIN  MIN 
 YR MO  MAX   MIN   MEAN  NORM  DAYS  DAYS  HI  DATE  LOW  DATE  >=32 <=0  <=0  <=-18 
------------------------------------------------------------------------------------
 10  1   0.3  -4.1  -1.7   0.0   619     0   4.3  19 -12.3    8    0   14   27    0
 10  2   2.6  -2.1   0.4   0.0   502     0  11.9  26  -8.1   12    0    8   19    0
 10  3   9.8   1.8   5.6   0.0   392     0  20.9  25  -8.8    7    0    0   10    0
 10  4  14.9   4.1   9.4   0.0   272     4  24.8  29  -2.0   23    0    0    2    0
 10  5  14.7   5.8  10.3   0.0   250     2  22.1  23   2.2   14    0    0    0    0
 10  6  21.5   9.7  15.7   0.0   109    30  29.9  28   5.2    5    0    0    0    0
 10  7  26.9  14.4  20.4   0.0    34   100  35.3   9   8.4   25    5    0    0    0
 10  8  21.9  12.5  16.9   0.0    71    28  27.2  20   6.3   30    0    0    0    0
 10  9  17.5   9.6  13.4   0.0   151     3  22.7  11   2.8   29    0    0    0    0
 10 10  13.5   6.7  10.1   0.0   256     2  22.6   3   0.1   18    0    0    0    0
 10 11   7.4   3.0   5.3   0.0   389     0  14.8   5  -5.2   28    0    3    7    0
 10 12  -0.2  -5.1  -2.3   0.0   639     0   7.8  11 -11.4   21    0   16   29    0
------------------------------------------------------------------------------------
        12.6   4.7   8.7   0.0  3683   170  35.3 JUL -12.3  JAN    5   41   94    0

                                PRECIPITATION (mm)

               DEP.   MAX        DAYS OF RAIN 
               FROM   OBS.          OVER
 YR MO  TOTAL  NORM   DAY  DATE  .2   2   20
---------------------------------------------
 10  1  14.3    0.0   5.4   31    9    3    0
 10  2  63.4    0.0  16.0   22   19    7    0
 10  3  57.0    0.0   8.4   20   23    8    0
 10  4  39.2    0.0  11.4    1   10    5    0
 10  5  71.0    0.0  14.0   30   14    8    0
 10  6  27.0    0.0   8.4    8   11    6    0
 10  7  61.0    0.0  15.6   28   15    7    0
 10  8  94.6    0.0  22.6   27   24   14    1
 10  9  99.0    0.0  28.0   14   23   12    1
 10 10  96.1    0.0  18.2   24   25   12    0
 10 11  65.8    0.0  16.2    5   21    8    0
 10 12  27.2    0.0   7.0    5   13    6    0
---------------------------------------------
       715.6   0.0  28.0  SEP  207   96    2

                                WIND SPEED (km/hr)
                          DOM
 YR MO   AVG.  HI   DATE  DIR
---------------------------------
 10  1  11.4  54.7    9   ESE
 10  2  11.0  70.8   28     E
 10  3  11.4  61.2    1     W
 10  4   9.6  66.0   21   NNW
 10  5   9.1  67.6   30   NNW
 10  6   6.2  54.7   19     N
 10  7   6.0 106.2   12    NW
 10  8   6.4  70.8   24     W
 10  9   6.5  56.3   15   WSW
 10 10   8.3  67.6   24   SSW
 10 11   8.7  72.4   15   ENE
 10 12   9.8  62.8    9   ENE
---------------------------------
         8.7 106.2  JUL  ENE