Home  Year:  2020  2019  2018  2017  2016  2015  2014  2013  2012  2011  2010  Month:  Jan  Feb  Mar  Apr  May  June  July  Aug  Sept  Oct  Nov  Dec

Monthly Climatological Summary for Weener-Kirchborgum, Germany

                   MONTHLY CLIMATOLOGICAL SUMMARY for MAR. 2019

NAME: DAVIS   CITY: Weener-Kirchborgum   STATE: Germany 
ELEV:     0 m  LAT:  53 11' 31" N  LONG:   7 23' 59" E

                   TEMPERATURE (C), RAIN  (mm), WIND SPEED (km/hr)

                                      HEAT  COOL        AVG
    MEAN                              DEG   DEG         WIND                 DOM
DAY TEMP  HIGH   TIME   LOW    TIME   DAYS  DAYS  RAIN  SPEED HIGH   TIME    DIR
------------------------------------------------------------------------------------
 1   6.4   8.7   15:05   4.6    8:55  11.8   0.0   0.0   6.6  32.2   12:15     N
 2   7.2  11.2   15:40   3.8    8:25  11.1   0.0   0.0   6.8  33.8   21:45     S
 3  10.2  11.3   16:20   9.3    0:40   8.1   0.0   7.0  15.6  49.9   22:10    SW
 4   8.7  12.1    4:10   5.9   22:35   9.6   0.0   1.8  20.3  62.8   18:30   WSW
 5   6.8  11.2   12:25   3.7   23:50  11.5   0.0   2.6  11.9  57.9    3:50   WSW
 6   8.4  13.2   15:10   3.7    0:05   9.9   0.0   1.6  12.1  40.2   21:15   SSE
 7   9.6  12.6   14:10   6.2   19:15   8.7   0.0   8.2  17.9  69.2   23:05    SW
 8   7.2   9.6   13:05   4.8   21:55  11.1   0.0   2.2  15.3  53.1    1:10     W
 9   7.2  11.8   12:15   4.6   21:40  11.1   0.0   4.6  18.7  77.2   17:15   WSW
10   4.3   6.4   11:55   1.4   17:05  14.0   0.0   8.4   5.6  37.0    0:35   WSW
11   3.9   7.0   16:15   1.3    0:25  14.3   0.0   7.0  12.6  61.2   13:10   WSW
12   5.7   9.2   15:15   2.1    5:40  12.7   0.0   2.4  16.3  57.9   12:10   SSW
13   6.2   8.0   13:05   3.8    0:40  12.1   0.0   9.8  24.8  70.8   16:55    SW
14   6.8   8.7   15:05   5.8    1:35  11.5   0.0   8.6  17.9  54.7   16:40     W
15   7.5  12.3   13:40   4.4    3:25  10.8   0.0   1.0  20.6  69.2   15:35     W
16   8.1  10.6   21:25   5.4    4:35  10.3   0.0   3.4  16.4  61.2   19:40    SW
17   7.6  10.5    1:05   4.2   21:35  10.7   0.0   3.0  17.4  57.9   16:55   WSW
18   5.4   9.9   12:50   2.6   00:00  12.9   0.0   5.8  14.0  51.5   10:30     W
19   5.8  11.7   15:35   0.6    5:10  12.5   0.0   0.2   5.3  22.5    9:55   WSW
20   8.3  10.9   16:00   3.8    5:10  10.0   0.0   0.2   7.9  27.4   11:15    SW
21   9.9  12.9   14:20   8.1    1:35   8.4   0.0   0.0   6.3  24.1    7:50     N
22  12.2  19.9   15:30   7.3   23:30   6.3   0.2   0.0   5.3  25.7   23:00   SSW
23   7.2  12.3   15:35   3.4   00:00  11.1   0.0   0.0   4.5  29.0    1:00    NW
24   6.5  12.8   13:55   3.1    6:55  11.8   0.0   0.0   5.0  30.6   23:35     N
25   4.8   5.7    1:00   3.5    3:55   2.4   0.0   3.6  12.6  38.6    1:50   WSW
26
27
28
29
30
31
-------------------------------------------------------------------------------------
     7.3  19.9    22     0.6    19   264.7   0.2  81.4  12.7  77.2     9      SW

Max >=  32.0:  0
Max <=   0.0:  0
Min <=   0.0:  0
Min <= -18.0:  0
Max Rain: 9.80 ON 13.03.19
Days of Rain: 19 (> .2 mm) 14 (> 2 mm) 0 (> 20 mm)
Heat Base:  18.3  Cool Base:  18.3  Method: Integration