Home  Year:  2020  2019  2018  2017  2016  2015  2014  2013  2012  2011  2010  Month:  Jan  Feb  Mar  Apr  May  June  July  Aug  Sept  Oct  Nov  Dec

Monthly Climatological Summary for Weener-Kirchborgum, Germany

                   MONTHLY CLIMATOLOGICAL SUMMARY for FEB. 2019

NAME: DAVIS   CITY: Weener-Kirchborgum   STATE: Germany 
ELEV:     0 m  LAT:  53 11' 31" N  LONG:   7 23' 59" E

                   TEMPERATURE (C), RAIN  (mm), WIND SPEED (km/hr)

                                      HEAT  COOL        AVG
    MEAN                              DEG   DEG         WIND                 DOM
DAY TEMP  HIGH   TIME   LOW    TIME   DAYS  DAYS  RAIN  SPEED HIGH   TIME    DIR
------------------------------------------------------------------------------------
 1   0.1   1.6   16:00  -2.6    4:00  18.3   0.0   0.2   8.2  30.6    6:50   ENE
 2   1.2   2.8   13:35   0.2    0:10  17.1   0.0   0.2   3.1  20.9   10:10   ENE
 3   1.8   6.8   14:55  -1.3    8:55  16.5   0.0   0.4   3.2  22.5    5:50   WNW
 4   1.7   3.8   15:20  -1.1    1:25  16.6   0.0   0.6  15.0  48.3   15:00   SSW
 5   4.5   6.3   14:10   2.8    0:05  13.8   0.0   0.2   7.4  40.2    0:20    SW
 6   4.9   6.3   00:00   3.9    2:30  13.4   0.0   3.8   7.2  35.4   10:15   SSW
 7   7.2   9.7   14:05   5.8   20:05  11.1   0.0   5.2  13.4  54.7   14:00    SW
 8   7.5   9.6   21:15   4.9    3:40  10.8   0.0   1.6  17.5  51.5   19:40   SSW
 9   8.1   9.1   12:10   6.7    4:45  10.3   0.0   1.0  17.9  62.8   11:45    SW
10   6.5   9.1   13:20   3.1   18:30  11.8   0.0   6.6  12.1  40.2   15:05   WNW
11   5.7   8.3   12:55   3.6   19:15  12.7   0.0   0.2  13.5  48.3   13:50     W
12   5.3   9.3   14:05   2.3    6:45  13.0   0.0   1.0   4.3  32.2   20:25    SW
13   7.1   8.7   13:55   4.1   00:00  11.3   0.0   0.0   7.1  30.6    1:10    SW
14   5.6  12.2   15:10   2.0    8:30  12.7   0.0   0.0   4.3  22.5   10:20   SSW
15   6.8  15.3   14:40  -0.9    7:40  11.5   0.0   0.0   1.1  16.1   13:40   SSE
16   8.2  14.3   14:30   2.7    8:20  10.1   0.0   0.0   1.8  24.1   13:25   SSW
17   8.3  14.8   15:10   3.2    8:20  10.0   0.0   0.0   2.6  16.1    9:15   SSE
18   8.2  15.6   14:35   3.2    8:05  10.1   0.0   0.0   2.1  25.7   14:25     S
19   7.2   8.8   15:00   5.2    8:20  11.1   0.0   0.4   8.2  33.8   15:30   WSW
20   8.0  10.8   14:40   5.7    4:35  10.3   0.0   0.0   9.3  29.0   12:50    SW
21   8.4  12.2   12:15   5.0    6:15   9.8   0.0   0.4   7.7  30.6   11:45     N
22   7.8   9.1   15:15   4.2   00:00  10.5   0.0   0.2   3.1  22.5   00:00     N
23   5.0  10.5   15:10   1.3    4:05  13.3   0.0   0.0   6.4  25.7    7:55   ESE
24   5.6  15.1   15:25  -1.2    7:20  12.7   0.0   0.0   1.8  16.1   13:35     N
25   6.3  16.8   14:45  -0.4    5:55  12.0   0.0   0.0   1.4  11.3   15:25     N
26   6.8  17.4   15:25  -0.7    7:40  11.5   0.0   0.0   0.8   9.7   23:25     N
27   7.9  18.9   14:40  -0.6    7:20  10.4   0.0   0.0   2.7  20.9   22:50     N
28   5.9   8.7   17:00   2.0    8:05  12.4   0.0   0.0   2.7  22.5   20:15   WSW
-------------------------------------------------------------------------------------
     6.0  18.9    27    -2.6     1   345.0   0.0  22.0   6.6  62.8     9      SW

Max >=  32.0:  0
Max <=   0.0:  0
Min <=   0.0:  8
Min <= -18.0:  0
Max Rain: 6.60 ON 10.02.19
Days of Rain: 15 (> .2 mm) 3 (> 2 mm) 0 (> 20 mm)
Heat Base:  18.3  Cool Base:  18.3  Method: Integration