Home  Year:  2020  2019  2018  2017  2016  2015  2014  2013  2012  2011  2010  Month:  Jan  Feb  Mar  Apr  May  June  July  Aug  Sept  Oct  Nov  Dec

Monthly Climatological Summary for Weener-Kirchborgum, Germany

                   MONTHLY CLIMATOLOGICAL SUMMARY for JAN. 2019

NAME: DAVIS   CITY: Weener-Kirchborgum   STATE: Germany 
ELEV:     0 m  LAT:  53 11' 31" N  LONG:   7 23' 59" E

                   TEMPERATURE (C), RAIN  (mm), WIND SPEED (km/hr)

                                      HEAT  COOL        AVG
    MEAN                              DEG   DEG         WIND                 DOM
DAY TEMP  HIGH   TIME   LOW    TIME   DAYS  DAYS  RAIN  SPEED HIGH   TIME    DIR
------------------------------------------------------------------------------------
 1   7.2   8.8    7:50   4.6   20:55  11.1   0.0   1.0  17.7  56.3   15:05    NW
 2   4.2   6.9   12:40   0.9   19:05  14.1   0.0   0.6   7.4  51.5    0:15   NNW
 3   2.9   6.6   14:25  -0.2   20:30  15.4   0.0   0.4   2.4  24.1   13:00   WNW
 4   4.8   7.2   23:55   0.0    1:10  13.5   0.0   0.8  10.9  38.6   22:05     W
 5   7.8   8.2   13:45   7.2    0:05  10.5   0.0   2.6  18.7  48.3   12:10    NW
 6   7.2   7.9   12:10   6.1   00:00  11.2   0.0   1.0  10.0  30.6    0:05   WNW
 7   6.9   8.7   22:20   4.8    3:25  11.4   0.0   2.8  11.7  56.3   21:45    SW
 8   6.6   7.8   12:45   4.0   23:10  11.7   0.0   3.2  25.6  69.2    6:20     W
 9   3.7   5.9   12:35   1.3   00:00  14.7   0.0   0.2  11.3  49.9   13:45     N
10   1.9   4.4   15:15  -0.6    3:15  16.3   0.0   0.4   2.4  22.5   20:00    SW
11   6.5   8.3   13:25   3.7    0:05  11.8   0.0   0.4   9.0  37.0   15:00   WNW
12   6.8   8.4   13:45   5.0    7:05  11.5   0.0   3.2  13.7  43.5   13:40     W
13   7.9   9.0   12:05   6.0   00:00  10.4   0.0   8.6  18.2  64.4   16:00     W
14   3.9   6.0    0:05   2.4    9:40  14.3   0.0   0.4  13.8  59.5   12:35   WNW
15   6.1   8.1   14:50   2.1    0:20  12.3   0.0   0.2  10.6  45.1   13:10   WSW
16   6.8   7.9   10:05   5.2   21:25  11.5   0.0   0.6  16.3  46.7   16:05    SW
17   3.4   5.6    0:10   0.7   00:00  14.9   0.0   2.0  10.0  38.6   11:20    SW
18   0.3   4.2   14:55  -2.5    6:30  18.0   0.0   0.6   1.3  24.1   11:05    SW
19  -1.6   2.9   14:15  -4.7   23:25  19.9   0.0   0.2   1.3  14.5   14:15   SSE
20  -3.1   1.2   15:30  -5.8    8:05  21.4   0.0   0.0   0.8  12.9   13:00   ENE
21  -2.5   0.8   14:10  -6.7    3:00  20.8   0.0   0.0   2.6  16.1   15:00   SSW
22  -0.6   1.3   14:35  -2.9    8:40  18.9   0.0   0.0   9.3  27.4   14:10     S
23  -2.8  -0.8   12:20  -6.3   20:55  21.2   0.0   0.2   2.9  20.9    0:35   SSE
24  -4.3  -3.2   11:00  -5.3   22:05  22.6   0.0   0.0   0.8  20.9   10:25    SE
25  -2.9   2.4   23:50  -5.6    4:00  21.2   0.0   0.0   6.3  30.6   20:25     S
26   5.3   7.0   13:05   2.4    0:05  13.0   0.0  12.2   6.8  37.0    9:00    SW
27   5.4   7.2   14:20   2.7   20:55  12.8   0.0   4.8  10.3  35.4    0:45   SSW
28   2.9   5.3   12:15   0.1   00:00  15.4   0.0   3.2   7.6  43.5   14:20    NW
29   1.2   4.6   15:15  -0.6    8:10  17.1   0.0   0.2   6.0  30.6    3:40   SSW
30   0.6   3.0   13:20  -0.5    4:30  17.7   0.0   0.0   8.0  32.2   13:00     E
31   0.4   1.4   15:55  -0.4    1:50  17.8   0.0   1.2   4.3  27.4   11:25     S
-------------------------------------------------------------------------------------
     3.0   9.0    13    -6.7    21   474.5   0.0  51.0   9.0  69.2     8       W

Max >=  32.0:  0
Max <=   0.0:  2
Min <=   0.0: 14
Min <= -18.0:  0
Max Rain: 12.19 ON 26.01.19
Days of Rain: 25 (> .2 mm) 9 (> 2 mm) 0 (> 20 mm)
Heat Base:  18.3  Cool Base:  18.3  Method: Integration