Home  Year:  2020  2019  2018  2017  2016  2015  2014  2013  2012  2011  2010  Month:  Jan  Feb  Mar  Apr  May  June  July  Aug  Sept  Oct  Nov  Dec

Monthly Climatological Summary for Weener-Kirchborgum, Germany

                   MONTHLY CLIMATOLOGICAL SUMMARY for DEC. 2018

NAME: DAVIS   CITY: Weener-Kirchborgum   STATE: Germany 
ELEV:     0 m  LAT:  53 11' 31" N  LONG:   7 23' 59" E

                   TEMPERATURE (C), RAIN  (mm), WIND SPEED (km/hr)

                                      HEAT  COOL        AVG
    MEAN                              DEG   DEG         WIND                 DOM
DAY TEMP  HIGH   TIME   LOW    TIME   DAYS  DAYS  RAIN  SPEED HIGH   TIME    DIR
------------------------------------------------------------------------------------
 1   7.2   9.2   14:10   5.2    3:45  11.1   0.0   0.6  11.1  35.4   00:00   SSW
 2  10.6  12.4   15:00   8.3    0:05   7.7   0.0   1.6  12.7  37.0    5:40     S
 3  11.1  12.3    4:05   7.4   23:50   7.3   0.0   5.2   9.7  40.2    9:55    SW
 4   4.8   8.4   14:10   1.6   22:45  13.5   0.0   0.0   7.4  29.0    5:20     W
 5   3.1   5.8   00:00   0.0    8:30  15.2   0.0   1.2   7.2  24.1   16:25    SE
 6   9.3  11.4   22:20   5.8    0:05   8.9   0.0   1.8  10.5  35.4   20:30    SW
 7  10.3  11.6    5:25   5.2   23:45   8.0   0.0  10.0  14.5  43.5   11:50   SSW
 8   7.5   9.3   23:15   5.1    2:25  10.8   0.0   7.8  17.1  49.9   12:40    SW
 9   7.2   8.9   14:15   5.4   22:40  11.1   0.0   3.6  15.3  48.3    3:00     W
10   5.0   6.8   13:20   3.6    9:15  13.3   0.0   3.2  16.1  62.8   22:10     W
11   4.4   7.9   14:15   1.6   19:55  13.9   0.0   0.6   7.2  41.8    1:30   WNW
12   3.6   5.3   13:35   1.6   23:05  14.7   0.0   0.2   4.2  19.3   16:45   ENE
13   2.8   4.1   12:05   1.0   17:50  15.5   0.0   0.0   9.3  32.2    8:30   ENE
14   1.8   3.0   12:20   0.2   20:30  16.5   0.0   0.0   7.1  20.9    0:45   ENE
15   0.7   1.6   13:50  -0.4   23:55  17.7   0.0   0.0  10.1  40.2   22:30   ESE
16   0.1   1.4   22:50  -0.9    9:00  18.2   0.0   0.0   8.9  38.6    0:05    SE
17   3.6   6.4   18:05   1.3    0:05  14.7   0.0   2.6   6.9  22.5   19:30    SE
18   5.4   6.6   14:15   3.9   22:20  12.9   0.0   0.2  10.3  32.2   19:55     S
19   6.4   8.2   18:50   4.2    0:05  11.8   0.0   0.2   9.7  32.2    5:40     S
20   6.7   8.3   14:15   4.6    2:35  11.6   0.0   1.0   9.0  25.7   17:20     S
21   8.4  11.2   15:40   7.0   23:45   9.9   0.0   7.6  13.8  56.3   19:35     N
22   7.1   9.1   13:45   5.0    3:15  11.3   0.0   1.4   7.4  38.6   15:35    SW
23   6.9   7.9   12:50   5.9   19:45  11.4   0.0   3.0   7.1  29.0    6:15    SW
24   3.8   6.8   15:00   0.1    9:30  14.4   0.0   0.0   3.9  32.2    3:45     N
25   5.7   7.6   14:15   3.1    0:05  12.6   0.0   0.0   7.7  29.0   20:40   WSW
26   6.8   8.2   14:40   5.1    0:40  11.5   0.0   0.0   7.1  30.6    1:15    SW
27   5.4   5.7    0:05   5.2   22:55  12.9   0.0   0.2   8.4  25.7    0:35    SW
28   6.1   7.1   12:35   5.3    0:05  12.2   0.0   0.2   5.3  20.9   21:35    SW
29   8.0   9.6   18:05   6.4    0:05  10.3   0.0   2.4  14.2  61.2   19:05    SW
30   7.7   9.2   13:00   6.1    3:30  10.6   0.0   0.4   8.9  53.1    0:45     W
31   8.9  10.1   13:15   7.9    0:05   9.4   0.0   0.4   6.8  33.8   18:30     N
-------------------------------------------------------------------------------------
     6.0  12.4     2    -0.9    16   380.8   0.0  55.4   9.5  62.8    10      SW

Max >=  32.0:  0
Max <=   0.0:  0
Min <=   0.0:  3
Min <= -18.0:  0
Max Rain: 10.01 ON 07.12.18
Days of Rain: 23 (> .2 mm) 9 (> 2 mm) 0 (> 20 mm)
Heat Base:  18.3  Cool Base:  18.3  Method: Integration