Home  Year:  2020  2019  2018  2017  2016  2015  2014  2013  2012  2011  2010  Month:  Jan  Feb  Mar  Apr  May  June  July  Aug  Sept  Oct  Nov  Dec

Monthly Climatological Summary for Weener-Kirchborgum, Germany

                   MONTHLY CLIMATOLOGICAL SUMMARY for NOV. 2018

NAME: DAVIS   CITY: Weener-Kirchborgum   STATE: Germany 
ELEV:     0 m  LAT:  53 11' 31" N  LONG:   7 23' 59" E

                   TEMPERATURE (C), RAIN  (mm), WIND SPEED (km/hr)

                                      HEAT  COOL        AVG
    MEAN                              DEG   DEG         WIND                 DOM
DAY TEMP  HIGH   TIME   LOW    TIME   DAYS  DAYS  RAIN  SPEED HIGH   TIME    DIR
------------------------------------------------------------------------------------
 1   9.3  12.9   11:15   5.9    8:00   9.0   0.0   4.0   4.3  20.9   23:55     N
 2   9.1  13.7   11:55   3.2   00:00   9.2   0.0   0.4   7.7  32.2    6:05     N
 3   4.9  10.9   14:15   1.4    7:50  13.3   0.0   0.0   5.6  17.7   11:20     N
 4   4.4   8.2   20:15  -0.2    7:40  13.9   0.0   0.2   3.2  14.5   11:00     N
 5   9.7  11.3   13:40   4.6    0:15   8.6   0.0   0.0   3.5  24.1   15:20     E
 6  11.0  16.6   14:45   7.8    8:45   7.3   0.0   0.0   3.7  14.5   10:55     N
 7  11.5  16.2   14:05   7.9    8:15   6.8   0.0   0.2   7.4  27.4   14:05   SSE
 8   9.6  14.2   14:10   2.3   00:00   8.7   0.0   0.0   5.8  27.4   10:05     S
 9   8.0  12.3   14:30   1.8    1:15  10.3   0.0   1.0   5.0  22.5   10:00   ESE
10  11.6  13.7   14:30   8.2    0:45   6.7   0.0   3.0  10.9  43.5   11:00    SE
11  11.9  13.4   13:35   9.2   23:40   6.4   0.0   3.0  12.9  40.2   11:25     S
12   9.9  11.8   14:30   7.8   23:50   8.4   0.0   1.4   4.8  19.3   16:35     S
13   9.2  12.3   13:40   7.3    6:25   9.1   0.0   0.6  10.0  43.5   12:55    SW
14   8.7  12.7   14:00   6.1    8:20   9.6   0.0   0.0   7.7  24.1   13:55     S
15   5.2  10.6   14:30   0.8    8:35  13.1   0.0   0.2   4.8  20.9   19:10   ESE
16   4.6   9.6   15:00   1.4    8:35  13.7   0.0   0.0   5.1  25.7   20:50     E
17   3.0   7.9   14:25  -0.1   00:00  15.3   0.0   0.2   7.1  29.0   11:50     E
18   3.0   7.2   14:20  -2.1    7:20  15.3   0.0   0.2   9.2  32.2   22:05   ENE
19   5.7   7.4   13:20   3.7   00:00  12.6   0.0   0.0  17.7  46.7   11:35   ENE
20   3.6   4.4    6:50   2.0   19:10  14.7   0.0   0.8  17.5  54.7   11:05   ENE
21   2.7   4.4   12:30   0.6   18:55  15.6   0.0   0.0  12.1  41.8    6:45     E
22   2.4   3.1   14:50   1.7    7:10  15.9   0.0   0.2   8.2  25.7   11:30     E
23   3.2   5.3   13:35   0.2    9:00  15.1   0.0   0.0   4.5  19.3   20:40     E
24   2.5   4.1   14:00   0.8    8:40  15.8   0.0   0.0   7.7  27.4    3:30   ENE
25   4.4   5.6   20:00   2.8    0:05  13.9   0.0   0.0  10.6  33.8   14:45   ENE
26   4.3   4.9    0:05   3.3    9:25  14.0   0.0   0.0  10.6  29.0    2:00   ENE
27   1.1   4.2    0:05  -1.3   23:40  17.2   0.0   0.0   6.8  22.5   22:20   ENE
28   1.8   6.3   00:00  -1.9    4:40  16.5   0.0   0.2  13.8  37.0   15:45   ESE
29   8.8  10.3   18:15   6.3    0:05   9.5   0.0   5.6  14.8  38.6    9:45     S
30   9.3  11.3   12:50   6.7   23:10   9.0   0.0   0.0  11.7  35.4   12:00     S
-------------------------------------------------------------------------------------
     6.5  16.6     6    -2.1    18   354.8   0.0  21.2   8.5  54.7    20     ENE

Max >=  32.0:  0
Max <=   0.0:  0
Min <=   0.0:  5
Min <= -18.0:  0
Max Rain: 5.59 ON 29.11.18
Days of Rain: 16 (> .2 mm) 4 (> 2 mm) 0 (> 20 mm)
Heat Base:  18.3  Cool Base:  18.3  Method: Integration