Home  Year:  2020  2019  2018  2017  2016  2015  2014  2013  2012  2011  2010  Month:  Jan  Feb  Mar  Apr  May  June  July  Aug  Sept  Oct  Nov  Dec

Monthly Climatological Summary for Weener-Kirchborgum, Germany

                   MONTHLY CLIMATOLOGICAL SUMMARY for OCT. 2018

NAME: DAVIS   CITY: Weener-Kirchborgum   STATE: Germany 
ELEV:     0 m  LAT:  53 11' 31" N  LONG:   7 23' 59" E

                   TEMPERATURE (C), RAIN  (mm), WIND SPEED (km/hr)

                                      HEAT  COOL        AVG
    MEAN                              DEG   DEG         WIND                 DOM
DAY TEMP  HIGH   TIME   LOW    TIME   DAYS  DAYS  RAIN  SPEED HIGH   TIME    DIR
------------------------------------------------------------------------------------
 1   9.7  13.2   14:25   6.4   23:50   8.6   0.0   3.4   6.4  48.3   15:55     W
 2   9.9  14.8   14:55   6.0    0:45   8.4   0.0   3.4  11.6  41.8   12:05   SSW
 3  11.4  16.0   13:10   8.3   21:45   6.8   0.0   0.2   8.7  38.6   10:35     W
 4  13.9  16.9   14:15  10.2    0:05   4.4   0.0   0.0   7.9  25.7   14:00   SSW
 5  14.3  21.0   14:35   9.3    8:20   4.5   0.5   0.0   6.0  20.9   15:55     S
 6  14.2  22.9   15:55   8.1    4:55   5.0   0.8   0.2   4.8  30.6   00:00     S
 7  11.1  16.0   14:45   6.1    8:40   7.2   0.0   0.0   6.1  38.6    1:15     N
 8  10.6  17.4   14:50   5.6    6:25   7.7   0.0   0.0   6.4  27.4   15:20     N
 9  12.3  19.6   15:00   7.7    7:35   6.1   0.1   0.2   6.4  25.7   13:10     N
10  13.2  22.9   16:05   5.5    7:10   5.9   0.8   0.0   3.2  20.9   13:45     N
11  16.3  23.8   15:10  10.4    8:15   3.1   1.1   0.0   5.3  19.3   16:40     N
12  18.4  23.5   15:55  14.4    8:15   1.3   1.4   0.0   9.3  33.8   13:50     N
13  20.8  27.4   14:10  15.9    8:15   0.5   3.0   0.0   8.9  30.6   16:30   SSE
14  18.9  25.4   15:50  12.2    7:55   1.6   2.2   0.0   8.5  38.6   14:40    SE
15  17.4  24.6   14:40  10.3    8:15   2.4   1.6   0.0   5.1  22.5   14:45     N
16  17.8  24.2   15:20  13.9    8:15   1.7   1.2   0.0   3.2  12.9   15:40     N
17  15.8  21.7   13:45  12.0   00:00   3.0   0.5   0.0   4.0  17.7   17:45     N
18  11.8  15.9   15:10   5.0   00:00   6.5   0.0   0.0   4.7  32.2   13:55     N
19   7.7  13.9   15:35   2.3    3:45  10.6   0.0   0.2   1.0  11.3   12:20     N
20   9.6  17.4   14:15   2.6    3:25   8.7   0.0   0.0   3.7  24.1   13:05     N
21  12.8  16.9   13:45  10.0    8:20   5.5   0.0   0.0   6.4  25.7   15:10     N
22  11.3  14.8   13:20   6.0   00:00   6.9   0.0   0.6   6.6  33.8    5:00     N
23  11.2  13.1   15:25   5.8    0:20   7.1   0.0   2.0  14.5  51.5   16:40     W
24  13.2  15.6   14:50  12.1    9:30   5.1   0.0   0.8  12.1  48.3    2:50     N
25  12.1  15.3   13:40  10.3   23:05   6.2   0.0   0.4   9.0  35.4    1:35     W
26  10.0  12.2   14:30   5.5   23:55   8.3   0.0   2.4   9.2  37.0   10:35    SW
27   6.9  10.7   12:40   3.9   23:30  11.4   0.0   1.8   5.8  30.6    0:30   NNE
28   4.3   8.3   14:45  -0.7    8:10  14.0   0.0   0.0   7.2  29.0   14:55     N
29   5.4   7.6   12:30   3.2    2:50  12.9   0.0   0.0   7.9  35.4   23:05   ENE
30   6.6   8.9   15:00   5.4    0:30  11.8   0.0   2.0  12.2  48.3   23:50   ENE
31   8.8  11.8   14:15   7.2    6:45   9.5   0.0   0.8   9.5  48.3    4:00     N
-------------------------------------------------------------------------------------
    12.2  27.4    13    -0.7    28   202.6  13.3  18.4   7.2  51.5    23       N

Max >=  32.0:  0
Max <=   0.0:  0
Min <=   0.0:  1
Min <= -18.0:  0
Max Rain: 3.40 ON 01.10.18
Days of Rain: 14 (> .2 mm) 5 (> 2 mm) 0 (> 20 mm)
Heat Base:  18.3  Cool Base:  18.3  Method: Integration