Home  Year:  2020  2019  2018  2017  2016  2015  2014  2013  2012  2011  2010  Month:  Jan  Feb  Mar  Apr  May  June  July  Aug  Sept  Oct  Nov  Dec

Monthly Climatological Summary for Weener-Kirchborgum, Germany

                   MONTHLY CLIMATOLOGICAL SUMMARY for SEP. 2018

NAME: DAVIS   CITY: Weener-Kirchborgum   STATE: Germany 
ELEV:     0 m  LAT:  53 11' 31" N  LONG:   7 23' 59" E

                   TEMPERATURE (C), RAIN  (mm), WIND SPEED (km/hr)

                                      HEAT  COOL        AVG
    MEAN                              DEG   DEG         WIND                 DOM
DAY TEMP  HIGH   TIME   LOW    TIME   DAYS  DAYS  RAIN  SPEED HIGH   TIME    DIR
------------------------------------------------------------------------------------
 1  14.2  21.7   15:25   6.8    6:35   4.8   0.7   0.2   3.5  22.5   15:35     N
 2  15.8  23.4   14:10   7.8    3:45   3.8   1.3   0.0   3.2  27.4   17:05     N
 3  21.1  27.8   17:15  16.1    0:05   0.4   3.2   0.0   5.1  17.7   13:00     N
 4  21.2  27.9   15:50  15.9    7:05   0.4   3.3   0.0   3.4  17.7    0:25     N
 5  19.2  26.2   15:20  12.3    6:40   1.8   2.6   0.0   2.7  19.3   14:25     N
 6  17.5  21.9   12:05  13.1    7:15   1.7   1.0   0.2   1.8  11.3   17:45     N
 7  15.2  18.3   16:30  11.4   23:50   3.1   0.0   3.8   7.2  33.8   15:10     N
 8  15.3  19.9   15:20  11.1    4:00   3.2   0.2   0.4  11.1  40.2    0:20   SSW
 9  18.2  24.1   15:50  13.8    2:00   1.7   1.6   0.0   8.4  24.1   13:05     N
10  18.1  22.1   12:35  15.8    5:35   1.0   0.8   0.0   6.1  25.7   13:55     N
11  18.0  21.0   14:50  15.1    7:35   1.1   0.8   0.2  11.1  46.7   11:50     N
12  14.9  16.9   15:20  11.2   23:55   3.4   0.0   1.8   2.9  17.7   10:20   WNW
13  14.0  21.8   15:05   7.4    7:20   4.9   0.6   0.2   1.8  19.3   17:30    NW
14  14.2  21.3   15:40   7.8    4:20   4.7   0.6   0.0   5.1  27.4   15:50     N
15  14.8  21.2   14:15  11.1   23:45   3.8   0.4   0.4   6.6  32.2   16:35     N
16  15.6  22.6   15:10  10.1    5:50   3.7   0.9   0.2   6.8  32.2   14:45     N
17  17.0  25.4   15:05  10.1    7:50   3.2   1.9   0.0   5.8  27.4   14:25     N
18  19.4  29.8   14:55  11.1    3:40   2.5   3.6   0.0   9.3  45.1   15:35     N
19  19.4  25.9   15:30  14.0    7:10   1.3   2.5   0.0  10.8  45.1   14:20   SSW
20  19.7  24.4   14:35  16.1    7:10   0.4   1.7   0.0  10.6  49.9   14:20   SSW
21  16.1  20.4    8:45   9.5   21:10   2.5   0.3   4.8  15.1  56.3   19:15     N
22  12.4  17.5   13:00   9.6    3:50   5.9   0.0   2.4   9.5  45.1   12:25    SW
23  10.9  13.0   13:45   8.4   23:10   7.4   0.0   4.2   5.0  30.6   18:50    NW
24  10.6  15.9   13:40   6.9   23:20   7.7   0.0   1.4   9.5  53.1   13:40   WNW
25  10.9  17.8   16:15   5.9    5:45   7.4   0.0   1.8   3.4  17.7   10:55   WSW
26  13.3  19.8   16:05   7.2    4:35   5.2   0.2   0.2   9.0  43.5   16:20   SSW
27  16.6  24.1   14:45  10.9    7:40   3.0   1.2   0.0   7.2  27.4    1:10    SW
28  12.9  16.4   12:40   5.6   00:00   5.4   0.0   0.2   7.4  35.4   14:15     N
29  10.2  17.8   15:25   4.4    7:50   8.1   0.0   0.0   3.2  20.9   15:20   SSW
30  11.2  18.3   13:10   5.3    5:00   7.1   0.0   0.0   5.5  22.5   11:20     S
-------------------------------------------------------------------------------------
    15.6  29.8    18     4.4    29   110.4  29.4  22.4   6.6  56.3    21       N

Max >=  32.0:  0
Max <=   0.0:  0
Min <=   0.0:  0
Min <= -18.0:  0
Max Rain: 4.80 ON 21.09.18
Days of Rain: 16 (> .2 mm) 4 (> 2 mm) 0 (> 20 mm)
Heat Base:  18.3  Cool Base:  18.3  Method: Integration