Home  Year:  2020  2019  2018  2017  2016  2015  2014  2013  2012  2011  2010  Month:  Jan  Feb  Mar  Apr  May  June  July  Aug  Sept  Oct  Nov  Dec

Monthly Climatological Summary for Weener-Kirchborgum, Germany

                   MONTHLY CLIMATOLOGICAL SUMMARY for AUG. 2018

NAME: DAVIS   CITY: Weener-Kirchborgum   STATE: Germany 
ELEV:     0 m  LAT:  53 11' 31" N  LONG:   7 23' 59" E

                   TEMPERATURE (C), RAIN  (mm), WIND SPEED (km/hr)

                                      HEAT  COOL        AVG
    MEAN                              DEG   DEG         WIND                 DOM
DAY TEMP  HIGH   TIME   LOW    TIME   DAYS  DAYS  RAIN  SPEED HIGH   TIME    DIR
------------------------------------------------------------------------------------
 1  20.8  27.9   16:10  12.7    6:05   1.4   3.9   0.0   2.4  20.9   19:15   ENE
 2  23.3  32.7   15:35  14.3    5:55   1.0   6.0   0.0   3.5  29.0   17:45     N
 3  23.9  32.2   14:55  14.9    6:15   0.6   6.3   0.0   4.3  22.5   15:55    NW
 4  22.6  29.8   14:50  16.2    6:35   0.4   4.7   0.0   4.7  29.0   17:50    NW
 5  20.9  26.5   16:15  15.1    5:35   0.6   3.2   0.0   5.1  27.4   14:15   NNW
 6  22.4  32.4   16:50  12.4    6:45   1.5   5.6   0.0   3.9  19.3   19:35     S
 7  25.8  36.8   15:55  13.8    6:00   0.9   8.5   0.0   2.6  20.9   20:00   ENE
 8  22.8  28.1   13:45  18.7   00:00   0.0   4.6   0.6   6.3  35.4   15:45     N
 9  20.5  28.3   14:00  14.1    6:35   0.7   2.9  26.6   5.8  53.1   22:45   ESE
10  17.4  23.1   13:45  13.9    7:05   1.4   0.5   2.8  10.3  59.5    0:30    SW
11  16.4  22.2   12:40  12.3   00:00   2.4   0.6   5.2   9.7  45.1   15:55     W
12  18.3  25.4   16:40  11.5    5:20   2.5   2.4   0.0   5.6  29.0   14:00     S
13  19.9  26.0   15:45  17.4    6:50   0.2   1.9   0.2   5.0  33.8   15:30     E
14  19.1  24.2   15:05  15.6   23:20   0.6   1.4   0.6   9.2  40.2   12:25     W
15  20.2  25.5   12:50  15.8    0:05   0.6   2.5   0.0   6.1  22.5   12:30   SSW
16  20.6  26.9   15:45  15.8    6:25   0.7   3.0   0.0   8.2  32.2   11:40     S
17  18.2  25.1   15:10  13.9    3:00   1.6   1.5   1.6   2.9  22.5   15:15     N
18  18.4  25.9   13:40  12.0    6:40   2.2   2.3   0.0   6.3  30.6   12:15     N
19  19.6  25.1   14:50  14.8    2:35   0.9   2.2   0.0   7.7  32.2   12:30     N
20  20.3  24.3   17:35  17.3   00:00   0.0   2.0   0.6   5.5  24.1    8:25     N
21  20.5  26.9   16:55  15.2    3:00   0.9   3.1   0.0   2.1  19.3   14:20     N
22  22.2  30.3   14:20  14.9    6:40   0.7   4.5   0.0   3.7  25.7   17:15     N
23  20.2  24.2   17:05  15.9    6:10   0.5   2.3   0.6   6.3  29.0   11:10    SW
24  16.3  20.8   13:05  12.1   00:00   2.5   0.4   3.0   7.9  41.8   13:30     W
25  13.6  19.2   13:20  10.6   00:00   4.7   0.0   9.8   6.0  45.1   14:30     N
26  15.1  21.8   15:20   8.8    6:40   3.8   0.6   0.2   7.1  33.8   13:55    SW
27  16.6  21.3   11:35  12.7    2:10   2.2   0.5   2.4  12.1  45.1    2:30     W
28  17.6  22.7   14:15  13.3   00:00   1.9   1.1   0.2   3.9  19.3    1:05    SW
29  17.7  26.4   16:20  11.0    6:30   2.7   2.1   1.4   3.1  25.7   19:10   ESE
30  16.6  20.4   11:35  11.0   00:00   2.0   0.2   2.0   7.4  35.4   12:25    NW
31  14.2  20.4   12:20   9.5   00:00   4.2   0.1   0.4   3.1  27.4   13:00   NNW
-------------------------------------------------------------------------------------
    19.4  36.8     7     8.8    26    46.3  81.1  58.2   5.7  59.5    10       N

Max >=  32.0:  4
Max <=   0.0:  0
Min <=   0.0:  0
Min <= -18.0:  0
Max Rain: 26.59 ON 09.08.18
Days of Rain: 17 (> .2 mm) 7 (> 2 mm) 1 (> 20 mm)
Heat Base:  18.3  Cool Base:  18.3  Method: Integration