Home  Year:  2020  2019  2018  2017  2016  2015  2014  2013  2012  2011  2010  Month:  Jan  Feb  Mar  Apr  May  June  July  Aug  Sept  Oct  Nov  Dec

Monthly Climatological Summary for Weener-Kirchborgum, Germany

                   MONTHLY CLIMATOLOGICAL SUMMARY for JUL. 2018

NAME: DAVIS   CITY: Weener-Kirchborgum   STATE: Germany 
ELEV:     0 m  LAT:  53 11' 31" N  LONG:   7 23' 59" E

                   TEMPERATURE (C), RAIN  (mm), WIND SPEED (km/hr)

                                      HEAT  COOL        AVG
    MEAN                              DEG   DEG         WIND                 DOM
DAY TEMP  HIGH   TIME   LOW    TIME   DAYS  DAYS  RAIN  SPEED HIGH   TIME    DIR
------------------------------------------------------------------------------------
 1  19.6  26.1   16:55  10.8    6:00   1.8   3.0   0.0   6.6  41.8   14:25   ENE
 2  18.9  25.9   16:00  10.8    5:45   2.2   2.8   0.0   5.6  30.6   13:15   ENE
 3  18.1  25.3   15:20  10.6    2:55   2.6   2.4   0.0   5.0  29.0   18:30     N
 4  17.9  26.3   14:40   8.1    6:05   3.1   2.7   0.0   3.4  22.5   16:15     N
 5  16.6  21.1   16:30  11.8    4:30   2.2   0.4   0.0   4.3  24.1   16:15     N
 6  18.4  23.3   15:20  12.5   00:00   1.3   1.4   0.0   6.9  32.2   10:40     N
 7  16.3  23.3   15:25   9.9    5:15   3.1   1.2   0.0   5.8  29.0   12:15     N
 8  16.9  23.4   15:15   9.2    5:45   3.2   1.7   0.0   6.1  32.2   11:45     N
 9  15.7  21.2   11:30  11.0    4:05   2.9   0.4   0.4   6.3  37.0   16:35    NW
10  16.7  21.3   17:30  12.7    2:30   2.2   0.6   1.4   9.2  35.4   13:40     N
11  17.4  22.1   13:30   9.8    4:45   2.2   1.3   1.0   6.9  30.6   18:00     N
12  19.4  26.8   13:15  12.8    5:50   1.8   3.0   0.0   6.3  32.2   16:30    NW
13  18.6  23.4   15:30  14.9    0:05   1.1   1.3   0.0   6.8  27.4   14:05    NW
14  18.5  23.6   16:45  13.9   00:00   1.3   1.5   0.0   4.0  22.5   18:25   NNW
15  18.9  27.3   16:50   8.8    4:45   2.7   3.3   0.0   3.4  20.9   17:10   ENE
16  21.8  29.6   17:00  12.3    5:45   1.5   5.0   0.0   3.2  20.9   20:45   ENE
17  22.7  32.7   15:25  13.6    5:55   1.2   5.6   0.0   4.8  32.2   17:05     W
18  20.0  26.6   14:30  12.6    5:45   1.6   3.3   0.0   6.0  24.1   11:20     N
19  19.3  27.2   16:55  12.0    5:05   1.8   2.7   0.0   3.9  30.6   17:50   ENE
20  20.9  27.9   17:10  13.8    6:00   1.0   3.6   0.0   6.0  30.6   18:55    NE
21  23.2  30.2   15:40  17.4    6:30   0.1   5.0   0.0   5.6  24.1   11:30   ENE
22  21.3  27.6   14:40  15.1    6:25   0.6   3.7   0.0   6.1  30.6   15:00    NW
23  23.3  30.9   15:45  14.0    6:25   0.8   5.8   0.0   3.1  19.3   19:45     N
24  25.7  35.2   15:05  16.2    5:20   0.3   7.7   0.0   4.3  22.5   17:50   NNE
25  24.6  32.0   15:55  17.5    6:15   0.0   6.3   0.0   6.9  33.8   17:55   NNE
26  27.0  36.4   16:10  18.3    3:10   0.0   8.7   0.0   4.2  29.0   14:00   ENE
27  28.2  35.3   16:05  19.4    6:20   0.0   9.9   0.0   4.0  25.7   10:05   ENE
28  23.0  31.4   12:25  13.9   00:00   0.3   5.0  14.4   5.5  56.3   17:20     W
29  20.8  29.3   15:55  12.1    5:45   2.0   4.5   0.2   7.6  37.0   14:50     N
30  25.6  32.2   19:30  19.3    6:00   0.0   7.3   0.2   3.7  25.7   13:50     S
31  23.5  32.3   14:20  15.9   00:00   0.1   5.4   0.0   5.0  37.0   17:05     W
-------------------------------------------------------------------------------------
    20.6  36.4    26     8.1     4    44.9 116.4  17.6   5.4  56.3    28       N

Max >=  32.0:  7
Max <=   0.0:  0
Min <=   0.0:  0
Min <= -18.0:  0
Max Rain: 14.40 ON 28.07.18
Days of Rain: 6 (> .2 mm) 1 (> 2 mm) 0 (> 20 mm)
Heat Base:  18.3  Cool Base:  18.3  Method: Integration