Home  Year:  2020  2019  2018  2017  2016  2015  2014  2013  2012  2011  2010  Month:  Jan  Feb  Mar  Apr  May  June  July  Aug  Sept  Oct  Nov  Dec

Monthly Climatological Summary for Weener-Kirchborgum, Germany

                   MONTHLY CLIMATOLOGICAL SUMMARY for JUN. 2018

NAME: DAVIS   CITY: Weener-Kirchborgum   STATE: Germany 
ELEV:     0 m  LAT:  53 11' 31" N  LONG:   7 23' 59" E

                   TEMPERATURE (C), RAIN  (mm), WIND SPEED (km/hr)

                                      HEAT  COOL        AVG
    MEAN                              DEG   DEG         WIND                 DOM
DAY TEMP  HIGH   TIME   LOW    TIME   DAYS  DAYS  RAIN  SPEED HIGH   TIME    DIR
------------------------------------------------------------------------------------
 1  20.9  30.6   13:50  16.3    5:05   0.3   3.0   9.8   2.4  22.5   14:50     W
 2  18.0  21.2   16:00  16.4    8:25   0.7   0.4   1.4   5.0  29.0    0:25   WSW
 3  19.4  23.8   19:05  15.6    1:55   0.7   1.8   0.0   2.4  17.7   19:50    SW
 4  16.9  18.7   15:50  15.5    2:00   1.4   0.0   0.0   3.9  20.9   16:20   NNW
 5  17.6  22.8   16:25  13.4   00:00   1.9   1.1   0.0   5.6  20.9   18:50   NNW
 6  20.5  27.9   16:50  10.8    3:55   2.1   4.3   0.0   3.7  25.7   13:45   ENE
 7  22.9  30.5   17:35  13.9    5:45   1.0   5.6   0.0   3.4  19.3   14:00   ENE
 8  22.2  29.4   14:25  14.7    4:55   0.7   4.5   0.0   3.9  19.3   19:45   NNE
 9  20.9  26.4   16:35  16.9    5:40   0.3   2.9   0.0   7.6  29.0    9:30     N
10  18.4  23.4   13:45  13.0   00:00   0.9   1.1   0.0   6.8  24.1    3:55   NNW
11  17.1  22.0   15:00  12.3    0:30   2.0   0.9   0.0   6.1  27.4   16:35   NNW
12  15.2  17.3   11:45  13.1    5:10   3.1   0.0   0.2   6.4  27.4   15:00    NW
13  15.3  19.2   16:20  12.7    5:35   3.1   0.0   0.0   7.2  32.2   14:30    NW
14  16.2  22.4   12:15  10.8    5:15   2.9   0.8   1.4  10.8  41.8   12:05     S
15  18.2  24.3   15:40  11.1    5:45   2.2   2.0   0.2   2.7  12.9    9:35     N
16  19.7  25.6   12:00  13.8    5:35   1.2   2.6   0.2   4.2  25.7   16:45     N
17  17.6  22.6   13:50  12.3    5:35   1.8   1.1   0.0   7.7  37.0   13:50     N
18  16.9  21.2   15:00  13.5    3:55   1.9   0.5   1.0   8.5  32.2   13:05     N
19  18.6  23.2   15:30  14.9    0:55   1.0   1.2   0.2   6.6  25.7    4:30     N
20  21.0  27.2   16:45  14.2    3:50   0.9   3.6   0.0   8.5  33.8   15:10     N
21  14.8  17.3    0:05  10.2   00:00   3.5   0.0   7.6  11.3  57.9   11:45     N
22  13.3  17.4   13:25  10.1    3:45   5.0   0.0   9.4  12.4  45.1   10:35     N
23  14.0  17.3   13:15  10.5    1:00   4.3   0.0   0.8  10.0  45.1   11:05    NW
24  13.6  17.1   17:20  10.4    4:35   4.7   0.0   0.8   5.8  32.2   16:45    NW
25  15.4  19.2   14:30  13.4   23:55   2.9   0.0   0.0   7.9  32.2   10:35    NW
26  15.5  19.8   16:15  11.6   00:00   3.0   0.2   0.0   6.6  22.5    7:20   NNW
27  17.6  26.3   16:10  10.0    2:30   2.9   2.2   0.0   3.9  22.5   16:50     N
28  20.3  27.3   13:45  11.8    5:35   1.6   3.6   0.0   5.8  27.4   18:00     N
29  18.3  25.0   12:10  10.3    5:30   2.3   2.3   0.0   5.6  29.0   13:40     N
30  20.1  26.4   17:35  12.3    1:10   1.6   3.3   0.0   6.8  32.2   13:10   ENE
-------------------------------------------------------------------------------------
    17.9  30.6     1    10.0    27    61.6  49.1  33.0   6.3  57.9    21       N

Max >=  32.0:  0
Max <=   0.0:  0
Min <=   0.0:  0
Min <= -18.0:  0
Max Rain: 9.80 ON 01.06.18
Days of Rain: 12 (> .2 mm) 3 (> 2 mm) 0 (> 20 mm)
Heat Base:  18.3  Cool Base:  18.3  Method: Integration