Home  Year:  2020  2019  2018  2017  2016  2015  2014  2013  2012  2011  2010  Month:  Jan  Feb  Mar  Apr  May  June  July  Aug  Sept  Oct  Nov  Dec

Monthly Climatological Summary for Weener-Kirchborgum, Germany

                   MONTHLY CLIMATOLOGICAL SUMMARY for MAY. 2018

NAME: DAVIS   CITY: Weener-Kirchborgum   STATE: Germany 
ELEV:     0 m  LAT:  53 11' 31" N  LONG:   7 23' 59" E

                   TEMPERATURE (C), RAIN  (mm), WIND SPEED (km/hr)

                                      HEAT  COOL        AVG
    MEAN                              DEG   DEG         WIND                 DOM
DAY TEMP  HIGH   TIME   LOW    TIME   DAYS  DAYS  RAIN  SPEED HIGH   TIME    DIR
------------------------------------------------------------------------------------
 1   8.6  12.6   17:20   6.2    5:55   9.7   0.0   5.0  14.0  48.3    0:20     S
 2  11.9  18.8   16:55   4.4    6:00   6.4   0.0   0.0   8.9  37.0   15:15     S
 3  11.6  16.7   11:30   5.2    6:55   6.7   0.0   0.0   6.1  30.6   14:25     W
 4  10.9  18.8   17:30   2.4    6:20   7.4   0.0   0.0   3.1  24.1   18:20     N
 5  13.8  22.3   17:35   4.9    5:40   5.4   0.9   0.0   4.7  22.5   12:45   ENE
 6  16.6  25.2   16:15   6.4    6:05   3.9   2.3   0.0   5.1  29.0   15:45     E
 7  18.4  25.7   15:55   9.2    6:30   2.7   2.8   0.0   5.5  29.0   10:45   ESE
 8  19.2  26.9   13:55  10.1    6:35   2.5   3.4   0.0   6.3  33.8   15:00   ESE
 9  20.8  28.8   14:40  11.2    5:05   2.0   4.5   0.0   5.1  30.6   15:35   ESE
10  14.5  18.1    0:05  10.7   00:00   3.8   0.0   0.8   4.8  30.6   12:10     W
11  13.7  20.0   18:00   7.2    6:45   4.8   0.2   0.2   3.1  20.9   23:35     N
12  17.7  24.3   16:15  11.5    0:15   2.5   1.9   0.0   4.5  25.7   16:25     N
13  18.9  27.8   16:35  12.8    6:00   1.9   2.4  11.6   6.0  37.0   17:05     N
14  20.2  27.3   15:15  11.6    6:10   1.7   3.6   0.2   7.4  33.8   20:00   ENE
15  20.1  26.4   14:00  12.9    6:30   1.2   3.0   0.0   6.3  24.1    1:10   ENE
16  15.1  20.9   11:50   8.7   23:55   3.4   0.2   0.2   9.7  46.7   17:55     N
17  10.7  13.7   17:40   8.1    3:45   7.6   0.0   0.0  10.9  37.0   14:40    NW
18  11.6  15.3   14:00   9.2    5:05   6.7   0.0   0.0   8.0  29.0    4:30    NW
19  14.4  19.4   16:50  10.5    5:20   4.0   0.1   0.0   2.7  22.5   17:25   ENE
20  17.8  24.8   16:00   9.7    6:40   2.8   2.3   0.0   4.0  29.0   13:35   ENE
21  18.3  25.4   17:05   9.2    5:45   2.7   2.7   0.0   6.4  37.0   16:25   ENE
22  18.9  26.2   17:00  11.5    5:45   2.0   2.5   0.0   5.8  29.0   19:30   ENE
23  20.6  26.8   14:20  16.0    2:15   0.7   3.0   0.2   7.9  32.2   14:45   ENE
24  20.6  27.4   15:05  12.6    6:00   1.3   3.6   0.0   7.2  35.4   14:45     N
25  21.6  27.3   16:30  14.9    6:30   0.5   3.8   0.0   6.6  35.4   12:25     N
26  21.2  29.1   16:40  12.7    5:50   1.3   4.2   0.0   6.6  27.4   14:40     N
27  21.7  27.8   16:25  14.2    6:15   0.8   4.2   0.0   5.6  29.0   11:40     N
28  23.5  30.8   15:35  15.8    5:40   0.4   5.6   0.0   4.3  25.7   19:30     N
29  24.2  32.3   14:55  18.3    5:50   0.0   5.9  30.0   6.6  51.5   19:10   ENE
30  22.9  29.8   16:45  18.2    6:15   0.0   4.6   0.0   3.1  20.9    3:25   ESE
31  22.9  30.8   15:50  17.2    5:55   0.1   4.7  21.6   3.5  45.1   17:55   ENE
-------------------------------------------------------------------------------------
    17.5  32.3    29     2.4     4    96.8  72.5  69.8   6.1  51.5    29     ENE

Max >=  32.0:  1
Max <=   0.0:  0
Min <=   0.0:  0
Min <= -18.0:  0
Max Rain: 30.00 ON 29.05.18
Days of Rain: 9 (> .2 mm) 4 (> 2 mm) 2 (> 20 mm)
Heat Base:  18.3  Cool Base:  18.3  Method: Integration