Home  Year:  2020  2019  2018  2017  2016  2015  2014  2013  2012  2011  2010  Month:  Jan  Feb  Mar  Apr  May  June  July  Aug  Sept  Oct  Nov  Dec

Monthly Climatological Summary for Weener-Kirchborgum, Germany

                   MONTHLY CLIMATOLOGICAL SUMMARY for APR. 2018

NAME: DAVIS   CITY: Weener-Kirchborgum   STATE: Germany 
ELEV:     0 m  LAT:  53 11' 31" N  LONG:   7 23' 59" E

                   TEMPERATURE (C), RAIN  (mm), WIND SPEED (km/hr)

                                      HEAT  COOL        AVG
    MEAN                              DEG   DEG         WIND                 DOM
DAY TEMP  HIGH   TIME   LOW    TIME   DAYS  DAYS  RAIN  SPEED HIGH   TIME    DIR
------------------------------------------------------------------------------------
 1   3.9   9.1   15:55   0.4   00:00  14.3   0.0   0.0   8.2  32.2   17:20   ENE
 2   4.9   9.2   23:35  -0.8    4:30  13.4   0.0   0.6   8.0  32.2   15:35   ESE
 3  12.7  17.4   17:20   8.7    1:45   5.6   0.0   2.6  11.9  33.8   14:35   SSW
 4  11.4  15.6   14:45   7.0   23:35   6.8   0.0   4.6   9.5  49.9    3:05     S
 5   7.0   9.1    7:50   1.9   00:00  11.3   0.0   4.0  14.8  61.2   15:45     W
 6   7.4  14.2   16:10   0.3    7:10  10.9   0.0   0.2  10.3  40.2   17:15   ESE
 7  13.1  21.2   17:45   5.4    7:15   5.8   0.5   0.0   9.8  29.0    9:55   ESE
 8  15.4  25.3   17:15   6.8    7:25   4.5   1.7   0.0   3.7  17.7   19:50     E
 9  11.9  17.3   16:10   7.3    5:20   6.4   0.0   0.0   8.4  29.0   15:55   NNE
10  15.0  22.3   15:25   8.2   00:00   4.0   0.7   0.0  14.5  41.8   22:05   ENE
11  10.0  16.5   15:40   6.0    6:50   8.3   0.0   0.0  19.8  45.1   19:25   ENE
12  11.0  18.1   18:15   5.7    5:50   7.3   0.0   0.6  17.1  40.2    8:00   ENE
13  13.6  18.2   14:00   9.6   22:55   4.7   0.0   1.8   7.9  35.4    4:05   ENE
14  10.3  13.3   16:05   8.4    7:35   7.9   0.0   9.6   8.4  29.0    7:10     W
15  11.3  17.3   15:45   6.2    3:35   7.0   0.0   6.4   6.0  29.0    9:50     E
16  13.9  19.8   15:05   8.2   00:00   4.5   0.0   0.0   5.6  30.6   15:00     W
17  13.8  22.2   16:15   4.8    6:25   5.3   0.8   0.2   5.8  27.4   13:35   SSW
18  17.6  26.8   16:50   8.8    5:55   3.3   2.6   0.0   4.5  16.1   12:30     S
19  19.5  28.9   15:35   9.9    6:25   2.5   3.7   0.0   7.9  27.4   18:30   ESE
20  18.9  27.9   13:35  10.9   23:55   2.4   3.0   0.0   6.3  32.2   13:35    NW
21  13.8  20.8   15:35   7.1    7:10   4.9   0.5   0.0   4.3  22.5   15:35     N
22  16.0  26.4   17:15   6.8    6:20   4.3   2.0   2.8   6.4  37.0   20:35     E
23  14.3  19.7   14:55   9.1   22:20   4.1   0.1   0.0   9.5  38.6   17:00     W
24  11.5  15.9   15:35   8.7    1:45   6.8   0.0   3.2   8.7  35.4    4:15    SW
25  10.8  13.8   17:05   7.2   22:35   7.5   0.0   2.6  10.8  57.9    8:25     W
26  10.4  15.3   12:55   6.7   23:35   7.8   0.0   1.6  10.1  49.9   17:20     W
27  11.2  16.9   15:25   5.6    6:30   7.1   0.0   0.0   6.9  27.4   17:55   SSW
28  12.6  18.2   12:10   7.3    5:45   5.7   0.0   1.4   5.1  35.4   16:05    SW
29  11.8  16.1   11:20   8.1    4:25   6.5   0.0   1.2   6.4  32.2   19:55    NE
30  12.1  16.3   17:05   9.8   00:00   6.2   0.0  11.8  13.0  48.3   18:05   SSW
-------------------------------------------------------------------------------------
    12.2  28.9    19    -0.8     2   197.3  15.7  55.2   9.0  61.2     5     ENE

Max >=  32.0:  0
Max <=   0.0:  0
Min <=   0.0:  1
Min <= -18.0:  0
Max Rain: 11.81 ON 30.04.18
Days of Rain: 17 (> .2 mm) 9 (> 2 mm) 0 (> 20 mm)
Heat Base:  18.3  Cool Base:  18.3  Method: Integration