Home  Year:  2020  2019  2018  2017  2016  2015  2014  2013  2012  2011  2010  Month:  Jan  Feb  Mar  Apr  May  June  July  Aug  Sept  Oct  Nov  Dec

Monthly Climatological Summary for Weener-Kirchborgum, Germany

                   MONTHLY CLIMATOLOGICAL SUMMARY for MAR. 2018

NAME: DAVIS   CITY: Weener-Kirchborgum   STATE: Germany 
ELEV:     0 m  LAT:  53 11' 31" N  LONG:   7 23' 59" E

                   TEMPERATURE (C), RAIN  (mm), WIND SPEED (km/hr)

                                      HEAT  COOL        AVG
    MEAN                              DEG   DEG         WIND                 DOM
DAY TEMP  HIGH   TIME   LOW    TIME   DAYS  DAYS  RAIN  SPEED HIGH   TIME    DIR
------------------------------------------------------------------------------------
 1  -5.2  -0.9   14:05  -8.7    0:15  23.5   0.0   0.0  26.4  59.5   11:05     E
 2  -5.0  -0.1   13:10  -8.7    7:10  23.3   0.0   0.0  23.3  61.2   15:20   ENE
 3  -4.0   1.7   14:55  -8.6    7:30  22.3   0.0   0.0  19.2  49.9   11:25     E
 4   0.5   5.5   15:45  -4.5    5:10  17.8   0.0   0.0  13.5  35.4    0:15     E
 5   6.4  12.2   15:05   0.8   00:00  11.9   0.0   2.2   9.5  32.2    4:10   SSW
 6   4.8  12.8   14:55  -0.4    7:25  13.5   0.0   0.0   5.6  20.9   10:20   ENE
 7   3.7   9.1   16:00   1.4    2:10  14.6   0.0   0.0   2.4  12.9    8:45   ENE
 8   4.7   9.2   12:30   2.0    1:20  13.7   0.0   9.0  10.9  48.3   00:00    SW
 9   5.3  10.5   14:30   1.8    4:55  12.9   0.0   0.6   9.0  54.7    0:10   WSW
10   8.6  14.4   16:20   3.5    0:30   9.7   0.0   2.4   7.7  22.5   22:15     E
11  10.7  13.4   15:00   5.3   00:00   7.7   0.0   0.2   7.2  29.0   12:45     S
12   8.2  14.5   17:25   2.6    5:35  10.2   0.0   0.0   2.9  14.5   10:45    SE
13   5.9   8.5    3:30   3.9   00:00  12.4   0.0   1.0   8.9  32.2   16:15     W
14   4.6   9.8   14:30   0.7   23:40  13.8   0.0   0.0   5.3  25.7   17:10     W
15   4.5   9.8   14:05   0.2    1:10  13.8   0.0   0.0  22.0  57.9   14:40     E
16   2.3   4.4    0:15  -0.7   00:00  16.0   0.0   0.0  23.8  51.5   11:15     E
17  -0.8   2.5   14:00  -3.1    6:05  19.1   0.0   0.0  33.6  74.0   16:05   ENE
18  -0.9   3.3   15:30  -4.2    6:40  19.2   0.0   0.0  27.5  62.8   10:15   ENE
19  -0.2   5.6   14:40  -4.4    6:45  18.5   0.0   0.0  13.4  37.0    9:30   ENE
20   3.1   7.9   13:40  -2.6   23:20  15.2   0.0   0.4  10.6  41.8   11:25   NNE
21   2.1   7.4   14:00  -3.1    3:30  16.2   0.0   0.2   5.1  25.7   23:15     W
22   5.1   7.1   14:55   2.7    1:10  13.3   0.0   3.4  10.9  33.8    3:10     W
23   5.9   7.3   14:55   4.6    0:05  12.4   0.0   0.2   6.9  30.6   16:40   SSW
24   8.1  12.1   13:45   4.9    5:30  10.2   0.0   0.0   3.9  24.1   11:00   SSE
25   7.1  10.7   14:50   3.2   00:00  10.8   0.0   0.0   1.8  17.7   17:35    NW
26   4.6  10.2   16:30   1.3    4:35  13.7   0.0   0.0   3.7  17.7    1:05   WNW
27   6.2  11.6   15:00   1.9    6:40  12.1   0.0   0.2   6.8  29.0   18:40    SE
28   5.9   7.2   15:10   2.9   00:00  12.4   0.0  12.2   7.9  24.1    2:50     E
29   5.4  11.0   14:40   1.9   23:15  12.9   0.0   2.0   9.3  35.4    1:35     W
30   5.6  12.8   16:55   0.8    3:05  12.7   0.0   1.6  12.7  40.2   23:00     E
31   6.6  10.1   15:00   4.6   00:00  11.7   0.0   2.0  10.6  30.6   21:20     E
-------------------------------------------------------------------------------------
     3.9  14.5    12    -8.7     2   447.4   0.0  37.6  11.7  74.0    17       E

Max >=  32.0:  0
Max <=   0.0:  2
Min <=   0.0: 11
Min <= -18.0:  0
Max Rain: 12.19 ON 28.03.18
Days of Rain: 15 (> .2 mm) 7 (> 2 mm) 0 (> 20 mm)
Heat Base:  18.3  Cool Base:  18.3  Method: Integration