Home  Year:  2020  2019  2018  2017  2016  2015  2014  2013  2012  2011  2010  Month:  Jan  Feb  Mar  Apr  May  June  July  Aug  Sept  Oct  Nov  Dec

Monthly Climatological Summary for Weener-Kirchborgum, Germany

                   MONTHLY CLIMATOLOGICAL SUMMARY for JAN. 2018

NAME: DAVIS   CITY: Weener-Kirchborgum   STATE: Germany 
ELEV:     0 m  LAT:  53 11' 31" N  LONG:   7 23' 59" E

                   TEMPERATURE (C), RAIN  (mm), WIND SPEED (km/hr)

                                      HEAT  COOL        AVG
    MEAN                              DEG   DEG         WIND                 DOM
DAY TEMP  HIGH   TIME   LOW    TIME   DAYS  DAYS  RAIN  SPEED HIGH   TIME    DIR
------------------------------------------------------------------------------------
 1   6.6   8.6    0:05   3.9   23:55  11.7   0.0   0.8  14.5  53.1    4:25    SW
 2   5.3   7.4   14:30   3.6    8:55  12.9   0.0   0.6   9.5  41.8   22:45   WSW
 3   7.2   8.8    5:20   6.0    0:05  11.1   0.0  20.6  28.0  85.3   13:50     W
 4   7.2   8.5   21:35   6.6    8:10  11.1   0.0   5.4  12.6  56.3   22:55   WSW
 5   6.3   7.0    0:25   4.8   23:20  11.9   0.0   4.2  10.6  59.5    3:05   WSW
 6   4.6   6.7   12:50   2.4   19:40  13.7   0.0   0.4   9.2  35.4   21:55    SW
 7   0.9   2.9    0:35  -2.3   00:00  17.4   0.0   0.0  13.7  37.0    2:05   ENE
 8  -0.9   2.4   14:35  -3.3    6:35  19.2   0.0   0.0  16.4  41.8   13:15   ENE
 9   1.3   3.4   14:30  -0.4    5:35  17.0   0.0   0.2  13.4  41.8    0:20     E
10   5.1   6.9   13:35   3.1    0:05  13.2   0.0   1.4   5.0  14.5    1:50   ESE
11   2.3   5.6   14:10   0.3    7:40  16.0   0.0   0.2   2.3  16.1   12:10   ENE
12   3.3   3.8   13:55   2.6    4:15  15.0   0.0   1.8   4.8  19.3   20:45     E
13   3.2   4.4   14:30   1.4   00:00  15.1   0.0   0.2  13.0  32.2   22:25     E
14   0.9   3.1   14:50  -1.0   18:45  17.4   0.0   0.0  12.2  33.8    9:00     E
15   3.7   6.6   23:55  -0.3    0:50  14.6   0.0   5.2  16.1  53.1   16:25     S
16   3.7   6.6    0:05   1.8   00:00  14.6   0.0   5.4  12.1  46.7    2:05   WSW
17   2.2   3.6   11:55   1.1    5:05  16.1   0.0   3.4  11.7  53.1   16:30   WSW
18   3.3   5.9   10:35   1.2    8:10  15.0   0.0  10.6  14.5  70.8   13:00   WSW
19   2.1   5.0   14:15  -0.4    6:15  16.3   0.0   1.6   7.7  30.6   13:25    SW
20   1.9   3.2   15:10   0.8    1:45  16.4   0.0   1.2   7.4  30.6    5:35   SSW
21   1.3   3.4   13:45  -1.7    9:10  17.0   0.0   2.0   2.6  17.7   23:10    SE
22   3.8   6.4   16:10   1.2    6:40  14.5   0.0   1.4   9.2  29.0   23:35     W
23   6.9   9.6   00:00   5.0    7:45  11.4   0.0   1.4  11.7  41.8   18:35   SSW
24  11.2  13.7   15:55   7.7   23:45   7.1   0.0   3.4  19.0  64.4   17:10   SSW
25   7.6   9.2   14:15   5.8   23:45  10.7   0.0   0.4  10.1  33.8    5:15    SW
26   4.9   5.9    1:35   3.3    7:35  13.4   0.0   0.2   3.4  17.7   23:45    SW
27   5.2   6.3   14:00   2.6    4:40  13.1   0.0   0.4  11.6  53.1   23:00   SSW
28   8.6  10.2   23:10   5.8    0:05   9.7   0.0   2.4  14.2  48.3    1:15   WSW
29   8.7  10.3    0:05   5.1   23:55   9.6   0.0   8.0  17.2  54.7   11:10   WSW
30   4.6   7.2   12:45   2.6   00:00  13.7   0.0   0.0   8.2  32.2   13:40   WSW
31   5.2   8.6    8:25   1.7   00:00  13.1   0.0   4.8  12.9  54.7   15:10    SW
-------------------------------------------------------------------------------------
     4.5  13.7    24    -3.3     8   429.1   0.0  87.6  11.4  85.3     3      SW

Max >=  32.0:  0
Max <=   0.0:  0
Min <=   0.0:  7
Min <= -18.0:  0
Max Rain: 20.60 ON 03.01.18
Days of Rain: 27 (> .2 mm) 12 (> 2 mm) 1 (> 20 mm)
Heat Base:  18.3  Cool Base:  18.3  Method: Integration