Home  Year:  2020  2019  2018  2017  2016  2015  2014  2013  2012  2011  2010  Month:  Jan  Feb  Mar  Apr  May  June  July  Aug  Sept  Oct  Nov  Dec

Monthly Climatological Summary for Weener-Kirchborgum, Germany

                   MONTHLY CLIMATOLOGICAL SUMMARY for DEC. 2017

NAME: DAVIS   CITY: Weener-Kirchborgum   STATE: Germany 
ELEV:     0 m  LAT:  53 11' 31" N  LONG:   7 23' 59" E

                   TEMPERATURE (C), RAIN  (mm), WIND SPEED (km/hr)

                                      HEAT  COOL        AVG
    MEAN                              DEG   DEG         WIND                 DOM
DAY TEMP  HIGH   TIME   LOW    TIME   DAYS  DAYS  RAIN  SPEED HIGH   TIME    DIR
------------------------------------------------------------------------------------
 1   1.9   4.2   13:30  -0.3    8:55  16.4   0.0   0.2   3.4  19.3    1:50   ENE
 2   0.6   1.2    3:20  -0.3    8:35  17.8   0.0   0.2   8.4  30.6   22:20   SSW
 3   3.9   6.7   14:15   1.0    0:05  14.3   0.0   4.4   9.8  32.2    1:00    SW
 4   6.2   8.3   13:40   4.8    1:55  12.1   0.0   1.6   9.3  33.8   22:10     W
 5   7.6   8.2   12:05   7.0    7:45  10.7   0.0   0.4   9.5  37.0   17:25   WSW
 6   7.8   8.5   13:10   6.8    4:20  10.5   0.0   0.0  11.4  41.8   23:45   WSW
 7   6.2   8.0    0:05   5.2   12:10  12.1   0.0   6.2  19.8  57.9   11:15   SSW
 8   2.7   5.4    0:10   1.1   21:30  15.6   0.0   6.8   9.8  45.1    5:35   WSW
 9   2.2   5.2   14:45   1.0   22:35  16.1   0.0   5.4  11.1  41.8   23:35   WSW
10   1.1   1.8   13:15  -0.1   23:40  17.3   0.0   0.4  15.1  40.2    1:05    SW
11   0.1   1.2   23:15  -2.2    8:40  18.2   0.0   0.0   7.7  30.6   15:50   ENE
12   1.6   2.4   13:55   0.7   21:35  16.8   0.0  10.6  10.5  38.6   23:45    SW
13   2.6   4.8   23:50   1.1    3:20  15.7   0.0  16.6  16.6  46.7   23:50     S
14   3.1   4.8    0:05   1.4    9:30  15.2   0.0   3.0  12.9  49.9    0:15    SW
15   3.2   4.2   14:45   2.2   23:20  15.1   0.0   0.0   6.9  24.1    0:50   SSW
16   2.4   5.7   14:25   0.5    6:15  15.9   0.0   4.0   7.4  40.2   19:40   WSW
17   2.1   4.7   14:05  -0.1    9:25  16.2   0.0   2.4   6.3  27.4   23:15     W
18   2.5   3.3   12:20   1.4    2:40  15.8   0.0   3.2   5.0  27.4    2:20   SSE
19   5.3   7.2   13:25   3.2    0:05  12.9   0.0   1.0   3.7  22.5   14:05   WSW
20   7.1   7.9   20:05   6.3    8:20  11.2   0.0   0.4   4.8  22.5   18:35   WSW
21   7.2   8.2    6:00   5.5   00:00  11.1   0.0   0.6   6.3  19.3    1:55     W
22   4.8   5.9   14:30   3.4   23:15  13.5   0.0   0.2   5.0  20.9   23:50   WSW
23   7.5   8.4   13:30   3.6    0:05  10.8   0.0   0.0  14.8  49.9    8:05   WSW
24   8.4   9.0   20:45   7.8    0:05   9.9   0.0   0.0  15.0  48.3   12:20   WSW
25   8.2   9.2    1:40   6.1   22:55  10.1   0.0   0.4  16.9  45.1    3:30    SW
26   5.7   7.2    8:05   4.3   22:55  12.6   0.0   0.4  18.8  54.7    8:30    SW
27   5.2   6.3   12:10   4.2   00:00  13.1   0.0   1.4  10.9  40.2   00:00     S
28   3.1   4.9   12:40   1.4    8:55  15.3   0.0   1.0  11.1  48.3    0:35   WSW
29   2.6   4.5   00:00   1.1    8:50  15.7   0.0   1.8  13.7  40.2   17:25    SW
30   6.4   9.6   18:30   3.8   10:55  11.9   0.0   4.8  17.7  70.8   15:55    SW
31   9.4  11.8   12:00   6.7    1:10   8.9   0.0   8.4  12.1  48.3   11:25    SW
-------------------------------------------------------------------------------------
     4.5  11.8    31    -2.2    11   429.1   0.0  85.8  10.7  70.8    30     WSW

Max >=  32.0:  0
Max <=   0.0:  0
Min <=   0.0:  5
Min <= -18.0:  0
Max Rain: 16.61 ON 13.12.17
Days of Rain: 26 (> .2 mm) 12 (> 2 mm) 0 (> 20 mm)
Heat Base:  18.3  Cool Base:  18.3  Method: Integration