Home  Year:  2020  2019  2018  2017  2016  2015  2014  2013  2012  2011  2010  Month:  Jan  Feb  Mar  Apr  May  June  July  Aug  Sept  Oct  Nov  Dec

Monthly Climatological Summary for Weener-Kirchborgum, Germany

                   MONTHLY CLIMATOLOGICAL SUMMARY for NOV. 2017

NAME: DAVIS   CITY: Weener-Kirchborgum   STATE: Germany 
ELEV:     0 m  LAT:  53 11' 31" N  LONG:   7 23' 59" E

                   TEMPERATURE (C), RAIN  (mm), WIND SPEED (km/hr)

                                      HEAT  COOL        AVG
    MEAN                              DEG   DEG         WIND                 DOM
DAY TEMP  HIGH   TIME   LOW    TIME   DAYS  DAYS  RAIN  SPEED HIGH   TIME    DIR
------------------------------------------------------------------------------------
 1  12.2  14.7   13:10  10.2   23:45   6.1   0.0   1.6   8.7  32.2   15:25    SW
 2   9.9  14.2   13:45   6.4   22:45   8.3   0.0   0.2   5.5  22.5   15:10    SW
 3   8.9  11.1   15:00   5.4    5:05   9.4   0.0   0.2   4.8  19.3   23:35   SSW
 4   9.9  12.8   23:05   6.4    6:45   8.4   0.0   0.4   8.0  32.2   18:55   SSE
 5   8.2  11.8    0:05   3.3   23:50  10.1   0.0   0.0   5.6  37.0   15:35   WSW
 6   5.7  11.7   14:20   2.0   00:00  12.6   0.0   0.4   2.6  19.3   14:30     W
 7   2.9   5.6   17:20  -0.5    8:00  15.4   0.0   0.2   4.8  22.5   13:50   ESE
 8   6.9   8.1   13:25   5.2    0:05  11.4   0.0   0.0   3.9  17.7    5:20   ENE
 9   7.9   9.3   13:35   5.1    8:05  10.3   0.0   0.2   7.4  30.6   12:55    SW
10   7.7  10.4   12:15   4.6   23:35  10.6   0.0   4.4  13.2  59.5   15:55     W
11   5.4   9.2   14:15   2.7   23:50  12.9   0.0   2.6   7.4  48.3   14:25   WSW
12   4.2   6.4   14:40   1.9    3:20  14.1   0.0   1.0   6.3  22.5    3:10    SW
13   5.9  10.8   13:00   2.5    8:50  12.4   0.0   0.6   5.0  25.7    0:35     W
14   6.4   9.1   23:35   2.4    1:05  11.8   0.0   0.8   9.5  35.4   11:25    SW
15   9.7  10.7   12:15   9.0   23:00   8.6   0.0   0.4   7.2  24.1    6:25    SW
16   9.5  10.3   13:35   8.1   00:00   8.8   0.0   0.0   9.2  30.6   21:15   SSW
17   5.6  10.3   14:25   1.6    7:40  12.7   0.0   0.0   5.1  27.4   23:10    SW
18   5.5   8.9   11:15   2.6   21:50  12.8   0.0   4.4  11.6  49.9   11:35    SW
19   6.0   9.1   13:00   2.8    1:30  12.3   0.0   1.8  14.2  48.3   12:55     W
20   5.3   6.2   00:00   3.7    0:05  13.0   0.0   6.4   8.0  35.4    8:20   WSW
21   9.9  11.5   13:40   6.2    0:05   8.4   0.0   6.6   6.1  37.0   23:30   WSW
22  10.6  12.1   14:50   9.8   19:00   7.7   0.0   0.4  18.5  45.1   14:50    SW
23  10.1  13.9   11:00   6.3   21:50   8.2   0.0   1.2  16.7  61.2   11:50     S
24   6.6   8.4   13:40   3.4   23:55  11.7   0.0   1.0   6.8  27.4    0:10    SW
25   3.4   7.0   13:00   0.1    8:45  14.8   0.0   0.0   6.1  29.0   14:00    SW
26   4.0   7.4   13:30   2.0    0:50  14.3   0.0   2.0  11.9  35.4    8:05    SW
27   5.6   7.9   15:15   2.6    1:25  12.8   0.0   4.0  15.3  51.5   10:20    SW
28   5.3   7.7   12:35   4.1   23:55  13.0   0.0   0.6  13.7  46.7    8:50    SW
29   3.2   4.1    0:05   2.1    8:00  15.1   0.0   0.2   7.9  22.5    0:45    SW
30   3.2   4.7   14:20   1.6   22:40  15.1   0.0   0.0   4.2  17.7    9:50    SW
-------------------------------------------------------------------------------------
     6.9  14.7     1    -0.5     7   343.2   0.0  41.6   8.5  61.2    23      SW

Max >=  32.0:  0
Max <=   0.0:  0
Min <=   0.0:  1
Min <= -18.0:  0
Max Rain: 6.60 ON 21.11.17
Days of Rain: 24 (> .2 mm) 7 (> 2 mm) 0 (> 20 mm)
Heat Base:  18.3  Cool Base:  18.3  Method: Integration