Home  Year:  2020  2019  2018  2017  2016  2015  2014  2013  2012  2011  2010  Month:  Jan  Feb  Mar  Apr  May  June  July  Aug  Sept  Oct  Nov  Dec

Monthly Climatological Summary for Weener-Kirchborgum, Germany

                   MONTHLY CLIMATOLOGICAL SUMMARY for OCT. 2017

NAME: DAVIS   CITY: Weener-Kirchborgum   STATE: Germany 
ELEV:     0 m  LAT:  53 11' 31" N  LONG:   7 23' 59" E

                   TEMPERATURE (C), RAIN  (mm), WIND SPEED (km/hr)

                                      HEAT  COOL        AVG
    MEAN                              DEG   DEG         WIND                 DOM
DAY TEMP  HIGH   TIME   LOW    TIME   DAYS  DAYS  RAIN  SPEED HIGH   TIME    DIR
------------------------------------------------------------------------------------
 1  13.3  18.9   14:15   7.8    7:15   5.0   0.0   0.2   9.0  35.4   15:50     S
 2  14.9  18.1   12:25  12.2   00:00   3.3   0.0   3.2  11.4  41.8   12:10     S
 3  12.6  16.6   15:40  10.2    7:30   5.7   0.0   2.0   8.7  48.3   16:05     W
 4  12.5  15.2   13:55  10.9    0:05   5.8   0.0   0.2  10.0  48.3   20:15    SW
 5  12.4  15.2   11:05   9.9   23:15   5.9   0.0   8.8  15.8  74.0   11:15    SW
 6  11.8  15.9   14:45   9.3    6:00   6.5   0.0   6.4  10.8  49.9   13:35     W
 7  11.5  13.7   17:25   9.9    3:55   6.8   0.0   4.0  11.1  41.8   14:25    SW
 8  12.1  16.7   15:15   6.8   00:00   6.2   0.0   1.6   6.3  29.0    1:15     W
 9  10.2  14.4   16:30   5.6    5:35   8.1   0.0   0.2   3.9  19.3   13:30    SW
10  13.8  15.6   12:40  11.9    1:05   4.5   0.0   0.6   6.4  29.0   12:55    SW
11  14.4  15.8   12:40  13.1    0:55   3.9   0.0   1.0  13.2  40.2   21:35    SW
12  12.8  16.1   12:20   9.5   23:45   5.4   0.0   0.4  10.8  41.8    1:15   WSW
13  14.2  19.6   14:35   9.3    1:05   4.2   0.1   0.0   8.9  32.2   16:05    SW
14  16.2  19.1   15:40  12.8   23:55   2.2   0.1   0.0   6.6  29.0    4:30    SW
15  15.7  21.9   15:50   9.9    8:15   3.3   0.7   0.2   7.1  25.7   12:35     S
16  17.4  23.1   15:30  12.8    7:45   2.0   1.1   0.0   6.9  25.7   23:55   SSW
17  14.5  18.5    0:05  10.6   23:55   3.8   0.0   0.0   8.9  33.8   10:55    SW
18  11.8  17.1   14:35   8.0    8:45   6.5   0.0   0.2   2.3  19.3   13:15   ENE
19  14.0  19.8   15:35  10.3    2:15   4.5   0.1   0.0   3.7  17.7   23:50   ESE
20  14.5  17.7   15:00  11.8   23:55   3.8   0.0   4.2  11.9  38.6   15:55   SSW
21  12.2  14.9   16:45  10.0    6:05   6.1   0.0   0.8   9.0  33.8    1:15     S
22  11.2  13.9   14:55  10.1    8:45   7.1   0.0   2.0  11.3  35.4    9:10     S
23  11.9  16.0   15:05   9.3   20:40   6.3   0.0   4.8   9.5  45.1   11:05    SW
24  13.1  15.9   21:25   8.7    2:20   5.2   0.0   3.4   8.7  35.4   21:45   SSW
25  14.1  16.9   14:45   9.3   00:00   4.2   0.0   0.8   9.3  45.1   10:25    SW
26  12.2  15.7   13:50   8.9    1:30   6.1   0.0   0.6   7.6  32.2   14:00    SW
27  11.3  14.3   13:40   9.1    8:00   7.0   0.0   2.0  10.3  38.6   12:50     W
28  11.4  13.3   23:15   9.7    2:35   6.9   0.0   3.2  14.5  54.7   22:10     W
29  10.2  13.2    0:05   7.4   23:05   8.1   0.0   1.6  21.1  80.5    4:25    NW
30   7.9  11.2   12:15   4.9   22:25  10.4   0.0   1.0   7.9  41.8    1:40    NW
31   9.1  12.3   14:20   6.0    1:25   9.2   0.0   0.6   7.9  33.8   12:55    SW
-------------------------------------------------------------------------------------
    12.8  23.1    16     4.9    30   174.1   2.1  54.0   9.4  80.5    29      SW

Max >=  32.0:  0
Max <=   0.0:  0
Min <=   0.0:  0
Min <= -18.0:  0
Max Rain: 8.79 ON 05.10.17
Days of Rain: 26 (> .2 mm) 11 (> 2 mm) 0 (> 20 mm)
Heat Base:  18.3  Cool Base:  18.3  Method: Integration