Home  Year 2017  Year 2016  Year 2015  Year 2014  Year 2013  Year 2012  Year 2011  Year 2010  Jan  Feb  Mar  Apr  May  June  July  Aug  Sept  Oct  Nov  Dec

Monthly Climatological Summary for Weener-Kirchborgum, Germany

                   MONTHLY CLIMATOLOGICAL SUMMARY for SEP. 2017

NAME: DAVIS   CITY: Weener-Kirchborgum   STATE: Germany 
ELEV:     0 m  LAT:  53 11' 30" N  LONG:   7 23' 58" E

                   TEMPERATURE (C), RAIN  (mm), WIND SPEED (km/hr)

                                      HEAT  COOL        AVG
    MEAN                              DEG   DEG         WIND                 DOM
DAY TEMP  HIGH   TIME   LOW    TIME   DAYS  DAYS  RAIN  SPEED HIGH   TIME    DIR
------------------------------------------------------------------------------------
 1  15.3  22.2   13:55   9.4    7:00   3.8   0.8   0.0   3.2  19.3   18:25   NNW
 2  14.3  22.0   12:55   7.9    5:30   4.5   0.5   0.0   1.9  20.9   13:10     W
 3  14.8  22.9   14:45   7.3    7:00   4.5   1.1   0.0   1.4  14.5   14:45   ENE
 4  16.2  24.3   15:10   8.7    7:30   3.8   1.7   0.0   2.3  16.1   16:15     E
 5  17.3  22.6   14:25  11.8    3:50   2.3   1.3   0.4   5.6  24.1   12:20   SSE
 6  16.4  19.2   14:40  12.6   23:40   1.9   0.0   3.6   8.9  54.7   11:50     W
 7  15.6  22.1   12:35  12.6    2:35   3.1   0.4   0.6   6.3  32.2   17:10   WSW
 8  15.0  16.4   13:50  14.1    5:05   3.3   0.0  14.0  13.0  41.8   10:10   SSW
 9  14.2  17.7   17:55  11.2   23:20   4.1   0.0  12.4   5.5  27.4   12:30   SSW
10  14.4  20.1   14:30   9.1    7:10   4.1   0.2   0.2  10.9  41.8   17:30     S
11  15.9  19.8   15:00  13.2   23:40   2.5   0.1   1.6  17.2  45.1    2:25   SSW
12  14.4  19.8   14:50  11.3   23:00   3.9   0.1   1.0  10.5  40.2   13:40    SW
13  13.3  16.8   11:45  11.4    0:05   5.0   0.0   5.8  15.8  74.0   12:35     S
14  12.8  16.7   12:25   9.7    7:05   5.5   0.0   1.0  12.6  45.1   12:25    SW
15  13.1  19.2   13:50   9.2    7:25   5.2   0.0   0.2   7.9  32.2   12:15    SW
16  12.7  16.4   13:15  10.5    0:10   5.6   0.0   4.2   5.1  30.6   13:40    SW
17  12.3  18.4   14:05   6.8    7:35   6.0   0.0   0.4   1.9  14.5   11:00     S
18  11.1  14.8   15:45   8.2    3:35   7.2   0.0   0.4   1.8  16.1   11:05     E
19  11.8  18.9   14:55   6.4    6:10   6.5   0.0   0.2   2.3  24.1   23:45     W
20  12.8  15.5   15:10  11.1    5:50   5.5   0.0   0.2   2.9  19.3    6:20    SW
21  14.7  21.1   14:45  11.2   00:00   4.1   0.5   0.0   3.7  22.5   13:15     S
22  14.2  20.8   16:05   9.2    7:40   4.5   0.4   0.2   1.0  14.5   13:40    SE
23  14.8  20.9   14:05   9.2    7:55   3.9   0.4   0.0   1.4  16.1   17:55     W
24  14.1  20.2   13:40   8.0    4:35   4.4   0.2   0.0   2.3  19.3   12:55   ENE
25  14.9  17.8   16:10  12.6    2:30   3.4   0.0   0.0   2.9  19.3   13:00   ENE
26  14.3  17.6   16:50  12.1   23:05   4.0   0.0   0.2   2.7  19.3   10:50   ENE
27  14.1  18.2   15:55  11.2   00:00   4.2   0.0   0.0   3.9  25.7   15:55     E
28  14.1  17.8   15:00  10.7    0:35   4.2   0.0   0.0   3.7  17.7    7:50   ESE
29  16.9  20.6   16:55  14.6    0:05   1.7   0.3   0.6   4.8  24.1   16:55   ESE
30  15.1  17.3    2:25  10.9   00:00   3.2   0.0  17.0   4.0  32.2   17:45   SSW
-------------------------------------------------------------------------------------
    14.4  24.3     4     6.4    19   125.9   8.0  64.2   5.6  74.0    13     SSW

Max >=  32.0:  0
Max <=   0.0:  0
Min <=   0.0:  0
Min <= -18.0:  0
Max Rain: 16.99 ON 30.09.17
Days of Rain: 20 (> .2 mm) 6 (> 2 mm) 0 (> 20 mm)
Heat Base:  18.3  Cool Base:  18.3  Method: Integration