Home  Year 2017  Year 2016  Year 2015  Year 2014  Year 2013  Year 2012  Year 2011  Year 2010  Jan  Feb  Mar  Apr  May  June  July  Aug  Sept  Oct  Nov  Dec

Monthly Climatological Summary for Weener-Kirchborgum, Germany

                   MONTHLY CLIMATOLOGICAL SUMMARY for AUG. 2017

NAME: DAVIS   CITY: Weener-Kirchborgum   STATE: Germany 
ELEV:     0 m  LAT:  53 11' 30" N  LONG:   7 23' 58" E

                   TEMPERATURE (C), RAIN  (mm), WIND SPEED (km/hr)

                                      HEAT  COOL        AVG
    MEAN                              DEG   DEG         WIND                 DOM
DAY TEMP  HIGH   TIME   LOW    TIME   DAYS  DAYS  RAIN  SPEED HIGH   TIME    DIR
------------------------------------------------------------------------------------
 1  19.8  25.2   16:45  15.4    6:10   0.9   2.5   0.0   1.9  17.7   13:20   ENE
 2  19.1  24.9   14:10  13.8    5:50   1.4   2.2   0.2   5.8  27.4   22:40     S
 3  19.6  24.5   11:00  16.7    3:25   0.5   1.7   4.2  10.9  45.1   15:45    SW
 4  18.4  23.4   15:35  15.1    3:55   1.1   1.2   0.0  11.6  46.7   11:40   SSW
 5  18.1  23.2   16:20  12.9   23:00   1.6   1.4   0.0   6.3  29.0   18:00     W
 6  17.6  24.2   15:35  11.3    5:45   2.5   1.7   0.0   6.0  37.0   14:10     W
 7  18.9  26.0   16:50  10.8    6:20   2.3   2.9   0.0   5.0  27.4   13:45   SSW
 8  18.1  23.3   13:20  13.4    2:55   1.6   1.4   2.6   4.7  27.4   16:05   ENE
 9  18.0  23.4   16:55  13.7    6:05   1.7   1.4   0.0   9.8  37.0    9:10   SSW
10  16.9  22.4   11:25  11.6    6:35   2.4   1.0   0.0   4.5  24.1   17:15     N
11  15.7  18.3   15:10  14.0    2:20   2.6   0.0   1.2   2.6  17.7   15:10    NW
12  16.5  21.9   16:30  13.7    6:20   2.3   0.5   6.4   8.0  35.4   15:25     W
13  16.5  22.1   14:20  11.7   00:00   2.7   0.9   0.2   4.0  24.1   16:30     W
14  17.2  24.4   16:15   8.9    6:00   3.1   2.0   0.0   4.2  29.0   15:00     E
15  20.8  27.9   15:40  15.0    7:00   0.7   3.2   0.0   4.3  24.1   11:30   SSW
16  19.3  25.0   15:45  12.8    6:45   1.4   2.4   0.2   2.7  20.9    0:15     W
17  17.3  21.1   11:40  13.4    5:50   1.6   0.6   1.2   6.4  32.2   16:50   SSW
18  18.2  22.9   14:10  15.9    5:15   0.9   0.7   2.0   8.2  38.6   23:55   SSW
19  15.3  21.9   15:25  11.5    5:05   3.3   0.3   3.8   8.9  54.7   16:15   SSW
20  15.3  19.1   12:20  12.6    5:00   3.0   0.0   3.6   9.2  40.2   10:30    SW
21  16.2  21.9   14:20  11.5    6:55   2.9   0.8   0.2   4.7  22.5    1:05   WSW
22  15.4  22.3   13:50   8.8    5:40   4.0   1.0   0.0   2.3  17.7   16:00   ENE
23  16.3  23.6   16:30   8.6    6:00   3.4   1.4   0.0   4.0  22.5   14:20   ENE
24  19.2  24.7   15:30  13.8   23:55   1.1   2.0   0.0   5.6  27.4   11:20     W
25  18.3  24.8   14:25  12.8    7:00   2.2   2.1   0.0   4.3  20.9   14:25   SSW
26  18.3  25.2   14:50  12.0    6:30   2.2   2.2   0.0   2.4  19.3   19:00   ENE
27  17.9  23.4   13:25  12.1    7:05   2.1   1.7   0.2   4.5  24.1   13:45     W
28  19.4  26.9   15:05  12.9    5:55   1.9   3.0   0.0   2.9  20.9   13:45     S
29  21.4  29.8   15:40  12.9    7:05   1.2   4.3   0.0   4.8  25.7   14:25   SSW
30  19.8  23.9   15:55  17.6    4:00   0.1   1.7   4.8   3.1  20.9    2:55   ENE
31  16.3  20.0   16:20  12.6   00:00   2.1   0.2   2.6   6.3  33.8   15:25    NW
-------------------------------------------------------------------------------------
    17.9  29.8    29     8.6    23    60.6  48.5  33.4   5.5  54.7    19     SSW

Max >=  32.0:  0
Max <=   0.0:  0
Min <=   0.0:  0
Min <= -18.0:  0
Max Rain: 6.40 ON 12.08.17
Days of Rain: 15 (> .2 mm) 8 (> 2 mm) 0 (> 20 mm)
Heat Base:  18.3  Cool Base:  18.3  Method: Integration