Home  Year 2017  Year 2016  Year 2015  Year 2014  Year 2013  Year 2012  Year 2011  Year 2010  Jan  Feb  Mar  Apr  May  June  July  Aug  Sept  Oct  Nov  Dec

Monthly Climatological Summary for Weener-Kirchborgum, Germany

                   MONTHLY CLIMATOLOGICAL SUMMARY for JUL. 2017

NAME: DAVIS   CITY: Weener-Kirchborgum   STATE: Germany 
ELEV:     0 m  LAT:  53 11' 30" N  LONG:   7 23' 58" E

                   TEMPERATURE (C), RAIN  (mm), WIND SPEED (km/hr)

                                      HEAT  COOL        AVG
    MEAN                              DEG   DEG         WIND                 DOM
DAY TEMP  HIGH   TIME   LOW    TIME   DAYS  DAYS  RAIN  SPEED HIGH   TIME    DIR
------------------------------------------------------------------------------------
 1  16.9  22.3   16:30  14.3   00:00   2.0   0.6   2.4   7.4  32.2   15:10     N
 2  16.3  21.6   16:00  11.8   00:00   2.5   0.5   0.2   8.0  35.4   13:45     W
 3  16.2  23.0   12:45   9.7    4:55   3.2   1.2   0.4   9.2  41.8   12:45     W
 4  16.5  21.4   15:00   9.3    5:50   2.6   0.7   0.0   5.6  32.2   15:50     W
 5  16.7  21.9   15:45  12.8    7:10   2.4   0.8   0.6   4.3  19.3    7:30   ENE
 6  19.2  25.9   16:55  10.9    6:10   2.0   2.9   0.0   3.5  19.3   22:25   ENE
 7  21.7  27.9   16:45  16.4    5:20   0.3   3.7   0.6   3.5  19.3   18:05    NW
 8  18.7  23.2   10:45  14.3   23:45   0.9   1.2   3.4   5.1  25.7   11:10     W
 9  17.9  24.7   16:20   9.1    6:00   2.5   2.2   0.0   2.7  19.3   20:20     N
10  19.6  25.8   18:00  14.4    2:10   1.2   2.5   1.0   3.9  19.3    7:40   ENE
11  19.0  24.2   14:00  15.9    6:00   0.5   1.2   1.6   6.4  32.2   11:40   SSW
12  15.7  18.0   17:50  12.5   00:00   2.6   0.0   7.0   7.9  45.1   16:30     N
13  16.1  21.3   16:15  10.5    3:40   2.9   0.7   0.0   4.3  24.1   12:55    NW
14  16.2  23.0   12:35  12.2    3:15   2.9   0.8   4.0   5.1  27.4   13:45    SW
15  17.4  22.7   19:20  11.6    3:25   2.0   1.2   0.2   4.0  20.9   11:55     W
16  18.2  21.4   16:10  15.9    8:25   0.8   0.7   3.8   6.9  27.4   12:25   SSW
17  18.0  23.6   15:35  11.4    6:25   1.9   1.6   0.0   4.5  24.1   17:00    NW
18  17.7  24.4   16:40   9.7    6:05   2.5   1.9   0.0   4.3  22.5    9:35   ENE
19  21.1  29.5   17:10  14.2    6:05   1.1   3.9  11.4   7.2  41.8   18:55     E
20  20.3  26.8   17:15  17.6   00:00   0.0   2.0   9.8   5.1  49.9   18:05    SE
21  19.0  24.8   17:05  12.6    6:25   1.6   2.3   0.0   4.3  22.5   21:00    SW
22  20.4  27.4   16:15  14.2    3:50   1.3   3.4   8.6   5.3  29.0   22:05     E
23  18.1  23.8   14:10  15.3   23:45   1.0   0.7  20.4   6.9  59.5    2:20   SSW
24  16.2  18.2   13:40  14.3    6:25   2.1   0.0   1.0   3.1  16.1   14:20   SSE
25  17.3  20.3   12:45  15.3    1:35   1.2   0.2   1.0   7.7  33.8   13:40   NNW
26  19.8  25.1   14:50  13.1    6:30   1.1   2.6   0.0   4.0  22.5   12:25    NW
27  19.3  23.6   14:55  13.9   00:00   0.4   1.4   0.2   6.8  32.2    9:20     W
28  17.6  22.8   13:55  13.2    2:20   1.8   1.1   0.0   9.5  45.1   16:50   SSW
29  18.6  23.2   17:25  15.7    5:40   0.8   1.0   5.6  10.0  38.6    9:40   SSW
30  19.6  25.8   13:40  15.3   00:00   0.8   2.1   9.0   8.4  46.7   11:20    SW
31  19.3  25.6   15:55  12.4    5:55   1.6   2.6   0.0   5.6  25.7   16:40   SSW
-------------------------------------------------------------------------------------
    18.2  29.5    19     9.1     9    50.4  47.5  92.2   5.8  59.5    23       W

Max >=  32.0:  0
Max <=   0.0:  0
Min <=   0.0:  0
Min <= -18.0:  0
Max Rain: 20.40 ON 23.07.17
Days of Rain: 21 (> .2 mm) 11 (> 2 mm) 1 (> 20 mm)
Heat Base:  18.3  Cool Base:  18.3  Method: Integration