Home  Year 2017  Year 2016  Year 2015  Year 2014  Year 2013  Year 2012  Year 2011  Year 2010  Jan  Feb  Mar  Apr  May  June  July  Aug  Sept  Oct  Nov  Dec

Monthly Climatological Summary for Weener-Kirchborgum, Germany

                   MONTHLY CLIMATOLOGICAL SUMMARY for JUN. 2017

NAME: DAVIS   CITY: Weener-Kirchborgum   STATE: Germany 
ELEV:     0 m  LAT:  53 11' 30" N  LONG:   7 23' 58" E

                   TEMPERATURE (C), RAIN  (mm), WIND SPEED (km/hr)

                                      HEAT  COOL        AVG
    MEAN                              DEG   DEG         WIND                 DOM
DAY TEMP  HIGH   TIME   LOW    TIME   DAYS  DAYS  RAIN  SPEED HIGH   TIME    DIR
------------------------------------------------------------------------------------
 1  15.0  23.3   17:55   5.9    5:30   4.5   1.2   0.0   3.4  22.5   19:50     N
 2  18.8  27.1   14:35   8.1    4:50   3.0   3.5   0.0   3.5  25.7   13:35   ENE
 3  20.6  26.4   16:50  14.9    5:00   0.8   3.1   2.2   3.7  24.1   12:55   ENE
 4  16.8  22.0   11:50  10.7   00:00   2.2   0.7   0.0   7.6  30.6   14:50     W
 5  16.7  23.6   14:00   8.8    5:20   3.2   1.6   0.0   7.4  33.8   11:00   SSW
 6  16.4  22.2   11:15  12.1   00:00   2.3   0.4   2.2  15.1  56.3   17:20    SE
 7  12.5  13.3   13:30  11.4    3:40   5.8   0.0   7.4  15.0  49.9   14:25    SW
 8  16.2  21.4   18:35  12.6    7:00   2.7   0.6   0.6   9.7  30.6    3:25   SSW
 9  16.7  20.0    9:05  12.4   23:55   1.9   0.3   8.8   6.8  38.6   17:15     W
10  17.7  22.8   13:10  10.7    5:20   2.3   1.7   0.0   6.6  27.4   12:50   SSW
11  21.4  28.6   14:20  13.6    5:40   1.0   4.2   0.0   7.4  32.2   14:35   SSW
12  16.7  20.8   13:10  14.3    5:10   1.8   0.2   0.0   9.5  40.2   20:15   WSW
13  16.3  20.3   14:20  10.7   23:55   2.3   0.3   0.0   8.4  33.8   14:10     W
14  17.2  24.7   14:35   8.4    3:45   3.2   2.1   0.0   3.1  19.3   18:20   ENE
15  20.3  29.4   16:50  11.9    5:10   1.9   3.8   0.0   6.3  38.6   18:50   ENE
16  16.8  20.6   10:40  12.4   00:00   1.9   0.3   0.0  11.3  46.7   15:10     W
17  16.7  22.0   17:20  10.4    5:05   2.6   1.0   0.0   6.6  25.7   17:15     W
18  21.0  28.2   16:20  12.1    4:20   1.7   4.4   0.0   2.7  17.7   20:15     W
19  24.2  31.8   15:20  15.4    3:25   0.6   6.5   0.0   3.2  19.3   19:45   ENE
20  18.9  22.8   11:10  13.3   00:00   1.0   1.6   0.0   6.8  29.0   17:45   NNE
21  17.9  25.9   17:55   9.4    4:25   2.7   2.3   0.0   3.1  22.5   20:55   ENE
22  22.7  33.7   15:20  13.8    3:35   1.1   5.5   0.8   8.2  43.5   18:35     W
23  19.1  24.5   12:45  16.1    6:20   0.8   1.6   0.2  11.4  46.7    0:20     W
24  18.1  22.1   15:20  16.1    0:20   0.9   0.7   3.0   9.5  43.5   15:10    SW
25  17.3  21.7   13:25  15.1   00:00   1.3   0.3   3.4   8.5  35.4   13:10     W
26  16.8  21.7   14:10  10.8   00:00   2.3   0.8   1.2   6.3  32.2   11:30     W
27  15.8  23.1   15:20   7.8    4:30   3.5   1.0   1.0   4.2  27.4   18:35   ENE
28  17.8  21.7   14:40  14.7    5:30   1.2   0.7   3.4   7.6  30.6   11:30     E
29  18.2  24.6   14:05  15.8   23:55   0.9   0.8   4.8   3.9  24.1   16:30    SE
30  16.6  19.4   13:25  14.8   21:40   1.8   0.1   5.2   5.8  29.0   11:20     W
-------------------------------------------------------------------------------------
    17.9  33.7    22     5.9     1    63.0  51.3  44.2   7.1  56.3     6       W

Max >=  32.0:  1
Max <=   0.0:  0
Min <=   0.0:  0
Min <= -18.0:  0
Max Rain: 8.79 ON 09.06.17
Days of Rain: 14 (> .2 mm) 9 (> 2 mm) 0 (> 20 mm)
Heat Base:  18.3  Cool Base:  18.3  Method: Integration