Home  Year 2017  Year 2016  Year 2015  Year 2014  Year 2013  Year 2012  Year 2011  Year 2010  Jan  Feb  Mar  Apr  May  June  July  Aug  Sept  Oct  Nov  Dec

Monthly Climatological Summary for Weener-Kirchborgum, Germany

                   MONTHLY CLIMATOLOGICAL SUMMARY for MAY. 2017

NAME: DAVIS   CITY: Weener-Kirchborgum   STATE: Germany 
ELEV:     0 m  LAT:  53 11' 30" N  LONG:   7 23' 58" E

                   TEMPERATURE (C), RAIN  (mm), WIND SPEED (km/hr)

                                      HEAT  COOL        AVG
    MEAN                              DEG   DEG         WIND                 DOM
DAY TEMP  HIGH   TIME   LOW    TIME   DAYS  DAYS  RAIN  SPEED HIGH   TIME    DIR
------------------------------------------------------------------------------------
 1  12.1  16.4   18:20   6.9    6:20   6.3   0.0   0.0  13.4  46.7    4:35     E
 2  10.9  15.7   13:40   8.1   00:00   7.3   0.0   0.8  14.2  40.2   13:55   ENE
 3  11.4  17.1   15:50   7.9    2:10   6.9   0.0   0.6  14.8  37.0   19:30   ENE
 4   9.3  12.8   16:55   7.2    9:10   9.0   0.0   1.8  17.7  43.5   18:40   ENE
 5   8.4   9.9   12:30   6.8    5:35   9.9   0.0   0.2  10.1  33.8   11:50   ENE
 6  11.9  16.9   14:20   8.1    1:25   6.4   0.0   0.2   8.2  38.6   15:35   ENE
 7  13.3  19.2   14:05   9.1   22:05   5.0   0.0   0.0   7.7  27.4   22:15    NW
 8   9.7  13.7   17:10   3.9   23:30   8.6   0.0   0.0  10.0  40.2   14:25   NNE
 9   8.0  13.9   16:00   0.8    5:20  10.3   0.0   0.0   4.8  29.0   17:25    NW
10   9.8  14.7   17:00   6.1   00:00   8.5   0.0   0.0   4.5  22.5    9:15     W
11  13.2  22.6   16:50   2.6    6:15   6.0   0.9   0.0   7.1  32.2   15:00     E
12  15.3  18.5   17:50  11.9    5:45   3.0   0.0   0.8   6.3  27.4   13:45    SE
13  16.8  23.3   16:10  12.2    0:55   2.4   1.0   4.6   5.6  29.0   16:30   ESE
14  16.2  22.8   13:30   9.3    6:00   3.2   1.1   6.2   5.5  30.6   15:25   SSW
15  16.2  23.7   15:30   7.3    6:05   3.6   1.5   0.2   4.0  22.5   17:35     S
16  19.6  26.8   17:10  15.1    1:05   1.0   2.3   0.0   5.5  22.5   16:55     S
17  22.9  29.4   15:10  15.9    5:55   0.3   5.0   0.0   6.6  30.6   17:00    SE
18  18.3  22.7    8:45  13.2   00:00   0.9   0.9   0.2   7.9  30.6    8:25   NNE
19  14.4  19.3   11:20  11.6   23:55   3.9   0.0   5.6   6.4  32.2   11:00   ENE
20  15.1  20.8   14:55  10.3   00:00   3.6   0.4   0.0   5.6  30.6   15:20   SSW
21  15.6  22.2   14:10   8.2    4:25   3.8   1.1   0.0   5.3  20.9   19:25   SSE
22  17.6  24.9   16:10   8.4    5:35   3.2   2.5   0.0   4.2  22.5   14:25   ENE
23  16.8  24.3   13:20  10.1   22:40   2.8   1.2   0.0   7.9  45.1   14:20   WNW
24  14.2  19.0   16:40   7.6    6:05   4.2   0.1   0.0   6.4  32.2   19:55     W
25  16.0  21.6   17:25  10.4    5:50   3.0   0.7   0.0   5.6  29.0   13:05   NNW
26  17.3  25.0   16:25   9.4    3:15   3.1   2.1   0.0   3.4  22.5   16:35   ENE
27  22.2  29.9   15:30  12.4    1:15   1.7   5.5   0.0   8.2  37.0   16:20    SE
28  21.1  28.3   14:45  13.2   00:00   0.7   3.6   1.6   5.6  30.6   13:15     W
29  19.1  27.0   16:35  11.3    4:10   2.1   2.8   0.0   3.5  20.9   10:30   ENE
30  19.1  25.2   14:40  14.2    2:45   1.1   1.9   0.8   7.6  46.7   14:30     W
31  16.6  20.9   12:35   9.9   00:00   2.3   0.6   0.0   7.6  33.8   12:30    NW
-------------------------------------------------------------------------------------
    15.1  29.9    27     0.8     9   134.3  35.1  23.6   7.5  46.7     1     ENE

Max >=  32.0:  0
Max <=   0.0:  0
Min <=   0.0:  0
Min <= -18.0:  0
Max Rain: 6.20 ON 14.05.17
Days of Rain: 13 (> .2 mm) 3 (> 2 mm) 0 (> 20 mm)
Heat Base:  18.3  Cool Base:  18.3  Method: Integration