Home  Year:  2020  2019  2018  2017  2016  2015  2014  2013  2012  2011  2010  Month:  Jan  Feb  Mar  Apr  May  June  July  Aug  Sept  Oct  Nov  Dec

Monthly Climatological Summary for Weener-Kirchborgum, Germany

                   MONTHLY CLIMATOLOGICAL SUMMARY for APR. 2017

NAME: DAVIS   CITY: Weener-Kirchborgum   STATE: Germany 
ELEV:     0 m  LAT:  53 11' 30" N  LONG:   7 23' 58" E

                   TEMPERATURE (C), RAIN  (mm), WIND SPEED (km/hr)

                                      HEAT  COOL        AVG
    MEAN                              DEG   DEG         WIND                 DOM
DAY TEMP  HIGH   TIME   LOW    TIME   DAYS  DAYS  RAIN  SPEED HIGH   TIME    DIR
------------------------------------------------------------------------------------
 1  12.4  18.3   13:35   8.4    7:55   5.9   0.0   2.0   4.8  43.5   16:30     S
 2  11.7  18.4   12:45   7.9   22:25   6.6   0.0   0.0   7.1  30.6   15:15    SW
 3  10.1  15.2   17:30   6.4   00:00   8.2   0.0   0.0   4.3  20.9    0:15   ENE
 4  10.1  17.1   15:55   3.0    6:50   8.2   0.0   0.0   4.0  17.7   10:45   ESE
 5   9.0  13.6   13:00   4.2    3:45   9.3   0.0   0.0  11.9  45.1   20:20   WNW
 6   8.4  12.1   14:45   3.5    7:40   9.9   0.0   0.0  11.1  38.6    1:25    NW
 7  10.4  15.8   15:55   4.8    1:05   7.9   0.0   0.0  12.1  33.8   14:25     W
 8  10.9  15.2   16:30   8.8    4:05   7.4   0.0   0.4   4.8  20.9    0:40     W
 9  12.8  22.8   16:45   2.6    7:30   6.4   0.9   0.0   4.5  16.1   13:35     S
10  10.0  12.4   15:40   6.1   23:45   8.3   0.0   0.0  12.9  41.8   18:15     W
11   8.8  13.8   13:30   3.2    6:05   9.5   0.0   0.0  10.0  40.2   10:45   WSW
12   9.4  11.8   11:10   6.4   00:00   8.9   0.0   4.0  13.2  40.2   16:55   WSW
13   8.3  12.7   15:55   3.9   00:00   9.9   0.0   0.2  12.1  41.8   13:35     W
14   7.9  13.3   12:05   2.3    5:55  10.4   0.0   0.2   8.0  35.4   15:20   WSW
15   9.3  13.1   13:45   4.8   00:00   9.0   0.0   3.2  16.4  53.1   13:05     W
16   8.0  13.5   14:15   4.2    6:45  10.3   0.0   1.2  11.6  40.2   13:40     W
17   6.4  11.7   16:20   2.0    7:05  11.9   0.0   2.8   7.7  38.6   12:50     W
18   5.1   9.4   16:10   1.2    6:45  13.2   0.0   0.6   9.2  35.4   18:05   NNE
19   4.7   9.9   17:00  -2.1    6:05  13.6   0.0   0.0   5.3  24.1   10:45   ENE
20   6.6  14.6   15:10  -2.3    6:45  11.7   0.0   0.0   4.7  37.0   15:45     W
21  10.6  15.2   12:40   5.3    0:50   7.7   0.0   0.6  11.4  41.8   17:00     W
22   7.2  12.2   17:00   3.5    6:50  11.1   0.0   2.4  13.7  51.5   16:50   WNW
23   6.3  10.8   14:35   2.8   00:00  12.0   0.0   1.8   9.5  43.5   16:55     W
24   7.7  12.6   11:15   2.8    0:50  10.6   0.0   1.8   9.5  41.8    7:50    SW
25   6.6  11.2   16:55   3.1    6:55  11.7   0.0   2.0   9.3  38.6   14:10     W
26   6.1  12.6   14:20   0.3    6:50  12.3   0.0   1.8   5.1  25.7   13:35     W
27   6.7  13.9   16:10   1.1    6:15  11.6   0.0   0.0   6.9  38.6   16:10   WSW
28   8.1  12.7   14:30   2.4   23:55  10.2   0.0   0.8   8.0  37.0   12:35   WNW
29   7.8  14.4   15:55   1.4    4:20  10.5   0.0   0.4   6.0  25.7   11:05     W
30   9.9  17.1   16:45   1.0    6:05   8.4   0.0   0.0  14.3  48.3   12:30     E
-------------------------------------------------------------------------------------
     8.6  22.8     9    -2.3    20   292.6   0.9  26.2   9.0  53.1    15       W

Max >=  32.0:  0
Max <=   0.0:  0
Min <=   0.0:  2
Min <= -18.0:  0
Max Rain: 3.99 ON 12.04.17
Days of Rain: 17 (> .2 mm) 6 (> 2 mm) 0 (> 20 mm)
Heat Base:  18.3  Cool Base:  18.3  Method: Integration