Home  Year 2017  Year 2016  Year 2015  Year 2014  Year 2013  Year 2012  Year 2011  Year 2010  Jan  Feb  Mar  Apr  May  June  July  Aug  Sept  Oct  Nov  Dec

Monthly Climatological Summary for Weener-Kirchborgum, Germany

                   MONTHLY CLIMATOLOGICAL SUMMARY for MAR. 2017

NAME: DAVIS   CITY: Weener-Kirchborgum   STATE: Germany 
ELEV:     0 m  LAT:  53 11' 30" N  LONG:   7 23' 58" E

                   TEMPERATURE (C), RAIN  (mm), WIND SPEED (km/hr)

                                      HEAT  COOL        AVG
    MEAN                              DEG   DEG         WIND                 DOM
DAY TEMP  HIGH   TIME   LOW    TIME   DAYS  DAYS  RAIN  SPEED HIGH   TIME    DIR
------------------------------------------------------------------------------------
 1   5.1   9.4   15:55   1.9    4:45  13.2   0.0   1.8   9.8  35.4    0:40    SW
 2   5.2   7.3   13:00   2.1    8:40  13.1   0.0   4.8  11.7  54.7   17:00   WSW
 3   6.2  10.8   12:25   1.8    7:35  12.1   0.0   0.0   9.7  30.6    1:20     S
 4   8.8  14.6   14:50   3.7    6:45   9.5   0.0   0.0   7.1  22.5   11:25   ESE
 5   8.3  11.7   13:50   5.2    4:55  10.0   0.0   1.4  11.7  41.8   10:40   SSW
 6   6.9   9.6   13:20   5.1   00:00  11.4   0.0   0.4   7.1  27.4   18:50   ENE
 7   4.2   5.7   14:10   3.2   00:00  14.1   0.0   0.0   6.1  20.9    2:25   ENE
 8   5.5   7.9   19:55   2.4    1:40  12.8   0.0   4.2  11.9  48.3   11:45     S
 9   7.0   9.8   14:25   4.9    4:00  11.3   0.0   0.4  14.3  51.5   16:35     W
10   6.8  11.7   13:30   2.3    6:50  11.4   0.0   0.2   8.0  30.6    0:15     W
11   8.2  13.4   14:40   4.3    1:25  10.1   0.0   0.0   8.2  30.6   23:35   ESE
12   7.1  12.1   14:50   2.7    6:45  11.2   0.0   0.0  13.8  38.6   13:30     E
13   6.1  13.6   12:55   0.4    7:05  12.2   0.0   0.0   7.4  25.7   18:40     E
14   9.4  16.3   13:55   3.9    0:25   8.8   0.0   0.0  10.1  35.4   12:40   WSW
15   8.6  13.2   13:50   4.8   00:00   9.7   0.0   0.0   8.7  30.6   10:05     W
16   9.2  17.5   14:35   2.4    6:40   9.1   0.0   0.0   7.6  35.4   14:05    SW
17   7.9  10.4   14:35   6.2   23:15  10.4   0.0   2.4  16.3  49.9   13:00     W
18   7.3  10.1   14:10   3.1   23:05  11.0   0.0   4.6  16.6  64.4    7:35     W
19   8.8  11.3   12:45   3.6    0:05   9.5   0.0  11.0  11.3  48.3   12:25   WSW
20  10.6  12.2   13:30   8.4   00:00   7.7   0.0   3.4  16.4  59.5   19:45    SW
21   7.3  11.8   12:25   3.2   00:00  11.0   0.0   0.2  14.3  56.3   11:35    SW
22   6.9  13.6   15:30   0.7    6:25  11.4   0.0   0.0   7.9  30.6   13:30     S
23   7.2  12.7   12:55   1.7    6:30  11.1   0.0   0.0  13.5  35.4   11:50   ENE
24   7.9  14.3   15:00   1.9    6:20  10.4   0.0   0.0   9.7  30.6   11:40   ENE
25   6.5  14.1   13:50  -0.7    6:05  11.8   0.0   0.0   4.7  25.7   14:30     N
26   6.4  11.6   17:25   0.8    5:05  11.4   0.0   0.0   4.3  20.9   17:25   ENE
27   9.8  18.9   17:15   2.9    7:25   8.5   0.0   0.2   5.3  19.3    3:45   ENE
28  11.5  21.1   15:20   3.3    7:55   7.2   0.4   0.0   5.5  33.8   16:20   ENE
29  11.1  12.3   15:00   9.9    3:15   7.2   0.0   0.8   9.7  32.2    1:25   WSW
30  15.4  22.2   14:35  10.6    6:05   3.7   0.8   0.2   8.5  35.4   14:00    SW
31  16.3  23.7   17:10  11.1    7:30   3.2   1.1   0.2   8.9  35.4   18:45   SSE
-------------------------------------------------------------------------------------
     8.2  23.7    31    -0.7    25   315.5   2.3  36.2   9.9  64.4    18      SW

Max >=  32.0:  0
Max <=   0.0:  0
Min <=   0.0:  1
Min <= -18.0:  0
Max Rain: 11.00 ON 19.03.17
Days of Rain: 16 (> .2 mm) 6 (> 2 mm) 0 (> 20 mm)
Heat Base:  18.3  Cool Base:  18.3  Method: Integration