Home  Year:  2020  2019  2018  2017  2016  2015  2014  2013  2012  2011  2010  Month:  Jan  Feb  Mar  Apr  May  June  July  Aug  Sept  Oct  Nov  Dec

Monthly Climatological Summary for Weener-Kirchborgum, Germany

                   MONTHLY CLIMATOLOGICAL SUMMARY for FEB. 2017

NAME: DAVIS   CITY: Weener-Kirchborgum   STATE: Germany 
ELEV:     0 m  LAT:  53 11' 30" N  LONG:   7 23' 58" E

                   TEMPERATURE (C), RAIN  (mm), WIND SPEED (km/hr)

                                      HEAT  COOL        AVG
    MEAN                              DEG   DEG         WIND                 DOM
DAY TEMP  HIGH   TIME   LOW    TIME   DAYS  DAYS  RAIN  SPEED HIGH   TIME    DIR
------------------------------------------------------------------------------------
 1   1.9   2.9   15:55   1.1    5:05  16.4   0.0   0.0  12.2  38.6   10:45    SE
 2   6.2  11.3   14:35   2.3    0:05  12.1   0.0   0.4   9.5  24.1   13:00    SE
 3   6.3   8.8   15:10   4.5    3:55  12.0   0.0   1.6   5.5  20.9    0:30   ESE
 4   5.9   9.6   14:55   3.5   21:40  12.4   0.0   0.2   7.2  22.5    4:05   ENE
 5   4.7   6.2   15:35   3.9    3:55  13.6   0.0   2.0   5.5  17.7   18:55   ENE
 6   3.1   4.3    0:05   1.5   00:00  15.2   0.0   0.0   8.9  29.0   22:35     E
 7   0.6   1.6    0:05  -0.2    4:55  17.7   0.0   0.0  20.4  49.9   13:50     E
 8  -0.6   0.7   13:15  -1.3   22:55  18.8   0.0   0.0  17.9  40.2   10:50   ENE
 9  -2.3  -1.3    0:05  -3.3   23:50  20.6   0.0   0.0  13.4  32.2    9:45   ENE
10  -1.8  -0.2   16:35  -3.6    1:45  20.1   0.0   0.0  14.6  35.4    4:10     E
11  -0.2   1.2   14:45  -1.8   00:00  18.5   0.0   0.0  15.6  41.8   20:05   ENE
12  -0.1   3.2   14:25  -2.2    1:35  18.4   0.0   0.0  17.4  41.8   12:20     E
13   0.4   6.1   14:40  -3.3    6:40  17.9   0.0   0.0  13.7  38.6   14:15     E
14   0.8   7.4   15:25  -3.2    6:30  17.5   0.0   0.0  10.8  35.4   10:45     E
15   4.0  12.4   15:25  -2.9    5:45  14.3   0.0   0.0   5.6  14.5   14:00   SSE
16   5.3   7.1   14:25   3.4    7:20  13.0   0.0   0.0   9.2  27.4   11:30    SW
17   5.9   7.5   13:15   4.2    0:05  12.4   0.0   3.2  10.5  30.6    8:35     W
18   4.3   6.2   13:05   2.2   21:20  14.0   0.0   0.0   5.3  20.9   12:45     W
19   5.8   7.8   15:55   2.6    0:05  12.5   0.0   1.0  10.0  29.0    6:15    SW
20   8.6  10.3   20:40   6.5    3:00   9.7   0.0   3.8  14.5  38.6   19:50    SW
21   7.7  10.3   14:25   5.3   19:40  10.6   0.0   0.0  14.3  40.2   11:25     W
22   8.6  10.1   13:10   5.8   00:00   9.8   0.0   5.6  19.0  59.5   12:30   WSW
23   6.9   9.4   14:55   4.2   00:00  11.4   0.0  10.6  17.2  75.6   20:15   WSW
24   3.9   7.7   12:50   0.6   00:00  14.3   0.0   1.0  14.8  54.7    0:40   WNW
25   3.8   7.2   22:10   0.1    1:30  14.5   0.0   2.0  13.7  41.8   18:10   SSW
26   8.0   9.7   23:40   6.6    4:40  10.3   0.0   0.8  17.2  45.1    0:05    SW
27   9.9  12.4   15:10   6.8   23:45   8.4   0.0   2.6  16.4  49.9   21:35   SSW
28   5.4   8.2   13:20   3.1   23:55  12.9   0.0   0.0  16.4  59.5   13:10    SW
-------------------------------------------------------------------------------------
     4.0  12.4    15    -3.6    10   399.1   0.0  34.8  12.7  75.6    23       E

Max >=  32.0:  0
Max <=   0.0:  2
Min <=   0.0:  9
Min <= -18.0:  0
Max Rain: 10.59 ON 23.02.17
Days of Rain: 13 (> .2 mm) 7 (> 2 mm) 0 (> 20 mm)
Heat Base:  18.3  Cool Base:  18.3  Method: Integration