Home  Year:  2020  2019  2018  2017  2016  2015  2014  2013  2012  2011  2010  Month:  Jan  Feb  Mar  Apr  May  June  July  Aug  Sept  Oct  Nov  Dec

Monthly Climatological Summary for Weener-Kirchborgum, Germany

                   MONTHLY CLIMATOLOGICAL SUMMARY for JAN. 2017

NAME: DAVIS   CITY: Weener-Kirchborgum   STATE: Germany 
ELEV:     0 m  LAT:  53 11' 30" N  LONG:   7 23' 58" E

                   TEMPERATURE (C), RAIN  (mm), WIND SPEED (km/hr)

                                      HEAT  COOL        AVG
    MEAN                              DEG   DEG         WIND                 DOM
DAY TEMP  HIGH   TIME   LOW    TIME   DAYS  DAYS  RAIN  SPEED HIGH   TIME    DIR
------------------------------------------------------------------------------------
 1   2.9   4.1    3:30   1.9   23:50  15.4   0.0   0.6  13.7  35.4   13:00    SW
 2   2.5   5.0   14:35   1.0    7:00  15.8   0.0   1.2   7.9  35.4    7:50     W
 3   4.7   7.6   23:30   1.7    0:40  13.7   0.0   1.4  15.8  56.3   00:00   WSW
 4   4.6   7.6    0:05   0.8   21:45  13.8   0.0   2.6  18.3  61.2    2:10   WNW
 5  -1.8   1.4    0:05  -5.4   22:25  20.1   0.0   0.2   5.5  24.1   14:30   NNE
 6  -4.3  -1.6   15:25  -7.2    5:25  22.6   0.0   0.0   6.6  25.7   23:50     S
 7  -0.2   2.1   21:50  -1.9    4:20  18.5   0.0   0.0  10.8  35.4   10:05    SW
 8   2.3   3.7   12:20   0.7    3:40  16.0   0.0   0.8   3.5  16.1   22:35     N
 9   3.2   5.0   23:40   1.9    5:15  15.1   0.0   0.2   9.8  38.6   23:15     S
10   4.7   6.2   13:35   3.7   17:35  13.7   0.0   3.4   9.3  35.4    4:15     S
11   5.9   8.3   13:50   3.7   00:00  12.4   0.0   4.2  22.2  61.2   19:45     W
12   4.3   6.6   13:00   3.2    3:35  13.9   0.0   4.0  13.7  54.7    2:10   WSW
13   2.3   4.7   23:30   0.9    3:20  16.0   0.0  11.8  14.2  66.0   23:35    SW
14   2.1   4.7    0:05   0.3   21:25  16.2   0.0   4.0  13.8  62.8    0:10    NW
15   0.4   3.2   14:50  -1.7   23:35  17.8   0.0   2.2   5.5  33.8    2:50     W
16  -4.3   0.6   15:10  -8.1   00:00  22.6   0.0   0.4   1.4   9.7    0:10     N
17  -4.6  -0.7   14:15  -8.3    0:20  22.9   0.0   0.2   2.4  11.3   18:00     S
18  -3.0  -1.1   15:05  -5.4    3:00  21.3   0.0   0.0   3.4  12.9   14:55     S
19  -0.8   4.2   14:25  -4.1    5:40  19.1   0.0   0.8   2.6  11.3    0:40     S
20  -0.7   2.0   15:50  -4.5    4:55  19.0   0.0   0.2   1.8  11.3    6:25   SSW
21   1.4   3.0   14:25  -0.9   00:00  16.8   0.0   0.0   3.7  14.5   21:45     N
22  -2.2   0.7   13:15  -4.4    9:05  20.5   0.0   0.2   3.9  16.1   15:40     E
23  -0.3   1.5   15:55  -2.8    0:05  18.6   0.0   0.0   5.0  19.3   23:00   SSW
24   0.8   1.7   12:00   0.1   23:40  17.5   0.0   0.0   5.0  19.3    0:15   SSW
25  -1.0   0.5   15:30  -3.7   23:50  19.3   0.0   0.2   5.3  20.9   12:10     E
26  -1.6   2.3   14:45  -4.1    2:00  19.9   0.0   0.0   8.7  29.0   13:20     E
27  -0.5   5.7   15:15  -4.7    7:45  18.8   0.0   0.0   8.2  24.1   11:30     E
28   3.6   8.6   13:05  -0.7    4:15  14.7   0.0   0.0   6.4  19.3    5:55   ESE
29   4.6   5.7   15:20   3.5    5:35  13.7   0.0   0.8   9.8  38.6   13:35   SSW
30   2.9   4.2    0:05   1.8   18:10  15.4   0.0   8.2   9.0  25.7   21:45     E
31   2.7   3.7   14:30   2.2    7:55  15.6   0.0   0.0   6.1  20.9    1:00   NNE
-------------------------------------------------------------------------------------
     1.0   8.6    28    -8.3    17   536.7   0.0  47.6   8.2  66.0    13       S

Max >=  32.0:  0
Max <=   0.0:  3
Min <=   0.0: 16
Min <= -18.0:  0
Max Rain: 11.81 ON 13.01.17
Days of Rain: 21 (> .2 mm) 8 (> 2 mm) 0 (> 20 mm)
Heat Base:  18.3  Cool Base:  18.3  Method: Integration