Home  Year:  2020  2019  2018  2017  2016  2015  2014  2013  2012  2011  2010  Month:  Jan  Feb  Mar  Apr  May  June  July  Aug  Sept  Oct  Nov  Dec

Monthly Climatological Summary for Weener-Kirchborgum, Germany

                   MONTHLY CLIMATOLOGICAL SUMMARY for DEC. 2016

NAME: DAVIS   CITY: Weener-Kirchborgum   STATE: Germany 
ELEV:     0 m  LAT:  53 11' 30" N  LONG:   7 23' 58" E

                   TEMPERATURE (C), RAIN  (mm), WIND SPEED (km/hr)

                                      HEAT  COOL        AVG
    MEAN                              DEG   DEG         WIND                 DOM
DAY TEMP  HIGH   TIME   LOW    TIME   DAYS  DAYS  RAIN  SPEED HIGH   TIME    DIR
------------------------------------------------------------------------------------
 1   7.9   9.8   14:50   4.4    0:45  10.4   0.0   0.2  16.9  45.1   13:20     W
 2   4.8   8.7   14:20  -0.6   23:20  13.5   0.0   0.2   6.0  37.0    2:15    NW
 3   1.4   7.1   14:40  -2.3   00:00  16.8   0.0   0.2   1.6   8.0    0:35   WSW
 4  -3.3   0.3   13:05  -5.2    8:50  21.6   0.0   0.0   2.1   9.7   11:55   ENE
 5  -3.8   1.8   14:55  -6.9   23:45  22.1   0.0   0.2   1.4   8.0    0:05   SSW
 6  -3.2   2.4   15:00  -7.5    2:55  21.5   0.0   0.0   3.4  14.5   22:40   ESE
 7   3.7   6.6   23:40  -0.7    0:05  14.6   0.0   0.0  11.3  35.4   23:30   SSW
 8   7.1   9.1   12:35   5.8    9:10  11.2   0.0   0.2  14.0  35.4    5:00    SW
 9   9.4  10.6   13:40   7.6    0:05   8.8   0.0   0.0  10.8  33.8   10:15    SW
10   8.3   9.4    2:00   7.2    6:35   9.9   0.0   2.4  10.6  35.4    1:35    SW
11   7.9   9.2   14:05   6.3    8:50  10.4   0.0   8.4  14.3  38.6   11:55     W
12   7.2   8.6   13:25   4.7    7:30  11.1   0.0   0.6   6.0  25.7    4:50     W
13   6.2   6.9   14:20   4.4    5:15  12.1   0.0   0.2   6.8  20.9    9:30   SSW
14   7.7   8.6   21:35   6.6    0:05  10.6   0.0   0.8   4.8  20.9    3:05   ESE
15   6.9   8.4    0:05   4.7   23:20  11.4   0.0   0.0  11.4  33.8   18:40   ESE
16   3.5   5.6   14:30   1.9   20:55  14.8   0.0   0.0   7.6  29.0    1:05   ESE
17   4.9   7.4   22:20   2.4    3:50  13.4   0.0   0.0   5.3  24.1   22:20   SSW
18   6.4   8.0   13:15   4.4    4:00  11.8   0.0   0.0   5.6  27.4    2:25     W
19   5.7   7.5   14:05   3.7   17:55  12.6   0.0   0.0   4.7  22.5   17:35   ESE
20   1.8   4.3    0:05   0.2   21:30  16.5   0.0   0.0  10.6  27.4   20:25     E
21   3.3   6.6   18:00  -0.7    2:10  15.0   0.0   1.8  13.2  38.6   13:10   SSW
22   5.6   7.3   15:30   4.3   20:30  12.7   0.0   0.6  11.3  33.8   21:25   SSW
23   5.8   6.9   17:55   4.4    0:05  12.5   0.0   0.8  15.8  57.9   22:55   SSW
24   7.0   8.8   23:00   5.3    9:35  11.3   0.0   0.8  15.4  53.1   22:30   WSW
25   9.8  11.2   21:40   8.3    0:05   8.5   0.0   0.6  15.4  53.1    0:10   WSW
26   8.3  11.4    4:15   5.0   22:30  10.0   0.0   1.2  24.6  69.2   12:15     W
27   6.9   9.3   13:20   4.3   00:00  11.4   0.0   0.0  16.7  43.5    2:30     W
28   5.2   7.3   14:40   3.0   00:00  13.1   0.0   0.2   5.6  20.9   15:15     W
29   1.3   5.2   15:00  -1.0   22:30  17.0   0.0   0.0   5.1  19.3    3:50     S
30  -0.1   2.2   14:25  -2.0    8:50  18.3   0.0   0.2   6.8  20.9   13:00    SW
31   2.9   4.3   14:05   1.4    0:05  15.4   0.0   0.2  13.0  35.4   19:10    SW
-------------------------------------------------------------------------------------
     4.7  11.4    26    -7.5     6   420.4   0.0  19.8   9.6  69.2    26      SW

Max >=  32.0:  0
Max <=   0.0:  0
Min <=   0.0:  9
Min <= -18.0:  0
Max Rain: 8.41 ON 11.12.16
Days of Rain: 19 (> .2 mm) 2 (> 2 mm) 0 (> 20 mm)
Heat Base:  18.3  Cool Base:  18.3  Method: Integration