Home  Year:  2020  2019  2018  2017  2016  2015  2014  2013  2012  2011  2010  Month:  Jan  Feb  Mar  Apr  May  June  July  Aug  Sept  Oct  Nov  Dec

Monthly Climatological Summary for Weener-Kirchborgum, Germany

                   MONTHLY CLIMATOLOGICAL SUMMARY for SEP. 2016

NAME: DAVIS   CITY: Weener-Kirchborgum   STATE: Germany 
ELEV:     0 m  LAT:  53 11' 30" N  LONG:   7 23' 58" E

                   TEMPERATURE (C), RAIN  (mm), WIND SPEED (km/hr)

                                      HEAT  COOL        AVG
    MEAN                              DEG   DEG         WIND                 DOM
DAY TEMP  HIGH   TIME   LOW    TIME   DAYS  DAYS  RAIN  SPEED HIGH   TIME    DIR
------------------------------------------------------------------------------------
 1  17.6  23.4   14:50  12.9   23:45   2.1   1.3   0.0   4.7  29.0   15:45    NW
 2  17.2  23.4   13:25  11.8    3:40   2.5   1.4   1.6   6.0  27.4   16:05     S
 3  18.4  24.2   14:05  14.9    4:10   1.2   1.3   0.4   6.6  30.6   13:25    SW
 4  17.9  21.9   15:35  15.7   23:35   0.9   0.5  10.2  10.6  40.2   16:40   SSW
 5  18.3  23.9   15:20  13.2    6:05   1.6   1.7   0.2   4.2  20.9    0:15     N
 6  19.2  26.5   15:00  12.2    7:30   1.9   2.8   0.0   4.0  20.9   13:35     S
 7  20.0  28.2   14:55  13.3    7:40   1.6   3.3   0.0   3.1  14.5   17:10   ENE
 8  20.4  29.3   15:55  12.9    6:40   1.7   3.8   0.0   4.5  24.1   14:30     E
 9  19.5  25.6   15:40  14.0    7:15   1.2   2.4   0.0   4.0  22.5   14:55   SSW
10  19.1  27.3   15:50  12.1    7:40   2.0   2.8   0.2   3.5  19.3   15:00   SSE
11  18.3  21.4   15:05  14.9    5:40   1.0   1.0   0.0   3.1  14.5    8:50   ENE
12  21.7  30.3   16:10  14.8    7:45   0.9   4.3   0.0   2.7  11.3    0:55   ENE
13  23.4  31.8   15:55  16.1    7:40   0.3   5.5   0.0   3.4  19.3   16:15   ENE
14  22.9  30.6   16:25  16.6    6:45   0.3   4.9   0.0   4.2  20.9   14:30   ENE
15  21.0  27.6   15:10  15.5    7:35   0.5   3.2   0.0   6.3  35.4   11:55   ENE
16  18.2  22.5   16:00  14.8    3:15   1.0   0.9   0.2   5.5  22.5   16:00   SSW
17  17.3  22.8   15:05  13.3    6:55   1.9   1.0   0.2   4.3  20.9   13:00   NNE
18  17.3  20.8   13:40  14.2    8:10   1.5   0.4   0.0   8.9  33.8   12:25   ENE
19  16.3  20.9   16:10  12.7    7:40   2.5   0.5   0.0   4.0  17.7   12:25   ENE
20  15.3  19.8   17:00  12.5    1:50   3.2   0.2   0.0   1.9  11.3   12:40   ENE
21  16.1  22.2   15:30   9.8    7:10   3.3   1.0   0.0   1.9  12.9   13:45   ENE
22  15.6  23.1   14:45   8.8    8:05   3.7   1.0   0.0   3.7  17.7   12:30   SSW
23  16.4  22.8   15:30  11.2   00:00   2.7   0.8   0.0   5.1  24.1   11:30     S
24  15.6  23.6   15:20   9.4    4:55   4.0   1.3   0.0   6.3  32.2   15:10     S
25  17.7  25.6   16:20  10.9    6:55   2.6   1.9   0.0   7.2  29.0   13:20    SE
26  16.0  23.4   14:40  10.9    7:50   3.3   1.0   0.0   2.9  16.1    0:10    SW
27  14.8  22.7   14:15   8.2    8:35   4.4   1.0   0.0   4.5  27.4   15:00   SSW
28  18.2  22.2   13:55  15.1    0:05   1.0   1.0   0.0  10.9  43.5   12:35    SW
29  16.4  18.6   15:25  13.6   22:30   1.9   0.0   4.8  14.5  54.7   17:30    SW
30  14.2  18.8   13:05  10.8   00:00   4.2   0.0   1.0   7.7  29.0   12:20    SW
-------------------------------------------------------------------------------------
    18.0  31.8    13     8.2    27    60.8  52.2  18.8   5.3  54.7    29     ENE

Max >=  32.0:  0
Max <=   0.0:  0
Min <=   0.0:  0
Min <= -18.0:  0
Max Rain: 10.21 ON 04.09.16
Days of Rain: 9 (> .2 mm) 2 (> 2 mm) 0 (> 20 mm)
Heat Base:  18.3  Cool Base:  18.3  Method: Integration