Home  Year:  2020  2019  2018  2017  2016  2015  2014  2013  2012  2011  2010  Month:  Jan  Feb  Mar  Apr  May  June  July  Aug  Sept  Oct  Nov  Dec

Monthly Climatological Summary for Weener-Kirchborgum, Germany

                   MONTHLY CLIMATOLOGICAL SUMMARY for AUG. 2016

NAME: DAVIS   CITY: Weener-Kirchborgum   STATE: Germany 
ELEV:     0 m  LAT:  53 11' 30" N  LONG:   7 23' 58" E

                   TEMPERATURE (C), RAIN  (mm), WIND SPEED (km/hr)

                                      HEAT  COOL        AVG
    MEAN                              DEG   DEG         WIND                 DOM
DAY TEMP  HIGH   TIME   LOW    TIME   DAYS  DAYS  RAIN  SPEED HIGH   TIME    DIR
------------------------------------------------------------------------------------
 1  16.3  22.6   14:10  12.3    0:35   2.7   0.7   6.2   4.7  29.0   12:20    SW
 2  17.1  22.4   13:30  11.9    3:00   2.3   1.1   0.4   6.0  20.9    9:05     S
 3  19.4  22.7   15:05  16.7    0:10   0.3   1.4   1.4   9.5  38.6   14:45   SSW
 4  18.6  22.1   15:30  15.6   00:00   0.8   1.1   0.0  12.4  43.5   16:00   SSW
 5  17.9  23.0   11:55  13.7    6:20   1.7   1.4   0.8   7.6  35.4   15:15     W
 6  17.6  23.5   15:20  13.5    1:15   1.9   1.1   1.0   5.3  27.4   18:50     W
 7  17.9  24.8   13:25  11.8    3:55   2.1   1.7   0.0   9.3  40.2   12:05   SSW
 8  18.3  23.4   13:15  12.6   23:15   0.9   0.9   0.8  11.9  45.1   13:30     W
 9  14.3  19.1   11:05   9.8    5:50   4.1   0.0   3.0   7.6  35.4   16:05     W
10  13.8  18.5   16:20   9.7   00:00   4.5   0.0   4.6   7.4  37.0   16:20     W
11  12.4  15.6   17:25   8.7    4:15   5.9   0.0   3.2   9.7  37.0   12:50   SSW
12  17.7  21.9   16:00  14.9    0:05   1.2   0.6   0.4   6.3  32.2   15:15     W
13  17.6  21.3   12:25  14.4   23:55   1.4   0.7   0.0   7.7  30.6   10:45    SW
14  16.7  21.9   14:50  12.2    6:25   2.3   0.7   0.0   4.3  24.1   13:50    NW
15  16.4  22.2   14:15  12.3    1:30   2.6   0.7   0.0   2.9  19.3   15:50     W
16  15.4  21.6   17:35   9.3    5:00   3.6   0.7   0.0   3.2  17.7   15:50     N
17  17.0  23.6   16:55   9.3    4:45   3.1   1.8   0.2   3.7  19.3   14:00   ENE
18  17.2  25.0   16:30   8.4    6:30   3.1   1.9   0.0   3.4  20.9   18:50     N
19  18.7  25.9   16:20   9.9    5:45   2.4   2.8   0.6   3.4  20.9   11:20   NNE
20  19.3  23.7   15:30  14.6   23:20   0.7   1.7   2.0   7.2  38.6   23:40   SSW
21  17.2  21.9   14:05  14.0    6:15   1.7   0.6   2.0  10.6  38.6   10:40     S
22  16.9  19.2   17:05  15.0    3:35   1.6   0.2   2.4   8.4  29.0   10:00   SSW
23  20.9  27.3   15:55  16.7    5:40   0.4   3.1   0.0   4.2  20.9    1:35   SSW
24  23.2  31.2   15:50  15.5    6:55   0.6   5.5   0.2   4.3  22.5   15:20     E
25  25.1  32.6   14:30  17.9    7:00   0.0   6.8   0.0   5.8  24.1   15:05    SE
26  22.4  28.9   10:45  16.6   00:00   0.1   4.2   0.0   5.0  25.7   10:55   NNW
27  19.9  25.6   15:05  14.8    5:20   1.0   2.6   0.0   5.8  30.6   19:20   ENE
28  21.3  26.8   16:05  18.3    6:45   0.0   3.0  17.0   7.6  41.8    0:10   WSW
29  17.9  21.8   12:10  12.4   23:55   1.1   0.6   0.8   6.9  38.6   12:10    NW
30  17.7  25.2   16:40  10.8    4:45   2.8   2.2   0.0   3.5  20.9   12:55     W
31  19.2  27.1   15:40  11.6    7:00   2.1   3.0   0.0   3.7  20.9   15:45     E
-------------------------------------------------------------------------------------
    18.1  32.6    25     8.4    18    58.8  52.9  47.0   6.4  45.1     8     SSW

Max >=  32.0:  1
Max <=   0.0:  0
Min <=   0.0:  0
Min <= -18.0:  0
Max Rain: 16.99 ON 28.08.16
Days of Rain: 18 (> .2 mm) 8 (> 2 mm) 0 (> 20 mm)
Heat Base:  18.3  Cool Base:  18.3  Method: Integration