Home  Year:  2020  2019  2018  2017  2016  2015  2014  2013  2012  2011  2010  Month:  Jan  Feb  Mar  Apr  May  June  July  Aug  Sept  Oct  Nov  Dec

Monthly Climatological Summary for Weener-Kirchborgum, Germany

                   MONTHLY CLIMATOLOGICAL SUMMARY for JUN. 2016

NAME: DAVIS   CITY: Weener-Kirchborgum   STATE: Germany 
ELEV:     0 m  LAT:  53 11' 30" N  LONG:   7 23' 58" E

                   TEMPERATURE (C), RAIN  (mm), WIND SPEED (km/hr)

                                      HEAT  COOL        AVG
    MEAN                              DEG   DEG         WIND                 DOM
DAY TEMP  HIGH   TIME   LOW    TIME   DAYS  DAYS  RAIN  SPEED HIGH   TIME    DIR
------------------------------------------------------------------------------------
 1  20.7  25.8   16:35  15.8    4:50   0.5   3.0   0.0   9.3  43.5   17:20   NNE
 2  19.8  25.6   12:45  15.8   00:00   0.3   1.9  19.4   6.3  29.0   13:55     N
 3  21.1  27.6   13:30  13.0    5:45   1.2   4.1   0.2   5.8  35.4   15:15   ENE
 4  23.1  29.3   15:30  17.2    6:00   0.1   4.9   0.0   7.2  27.4   18:00   ENE
 5  19.9  27.3   13:30  13.1    5:55   1.5   3.1   0.0   5.5  24.1   15:35   NNW
 6  18.6  26.4   16:50  13.5    2:55   2.0   2.3   0.0   4.8  20.9   17:45     N
 7  18.8  26.2   14:55  12.7   00:00   1.9   2.4   0.0   4.3  24.1   16:15     N
 8  13.7  18.2   18:05   9.9    4:35   4.6   0.0   0.0   6.3  32.2   18:30    NW
 9  15.1  19.7   11:45   9.3   23:55   3.3   0.1   0.0   7.1  29.0   18:00    NW
10  14.3  20.8   14:55   7.7    2:20   4.3   0.3   0.0   5.5  25.7   13:00     W
11  15.4  21.3   16:00   9.8    1:55   3.3   0.4   0.0   2.6  16.1   20:05   ENE
12  16.6  19.4   13:45  12.9    6:05   2.0   0.2   3.6   5.1  22.5   18:40   ENE
13  16.7  20.4   16:25  14.8    3:50   1.8   0.2   5.8   3.5  20.9   13:55   ESE
14  17.2  21.4   13:30  14.4    6:55   1.6   0.5   6.8   5.0  33.8   14:45    SW
15  16.4  21.7   12:45  12.6    6:10   2.3   0.4   1.2   4.5  32.2   13:45     S
16  16.9  23.1   13:55  12.3    5:00   2.5   1.1   8.2   4.0  19.3   18:25   SSW
17  15.6  20.0   17:35  12.4   23:55   2.9   0.2  20.0   4.5  24.1   16:10     W
18  15.9  21.8   14:00  11.3    4:05   2.9   0.4   1.2   5.0  30.6   16:30     W
19  14.8  18.5   18:00  11.9   00:00   3.5   0.0   0.0   4.5  27.4   12:00     W
20  14.9  18.8   10:35  10.9    3:30   3.4   0.0  10.4  12.9  40.2    9:40     S
21  19.6  25.1   14:45  14.8    2:10   1.1   2.4   2.0   6.1  32.2    1:05     W
22  21.7  26.3   17:05  16.1    6:30   0.2   3.6   0.4   6.4  25.7   13:30    SW
23  23.8  30.7   13:30  17.7    3:45   0.1   5.6   0.6   4.8  19.3   11:40   ESE
24  21.4  24.6   14:05  17.0   00:00   0.0   3.1   3.2   7.2  25.7    1:50   SSW
25  15.3  17.0    0:05  13.5   00:00   3.0   0.0  14.0   4.5  35.4   18:50     N
26  16.4  21.3   14:10  12.0    5:40   2.4   0.5   3.8   8.5  33.8   14:30   SSW
27  15.4  19.2   12:35  11.8   00:00   2.9   0.0   3.0   9.8  35.4   11:40   SSW
28  16.9  22.4   15:20   9.9    5:00   2.7   1.2   0.0   5.3  24.1   23:10   SSW
29  17.7  22.0   16:00  14.3    5:40   1.3   0.8   2.2   9.3  38.6   13:40    SW
30  16.9  20.6   16:05  14.6    2:25   1.6   0.3   5.4   9.2  32.2   11:30   SSW
-------------------------------------------------------------------------------------
    17.7  30.7    23     7.7    10    61.3  43.1 111.4   6.2  43.5     1     ENE

Max >=  32.0:  0
Max <=   0.0:  0
Min <=   0.0:  0
Min <= -18.0:  0
Max Rain: 19.99 ON 17.06.16
Days of Rain: 19 (> .2 mm) 14 (> 2 mm) 0 (> 20 mm)
Heat Base:  18.3  Cool Base:  18.3  Method: Integration