Home  Year:  2020  2019  2018  2017  2016  2015  2014  2013  2012  2011  2010  Month:  Jan  Feb  Mar  Apr  May  June  July  Aug  Sept  Oct  Nov  Dec

Monthly Climatological Summary for Weener-Kirchborgum, Germany

                   MONTHLY CLIMATOLOGICAL SUMMARY for FEB. 2016

NAME: DAVIS   CITY: Weener-Kirchborgum   STATE: Germany 
ELEV:     0 m  LAT:  53 11' 30" N  LONG:   7 23' 58" E

                   TEMPERATURE (C), RAIN  (mm), WIND SPEED (km/hr)

                                      HEAT  COOL        AVG
    MEAN                              DEG   DEG         WIND                 DOM
DAY TEMP  HIGH   TIME   LOW    TIME   DAYS  DAYS  RAIN  SPEED HIGH   TIME    DIR
------------------------------------------------------------------------------------
 1   9.6  11.8   20:25   6.1    0:05   8.8   0.0   1.6  16.1  70.8   00:00    SW
 2   8.3  10.6    0:05   6.5   21:25   9.9   0.0   0.2  23.3  69.2   16:25   WSW
 3   4.8   7.9   14:05   2.6   23:40  13.5   0.0   1.8  16.9  57.9   12:10   WSW
 4   3.7   5.6   15:35   2.2   23:15  14.6   0.0   4.0   9.8  40.2    3:55   WNW
 5   6.3   8.9   15:45   2.3    0:05  12.0   0.0   6.0  10.1  30.6   12:50    SW
 6   9.2  10.6   14:25   8.2   20:35   9.1   0.0   1.4  13.2  41.8   16:20   SSW
 7   9.2  11.2    9:15   6.7   00:00   9.1   0.0   0.0  15.1  48.3   23:40   SSW
 8   7.9  10.2   13:55   5.7   23:15  10.4   0.0   8.6  26.6  62.8    6:55    SW
 9   5.9   7.7   12:00   2.4   19:50  12.4   0.0  17.2  15.9  53.1    2:40    SW
10   4.7   7.6   14:20   2.1    6:10  13.7   0.0   2.2  23.3  85.3    1:25    SW
11   4.2   8.1   13:50   1.3   00:00  14.1   0.0   0.2  11.1  40.2    0:50   WSW
12   1.8   4.8   16:25  -0.2    6:15  16.5   0.0   0.2   9.2  74.0   16:40   WSW
13   1.4   3.9   16:05  -0.4    7:05  16.9   0.0   0.0  15.6  53.1    4:30   ENE
14   2.3   2.8   16:25   1.1   10:00  15.9   0.0   9.4  17.2  48.3   23:35   ENE
15   1.8   2.9   15:00  -1.7   00:00  16.5   0.0   0.2  12.6  41.8    1:00     N
16   0.4   6.2   14:25  -4.2    7:15  17.9   0.0   0.0   2.9  24.1   20:10   ENE
17  -0.7   3.7   15:20  -4.7    8:20  19.0   0.0   0.2   4.5  33.8   11:00    SE
18   1.3   5.3   13:10  -2.8    5:15  17.0   0.0   0.8   5.5  24.1   14:35   SSW
19   3.3   7.1   13:55   2.0   21:55  15.0   0.0   0.4   5.3  30.6   23:55   SSW
20   6.3   8.7   14:15   2.8    0:05  12.0   0.0   5.8  17.7  56.3    4:00    SW
21   9.1  11.3   23:15   6.9    4:10   9.2   0.0   8.2  16.7  62.8   19:55   WSW
22   6.6  11.2    0:05   3.2   23:55  11.7   0.0   3.8  15.0  56.3    0:15     W
23   4.0   8.3   13:40   1.2   22:55  14.3   0.0   0.8  11.7  46.7   16:25   WSW
24   2.6   7.0   13:35   0.1   00:00  15.7   0.0   0.8  10.0  41.8   14:05   WSW
25   1.9   6.8   14:30  -0.4    4:10  16.4   0.0   0.2   9.0  40.2   11:15   WSW
26   2.3   8.5   15:10  -0.8    6:10  16.0   0.0   0.2   6.3  24.1   11:30   WSW
27   2.2   7.7   13:55  -1.5    5:35  16.2   0.0   0.2   7.4  27.4   15:40   ENE
28   2.2   7.7   15:25  -2.4    8:20  16.1   0.0   0.2   5.0  29.0   16:15    NE
29   1.6   7.1   13:55  -2.7    7:15  16.7   0.0   0.0   6.0  27.4   13:05   NNE
-------------------------------------------------------------------------------------
     4.3  11.8     1    -4.7    17   406.7   0.0  74.6  12.4  85.3    10     WSW

Max >=  32.0:  0
Max <=   0.0:  0
Min <=   0.0: 11
Min <= -18.0:  0
Max Rain: 17.20 ON 09.02.16
Days of Rain: 25 (> .2 mm) 9 (> 2 mm) 0 (> 20 mm)
Heat Base:  18.3  Cool Base:  18.3  Method: Integration