Home  Year:  2020  2019  2018  2017  2016  2015  2014  2013  2012  2011  2010  Month:  Jan  Feb  Mar  Apr  May  June  July  Aug  Sept  Oct  Nov  Dec

Monthly Climatological Summary for Weener-Kirchborgum, Germany

                   MONTHLY CLIMATOLOGICAL SUMMARY for JAN. 2016

NAME: DAVIS   CITY: Weener-Kirchborgum   STATE: Germany 
ELEV:     0 m  LAT:  53 11' 30" N  LONG:   7 23' 58" E

                   TEMPERATURE (C), RAIN  (mm), WIND SPEED (km/hr)

                                      HEAT  COOL        AVG
    MEAN                              DEG   DEG         WIND                 DOM
DAY TEMP  HIGH   TIME   LOW    TIME   DAYS  DAYS  RAIN  SPEED HIGH   TIME    DIR
------------------------------------------------------------------------------------
 1   4.5   7.7   14:55   1.3   21:20  13.8   0.0   0.2   5.6  32.2    3:00     S
 2   3.3   4.7   12:55   0.1   00:00  15.0   0.0   2.2  22.4  53.1   15:25     E
 3  -1.6   0.1    0:05  -2.2    8:50  19.8   0.0   0.0  14.3  51.5    0:55     E
 4  -3.6  -1.7    0:10  -4.6   17:45  21.9   0.0   0.0   2.7  30.6   23:20     E
 5  -3.6  -2.9    5:45  -4.0    0:05  21.9   0.0   0.0  16.3  33.8    6:00     E
 6  -3.7  -2.8   19:10  -4.8    8:20  22.0   0.0   0.0  14.2  33.8    7:35     E
 7  -1.7   3.1   23:55  -3.6    3:55  20.0   0.0   0.0  17.5  37.0   15:15     E
 8   4.6   7.2   13:15   2.2   23:55  13.8   0.0  15.0  16.1  54.7    7:10   WSW
 9   3.4   6.1   22:40   1.1    5:45  14.8   0.0   0.2   8.9  32.2   22:50     S
10   5.9   8.8   13:00   3.3    2:15  12.3   0.0   1.0  11.6  37.0   12:25     S
11   4.4   5.3    0:05   2.7   10:00  13.9   0.0   1.6   8.4  25.7   18:35    SE
12   5.6   6.7   14:55   4.4    9:25  12.8   0.0   2.4  12.7  37.0   13:00    SW
13   4.8   6.4   13:15   1.9   00:00  13.5   0.0   0.6  10.0  38.6    5:55    SW
14   2.5   3.9   15:55   0.9    6:00  15.8   0.0   3.0  11.1  35.4   12:30     S
15   2.3   2.8    0:45   1.7   00:00  16.0   0.0   1.8   7.1  24.1    3:30   ENE
16   0.7   2.4   12:10  -3.4   22:55  17.6   0.0   2.8   6.9  30.6   15:00     W
17  -1.5   1.7   12:50  -4.1   19:35  19.8   0.0   4.6   5.6  25.7    4:30     N
18  -3.5   0.8   14:50  -6.4    9:20  21.8   0.0   1.8   4.5  27.4   11:05   WSW
19  -3.7   0.5   23:55  -8.8    1:35  22.0   0.0   0.0   8.0  37.0    8:35   WSW
20  -0.1   3.3   14:15  -7.2   00:00  18.4   0.0   6.0   5.3  25.7    5:50   WSW
21  -5.9  -1.5   21:20 -10.8    8:45  24.2   0.0   0.0   1.9  16.1   21:25   WSW
22  -2.7   1.3   00:00  -7.7    8:15  21.0   0.0   0.2   8.0  29.0   15:45    SE
23   3.9   6.2   15:35   1.3    0:05  14.4   0.0   9.4   9.3  29.0    4:35    SW
24   5.8   9.3   23:50   4.1    7:15  12.5   0.0   0.6  10.0  27.4   20:30   SSW
25  10.3  12.2   15:35   9.3    0:05   7.9   0.0   0.2  10.8  38.6   22:10    SW
26   9.2  11.3    1:05   6.2    8:20   9.1   0.0   1.0  18.3  57.9   21:40    SW
27  10.6  11.5   16:00   9.0    0:05   7.8   0.0   4.2  24.9  62.8   15:30    SW
28   6.6  10.9    0:05   4.4   20:20  11.7   0.0   0.8  17.5  48.3    0:10     W
29   8.1  10.3   15:10   4.5    1:20  10.2   0.0   2.2  24.6  66.0   14:00    SW
30   6.7   9.3    0:35   2.3   23:05  11.6   0.0  14.8  17.5  57.9   23:30    SW
31   4.7   6.8   14:25   2.6    6:30  13.6   0.0   1.0  11.6  67.6    5:15    SW
-------------------------------------------------------------------------------------
     2.5  12.2    25   -10.8    21   490.8   0.0  77.6  11.7  67.6    31      SW

Max >=  32.0:  0
Max <=   0.0:  4
Min <=   0.0: 12
Min <= -18.0:  0
Max Rain: 15.01 ON 08.01.16
Days of Rain: 24 (> .2 mm) 11 (> 2 mm) 0 (> 20 mm)
Heat Base:  18.3  Cool Base:  18.3  Method: Integration