Home  Year:  2020  2019  2018  2017  2016  2015  2014  2013  2012  2011  2010  Month:  Jan  Feb  Mar  Apr  May  June  July  Aug  Sept  Oct  Nov  Dec

Monthly Climatological Summary for Weener-Kirchborgum, Germany

                   MONTHLY CLIMATOLOGICAL SUMMARY for NOV. 2015

NAME: DAVIS   CITY: Weener-Kirchborgum   STATE: Germany 
ELEV:     0 m  LAT:  53 11' 30" N  LONG:   7 23' 58" E

                   TEMPERATURE (C), RAIN  (mm), WIND SPEED (km/hr)

                                      HEAT  COOL        AVG
    MEAN                              DEG   DEG         WIND                 DOM
DAY TEMP  HIGH   TIME   LOW    TIME   DAYS  DAYS  RAIN  SPEED HIGH   TIME    DIR
------------------------------------------------------------------------------------
 1   7.3   9.8   13:50   4.2    7:30  11.0   0.0   0.0   2.6  12.9    6:00    SE
 2   7.4   9.1   14:55   6.0    8:05  10.8   0.0   0.2   3.1  19.3   16:55   WSW
 3   6.8  12.3   15:25   2.8    8:20  11.5   0.0   0.2   3.2  12.9    0:20    SE
 4  10.3  16.3   14:25   3.3    8:25   8.0   0.0   0.0   4.8  27.4   22:20     S
 5  13.3  16.6   14:20  11.4    4:35   5.0   0.0   0.0   8.4  27.4   12:50     S
 6  14.5  15.7   13:40  13.7    0:45   3.8   0.0   9.2  10.3  32.2    5:45   SSW
 7  15.9  17.3   18:45  14.6   00:00   2.4   0.0   3.2  13.7  61.2   19:35   SSW
 8  12.6  15.1   23:50   8.7    8:20   5.8   0.0   0.0  10.3  49.9    2:10   WSW
 9  12.8  15.4    2:00  10.6    8:05   5.5   0.0   5.0  13.4  48.3   20:35    SW
10  14.8  16.2   13:45  12.4    0:05   3.5   0.0   1.8  14.0  51.5    4:30   WSW
11  13.2  14.6    0:05  12.0   23:55   5.1   0.0   0.6  12.4  35.4   14:50    SW
12  12.7  15.9   11:55  10.3   19:40   5.7   0.0   0.2   9.7  35.4   12:00    SW
13  10.8  13.5   13:30   5.1   23:35   7.5   0.0   5.0  14.3  59.5   17:05   WSW
14   7.7   9.4   15:05   5.2    0:05  10.6   0.0   3.8  13.0  49.9   12:55   WSW
15  12.7  13.6   16:55   8.8    0:05   5.6   0.0  24.6  22.0  67.6   11:15   WSW
16  11.9  13.1   12:00   9.4   22:15   6.4   0.0   1.2  14.8  49.9    9:25    SW
17  11.7  14.1   22:10   9.7    0:05   6.6   0.0   8.4  12.2  83.7   22:20    SW
18  11.7  13.3    0:05   9.7    8:35   6.6   0.0   7.4  23.3  72.4    4:50    SW
19  10.6  12.3   12:35   8.2   23:45   7.7   0.0   1.4  18.5  69.2   10:40   WSW
20   7.1   9.7   14:25   4.4   22:55  11.2   0.0   1.6   9.8  48.3    0:50   WSW
21   3.8   6.1   12:20   0.4   21:10  14.5   0.0   0.4   7.9  27.4    3:50    SW
22   2.9   5.5   15:20   0.9    4:25  15.3   0.0   2.4  10.1  46.7   17:35     N
23   3.2   6.7   12:55  -1.7    8:00  15.1   0.0   0.0   7.7  32.2   20:45     N
24   3.6   4.8    0:05   2.6    9:55  14.8   0.0   9.8  18.7  53.1   10:35   SSW
25   5.6   7.8   13:10   3.2   21:30  12.8   0.0   1.2   9.5  32.2    1:25     W
26   4.8   9.1   14:55   1.9    7:50  13.5   0.0   1.8   4.8  24.1    1:40     W
27   4.6   6.6   16:15   1.9    3:45  13.7   0.0   0.2  13.2  41.8   22:35   SSW
28   6.2   8.3   13:50   4.7    4:05  12.2   0.0   5.0  18.2  53.1   22:35   SSW
29   8.6  11.2   18:30   6.1   00:00   9.7   0.0  13.4  22.9  80.5   19:35    SW
30   6.9  11.1   21:45   5.4   16:20  11.4   0.0   8.2  18.5  85.3    0:15   WSW
-------------------------------------------------------------------------------------
     9.2  17.3     7    -1.7    23   273.2   0.0 116.3  12.2  85.3    30      SW

Max >=  32.0:  0
Max <=   0.0:  0
Min <=   0.0:  1
Min <= -18.0:  0
Max Rain: 24.61 ON 15.11.15
Days of Rain: 25 (> .2 mm) 13 (> 2 mm) 1 (> 20 mm)
Heat Base:  18.3  Cool Base:  18.3  Method: Integration