Home  Year:  2020  2019  2018  2017  2016  2015  2014  2013  2012  2011  2010  Month:  Jan  Feb  Mar  Apr  May  June  July  Aug  Sept  Oct  Nov  Dec

Monthly Climatological Summary for Weener-Kirchborgum, Germany

                   MONTHLY CLIMATOLOGICAL SUMMARY for OCT. 2015

NAME: DAVIS   CITY: Weener-Kirchborgum   STATE: Germany 
ELEV:     0 m  LAT:  53 11' 30" N  LONG:   7 23' 58" E

                   TEMPERATURE (C), RAIN  (mm), WIND SPEED (km/hr)

                                      HEAT  COOL        AVG
    MEAN                              DEG   DEG         WIND                 DOM
DAY TEMP  HIGH   TIME   LOW    TIME   DAYS  DAYS  RAIN  SPEED HIGH   TIME    DIR
------------------------------------------------------------------------------------
 1  11.2  18.6   15:15   4.5    6:55   7.1   0.0   0.2   0.5  16.1   14:20   ENE
 2   9.6  17.9   16:45   4.6    2:15   8.7   0.0   0.2   0.3  11.3   18:05   ENE
 3  12.2  19.2   15:10   6.3    7:10   6.1   0.0   0.2   1.0  14.5   14:40   ENE
 4  12.4  18.0   15:25   9.7    3:20   5.9   0.0   0.0   3.7  19.3   14:05     S
 5  13.7  18.6   14:15   8.8    8:05   4.6   0.0   0.2   5.3  27.4   13:40   SSW
 6  14.1  15.8   22:35  12.3    8:20   4.3   0.0   4.2   6.9  32.2   10:45     E
 7  16.2  19.1   15:45  14.7   22:25   2.1   0.0   0.0   7.6  24.1   15:20   ESE
 8  14.9  17.3   15:15  13.2   23:30   3.4   0.0   0.8   4.3  20.9   11:05   SSW
 9  13.7  16.9   14:15  12.0   23:15   4.6   0.0   0.4   1.4  17.7   14:20     N
10  10.4  14.2   15:30   4.5   23:55   7.9   0.0   0.2   1.1  20.9   14:25   ENE
11   5.7  11.8   15:05   1.0    8:20  12.7   0.0   0.0   3.1  37.0   13:05     E
12   4.4   8.7   14:55   0.5    8:05  13.8   0.0   0.2   3.2  30.6   12:35     E
13   5.3   9.2   15:10   1.1    7:05  13.0   0.0   0.2   2.4  24.1   11:25   ENE
14   6.5   7.4    6:45   5.8   10:15  11.8   0.0   1.4   2.4  24.1   15:05   ENE
15   7.5   9.2   18:10   5.8    1:15  10.8   0.0   5.8   3.4  24.1   14:55   ENE
16   8.4  10.1   17:15   6.7    0:55   9.9   0.0   9.0   2.1  12.9    5:55   ENE
17   8.8   9.8    0:05   7.9   23:50   9.5   0.0   0.2   1.9  17.7    7:50    NE
18   9.4  11.0   15:50   7.7    0:50   8.9   0.0   3.2   1.9  17.7    6:55   WNW
19  10.7  14.4   15:45   6.2   23:00   7.6   0.0   0.2   2.1  14.5    7:10    NW
20   8.0  13.1   15:15   3.8    6:40  10.3   0.0   0.2   1.0  17.7   17:40     N
21   9.8  12.3   15:55   7.2    8:10   8.5   0.0   0.2   7.2  32.2   13:30   SSW
22  11.7  14.1   14:30  10.7    1:20   6.6   0.0   0.8   9.3  35.4   14:50   SSW
23  11.3  17.0   14:05   7.0    8:55   6.9   0.0   0.0   4.7  25.7   13:35   WSW
24  11.2  12.6   15:00  10.3    5:20   7.2   0.0   0.2   6.1  19.3   14:55     S
25  10.8  14.2   11:10   5.5   23:55   7.5   0.0   0.2   4.7  29.0    3:05   WNW
26   8.1  14.2   14:55   3.9    3:30  10.2   0.0   0.2   4.7  24.1   14:05   ENE
27   7.7   9.2   13:30   5.4   23:15  10.7   0.0   0.2   6.4  25.7   18:00   ESE
28   7.7   8.7   23:00   5.5    0:25  10.6   0.0   0.0   7.6  29.0   15:15   ESE
29  10.4  14.7   14:05   7.6    4:55   7.8   0.0   0.0   2.7  14.5   11:35   SSE
30  10.1  14.4   14:25   5.5    7:30   8.2   0.0   0.2   4.0  19.3   11:00   ESE
31   8.3  12.2   15:25   4.9   23:40  10.0   0.0   0.2   6.3  30.6    9:05   ESE
-------------------------------------------------------------------------------------
    10.0  19.2     3     0.5    12   257.1   0.1  29.0   3.9  37.0    11     ENE

Max >=  32.0:  0
Max <=   0.0:  0
Min <=   0.0:  0
Min <= -18.0:  0
Max Rain: 8.99 ON 16.10.15
Days of Rain: 25 (> .2 mm) 4 (> 2 mm) 0 (> 20 mm)
Heat Base:  18.3  Cool Base:  18.3  Method: Integration