Home  Year:  2020  2019  2018  2017  2016  2015  2014  2013  2012  2011  2010  Month:  Jan  Feb  Mar  Apr  May  June  July  Aug  Sept  Oct  Nov  Dec

Monthly Climatological Summary for Weener-Kirchborgum, Germany

                   MONTHLY CLIMATOLOGICAL SUMMARY for AUG. 2015

NAME: DAVIS   CITY: Weener-Kirchborgum   STATE: Germany 
ELEV:     0 m  LAT:  53 11' 30" N  LONG:   7 23' 58" E

                   TEMPERATURE (C), RAIN  (mm), WIND SPEED (km/hr)

                                      HEAT  COOL        AVG
    MEAN                              DEG   DEG         WIND                 DOM
DAY TEMP  HIGH   TIME   LOW    TIME   DAYS  DAYS  RAIN  SPEED HIGH   TIME    DIR
------------------------------------------------------------------------------------
 1  15.9  24.6   16:20   7.2    6:10   4.1   1.7   0.0   2.3  17.7   18:35     E
 2  18.2  26.2   16:00   9.7    5:35   3.0   2.9   0.0   1.3  17.7   14:15    SW
 3  22.1  32.0   17:00  12.3    5:50   1.7   5.5   0.0   5.8  29.0   14:25    SW
 4  17.7  19.9   13:50  13.2   23:55   1.0   0.3   5.8   4.5  35.4   17:20   WSW
 5  18.4  26.0   17:35  11.3    6:00   2.3   2.5   0.2   5.5  25.7   11:05   SSW
 6  22.2  32.1   16:35  13.6    5:30   1.4   5.2   0.0   5.0  27.4   16:55   SSE
 7  20.8  29.1   16:30  13.8    6:40   1.3   3.7   0.0   1.9  16.1   21:40   ENE
 8  19.2  23.5   14:35  12.7   23:55   0.6   1.5   0.0   6.6  29.0    9:25     N
 9  18.4  26.4   18:10   9.2    4:50   2.7   2.9   0.0   1.3  17.7   15:05   ESE
10  20.0  23.3   14:05  17.2    6:45   0.2   1.9   0.4   0.5  12.9   11:15   WNW
11  19.3  24.1   17:00  14.2    6:20   1.0   2.0   0.0   3.5  20.9   17:45   SSW
12  18.8  23.2   14:50  15.9    6:55   0.8   1.3   0.0   5.3  22.5   17:00     N
13  20.8  26.7   16:55  14.8    6:55   0.9   3.4   0.0   3.5  29.0   14:45   ENE
14  22.1  28.7   16:25  16.8    5:05   0.3   4.0   0.8   4.3  25.7    9:55     E
15  21.1  28.2   12:20  18.2   23:20   0.0   2.7  11.0   3.5  33.8   16:10    NW
16  17.3  18.3    0:05  16.3   22:50   1.0   0.0   3.6   9.5  33.8   17:10   NNW
17  18.5  20.0   17:50  16.4    0:05   0.5   0.6  14.2   3.5  30.6    1:55   NNW
18  16.6  18.7    0:05  14.1   23:45   1.8   0.0   4.0   6.8  25.7   13:35   SSW
19  17.8  23.2   15:20  12.4    7:05   2.1   1.6   0.0   3.1  16.1   13:15   SSW
20  18.7  25.0   16:55  12.4    5:35   2.0   2.5   0.0   1.0  14.5   17:10   ESE
21  19.9  27.3   16:15  13.3    7:00   1.6   3.2   0.0   2.9  22.5   11:45   ESE
22  19.8  27.0   15:40  12.9    6:45   1.7   3.2   0.0   2.7  29.0   13:20     E
23  18.8  25.2   15:15  12.0    6:50   2.0   2.5   0.0   6.3  45.1   12:00     E
24  18.7  24.4   15:10  14.7    1:55   1.4   1.8   4.4   6.6  59.5   20:40     E
25  18.2  22.4   16:30  15.3   22:30   1.1   0.9   3.6  13.0  49.9   16:05    SW
26  19.9  25.5   17:15  14.6    1:30   1.0   2.7   2.8  14.5  45.1   13:15     S
27  17.0  18.8    0:05  14.7   23:35   1.3   0.0   2.8  10.1  37.0   14:40   SSW
28  17.0  22.8   15:40  13.0   00:00   2.3   1.0   0.0   7.7  33.8   16:20    SW
29  17.6  24.8   14:10  10.9    6:30   2.8   2.1   0.0   4.2  25.7   13:25   WSW
30  18.3  24.1   15:35  13.3    2:00   1.7   1.8   2.2   2.1  20.9   15:30    NE
31  21.0  27.7   15:55  17.1    0:30   0.3   3.0  11.4   2.9  38.6   20:00     E
-------------------------------------------------------------------------------------
    19.0  32.1     6     7.2     1    45.7  68.5  67.2   4.9  59.5    24     SSW

Max >=  32.0:  2
Max <=   0.0:  0
Min <=   0.0:  0
Min <= -18.0:  0
Max Rain: 14.20 ON 17.08.15
Days of Rain: 14 (> .2 mm) 11 (> 2 mm) 0 (> 20 mm)
Heat Base:  18.3  Cool Base:  18.3  Method: Integration