Home  Year:  2020  2019  2018  2017  2016  2015  2014  2013  2012  2011  2010  Month:  Jan  Feb  Mar  Apr  May  June  July  Aug  Sept  Oct  Nov  Dec

Monthly Climatological Summary for Weener-Kirchborgum, Germany

                   MONTHLY CLIMATOLOGICAL SUMMARY for MAY. 2015

NAME: DAVIS   CITY: Weener-Kirchborgum   STATE: Germany 
ELEV:     0 m  LAT:  53 11' 30" N  LONG:   7 23' 58" E

                   TEMPERATURE (C), RAIN  (mm), WIND SPEED (km/hr)

                                      HEAT  COOL        AVG
    MEAN                              DEG   DEG         WIND                 DOM
DAY TEMP  HIGH   TIME   LOW    TIME   DAYS  DAYS  RAIN  SPEED HIGH   TIME    DIR
------------------------------------------------------------------------------------
 1   8.6  15.2   15:50   3.7   00:00   9.8   0.0   0.2   7.9  35.4   11:20   NNW
 2   8.4  15.3   15:25   1.4    6:25   9.9   0.0   0.0   4.5  20.9   18:30   NNW
 3  11.5  18.6   14:55   3.6    3:35   6.8   0.0   3.2  10.9  38.6   13:20   ENE
 4  15.3  21.0   16:30  10.1    6:10   3.4   0.4   0.2   9.0  35.4    9:45    SW
 5  15.8  24.7   13:05  10.1   23:30   3.4   0.9  10.6  13.8  59.5   14:00   SSW
 6  12.6  17.7   14:10   8.5    3:30   5.7   0.0   2.6  13.8  57.9   15:05   SSW
 7  12.0  17.2   15:55   7.1   00:00   6.3   0.0   4.2  13.4  48.3    0:40    SW
 8  12.0  18.3   16:05   5.7    5:10   6.3   0.0   0.0   3.5  20.9   12:25    NW
 9  13.2  17.8   14:30   9.9   23:35   5.1   0.0   2.0  10.9  57.9   20:00   WSW
10  13.0  18.8   17:25   8.5    5:15   5.3   0.0   0.2  10.1  48.3    0:05     W
11  17.8  26.8   16:35  10.1    4:15   3.0   2.5   0.0   8.2  40.2   14:00     S
12  14.2  19.3   13:55   8.9   23:55   4.2   0.0   0.6   8.0  46.7   14:40   WNW
13  12.4  17.8   13:40   8.4    4:15   5.8   0.0   0.0   9.8  41.8   14:30   WSW
14  10.7  15.7   16:05   6.7   00:00   7.7   0.0   0.0   6.1  24.1   16:40    NW
15   8.7  14.9   15:40   2.5    5:50   9.6   0.0   0.0   4.8  27.4   14:50   NNE
16   8.5  13.7   17:55   3.3    1:50   9.8   0.0   0.8  10.5  48.3   18:35     W
17  11.1  16.8   15:55   4.9    2:00   7.2   0.0   0.0  10.6  48.3   16:00     W
18  11.0  14.4   15:35   7.6    1:35   7.3   0.0   2.6   9.8  38.6   11:55   SSW
19  10.6  14.9   13:00   6.9   00:00   7.7   0.0   3.0  11.7  51.5   13:45    SW
20  10.6  17.3   12:25   5.9    5:40   7.8   0.0   1.0   7.9  40.2   12:50   SSW
21  11.8  18.8   16:50   5.7    1:05   6.5   0.0   0.6   6.1  29.0    9:30    NW
22  14.7  21.9   14:10   7.4    5:10   4.3   0.7   0.2   5.1  29.0   15:15    NW
23  12.4  16.1   14:45   9.1   22:15   5.8   0.0   0.4   6.9  29.0   15:50   NNW
24  14.2  21.2   18:05   8.6    4:30   4.6   0.5   0.0   3.2  33.8   16:25    NW
25  12.9  17.2   13:20  10.0   23:55   5.4   0.0   0.6   6.3  27.4   11:15   WNW
26  10.9  15.3   13:00   6.7    5:25   7.4   0.0   0.8   8.2  41.8   11:30    NW
27  13.1  17.2   13:50   8.7    3:30   5.2   0.0   0.0   6.8  24.1    7:20     W
28  12.7  16.4   11:35   6.7   23:55   5.6   0.0   1.0  10.8  48.3   17:10   WNW
29  11.6  18.4   15:20   6.1    3:20   6.7   0.0   0.2  10.5  43.5   21:00   SSW
30  10.9  15.8   17:25   6.9   00:00   7.4   0.0   1.8   9.2  46.7   16:50     W
31  12.3  18.1   15:05   6.3    1:05   6.0   0.0   3.8  11.9  51.5   17:10     S
-------------------------------------------------------------------------------------
    12.1  26.8    11     1.4     2   197.0   5.1  40.6   8.7  59.5     5       W

Max >=  32.0:  0
Max <=   0.0:  0
Min <=   0.0:  0
Min <= -18.0:  0
Max Rain: 10.59 ON 05.05.15
Days of Rain: 22 (> .2 mm) 8 (> 2 mm) 0 (> 20 mm)
Heat Base:  18.3  Cool Base:  18.3  Method: Integration