Home  Year:  2020  2019  2018  2017  2016  2015  2014  2013  2012  2011  2010  Month:  Jan  Feb  Mar  Apr  May  June  July  Aug  Sept  Oct  Nov  Dec

Monthly Climatological Summary for Weener-Kirchborgum, Germany

                   MONTHLY CLIMATOLOGICAL SUMMARY for JAN. 2015

NAME: DAVIS   CITY: Weener-Kirchborgum   STATE: Germany 
ELEV:     0 m  LAT:  53 11' 30" N  LONG:   7 23' 58" E

                   TEMPERATURE (C), RAIN  (mm), WIND SPEED (km/hr)

                                      HEAT  COOL        AVG
    MEAN                              DEG   DEG         WIND                 DOM
DAY TEMP  HIGH   TIME   LOW    TIME   DAYS  DAYS  RAIN  SPEED HIGH   TIME    DIR
------------------------------------------------------------------------------------
 1   3.6   4.9   21:55   2.1    9:25  14.8   0.0   0.0  17.4  54.7   22:45    SW
 2   6.6   8.8    9:05   4.5    1:45  11.7   0.0   3.2  29.3  67.6   15:05     W
 3   4.7   6.2   13:30   3.6   22:00  13.6   0.0   0.6  15.3  41.8    0:55   WSW
 4   4.2   7.3   14:10   2.0   20:05  14.2   0.0   1.6  14.0  49.9    9:45     W
 5   3.1   5.1   14:55   0.8    5:30  15.2   0.0   0.0   9.0  27.4   17:15    SW
 6   3.9   5.7   13:35   2.8   19:45  14.4   0.0   1.2   8.4  27.4   23:50   SSW
 7   4.7   6.9   14:30   2.2    8:45  13.6   0.0   0.2  12.1  43.5   23:15   SSW
 8   5.7   7.8   14:25   4.0    3:00  12.6   0.0  10.4  17.1  46.7    0:25    SW
 9   7.8  10.7   12:00   5.0    0:05  10.4   0.0   3.4  28.0  91.7   11:45    SW
10   9.6  12.4    7:35   4.7   00:00   8.8   0.0   3.2  32.5  85.3   13:15   WSW
11   5.4   7.2   14:05   3.6    8:20  12.9   0.0   3.0  29.0  77.2   11:55     W
12   8.1   9.4   21:25   6.8    0:05  10.2   0.0   5.2  22.9  59.5   10:40    SW
13   7.8   9.7    7:50   5.7   18:35  10.5   0.0  18.0  15.0  46.7    5:55    SW
14   3.6   6.0    0:05   1.5   15:30  14.8   0.0   7.6  14.5  51.5    8:25    SW
15   6.8   9.1   12:10   2.9    0:05  11.5   0.0   7.0  21.4  67.6   11:45    SW
16   5.6   7.4   14:05   3.1   21:15  12.7   0.0   0.0  16.4  56.3    6:35    SW
17   2.8   5.7   14:00   0.4    8:10  15.5   0.0   0.2  10.5  35.4   23:30    SW
18   2.4   3.1   10:40   1.2   23:55  15.9   0.0   2.0  10.3  35.4    2:40   SSW
19   1.6   2.8   15:00   0.7    8:20  16.7   0.0   2.6   1.4   9.7   16:45     S
20   1.3   3.7   13:40  -0.2   00:00  17.0   0.0   0.0   3.2  20.9   13:40   WSW
21  -0.8   1.7   14:50  -3.1    7:15  19.1   0.0   0.0   7.1  25.7   23:25   ESE
22  -0.3   2.4   13:15  -2.2    6:10  18.6   0.0   0.0   9.2  25.7    0:25   ENE
23  -2.1  -0.7   23:40  -3.3    1:40  20.4   0.0   0.2   6.3  38.6   00:00    NE
24   0.8   3.8   14:10  -1.1    3:00  17.5   0.0   3.0  12.4  40.2    0:05   WNW
25   2.6   5.0   13:30  -0.4    0:40  15.7   0.0   2.0   6.9  24.1    5:25     W
26   4.0   6.5   16:10   2.8    0:05  14.3   0.0   3.4  13.2  40.2   23:55   SSW
27   4.3   7.5   12:45   2.4    8:15  14.0   0.0   0.4  12.2  45.1    5:00   WNW
28   4.6   6.2   13:55   2.7   21:40  13.7   0.0   8.0  18.5  67.6   17:55   SSW
29   2.3   3.4    0:05   1.2    8:10  16.0   0.0   3.4  16.6  70.8    0:35    SW
30   1.2   2.9   15:25   0.6    8:55  17.1   0.0   4.0   4.3  27.4   22:05     S
31   2.3   5.4   15:10   0.8    5:35  16.0   0.0   1.6   6.9  25.7   16:05    SW
-------------------------------------------------------------------------------------
     3.8  12.4    10    -3.3    23   449.3   0.0  95.4  14.2  91.7     9      SW

Max >=  32.0:  0
Max <=   0.0:  1
Min <=   0.0:  6
Min <= -18.0:  0
Max Rain: 18.01 ON 13.01.15
Days of Rain: 25 (> .2 mm) 17 (> 2 mm) 0 (> 20 mm)
Heat Base:  18.3  Cool Base:  18.3  Method: Integration